MONTHLY CLIMATOLOGICAL SUMMARY for September 2023 CITY: Mannheim-Seckenheim ELEV: 96 m LAT: 49° 28' 7" LONG: 8° 33' 26" TEMPERATURE (°C), BAROMETER (hPa), RAIN (l/m²), WIND SPEED (km/h) MEAN TEMPERATURE WIND DOM DAY TEMP HIGH TIME LOW TIME HUM Baro Rain SPEED HIGH TIME DIR -------------------------------------------------------------------------------------------------------------- 1 18.1 22.3 17:20 14.3 00:25 91 1013.3 8.0 4.2 17.7 14:15 SW 2 20.0 27.4 16:05 14.3 05:40 83 1018.2 0.2 2.3 11.3 15:40 N-NW 3 20.3 26.2 16:05 16.1 05:45 82 1024.0 0.0 3.5 14.5 13:05 N-NW 4 21.4 29.0 16:35 13.1 06:45 66 1023.3 0.0 3.6 16.1 12:55 O-SO 5 23.1 29.9 16:50 16.3 05:45 59 1019.1 0.0 4.0 16.1 01:00 O 6 21.6 30.4 16:45 13.4 07:10 66 1018.2 0.0 1.6 12.9 12:15 NO 7 22.3 31.0 16:25 14.4 06:55 68 1017.2 0.0 1.8 12.9 15:15 NO 8 21.8 30.4 16:55 14.5 06:50 73 1016.1 0.0 1.0 8.0 10:35 SO 9 21.8 30.7 16:45 15.1 06:55 76 1015.5 0.0 1.1 11.3 15:40 SO 10 22.1 30.9 16:00 15.2 06:40 75 1015.8 0.0 0.9 9.7 13:00 O 11 22.0 31.0 16:00 14.7 06:55 75 1012.5 0.0 0.9 9.7 16:00 O 12 23.3 31.0 16:35 17.2 03:55 75 1009.7 0.0 2.4 14.5 19:50 N 13 20.7 23.8 16:55 17.4 06:55 81 1014.6 0.4 2.3 17.7 21:20 N-NW 14 17.5 22.9 15:40 12.3 06:55 72 1019.9 0.0 4.6 16.1 00:00 N 15 18.0 26.7 16:10 10.6 07:15 77 1016.0 0.0 1.7 12.9 15:55 N-NO 16 21.3 28.3 15:40 14.2 07:10 76 1012.4 0.0 1.2 11.3 13:30 NO 17 23.6 29.7 17:35 18.1 03:10 74 1011.5 0.2 4.0 14.5 10:30 S-SO 18 21.1 24.7 17:00 16.7 22:55 80 1007.7 3.0 6.6 27.4 19:45 S-SO 19 18.6 23.4 16:05 15.1 07:35 76 1012.6 0.2 6.8 24.1 16:20 SW 20 19.8 26.2 16:45 15.7 06:25 70 1010.1 0.0 5.3 24.1 15:45 S-SO 21 19.5 25.8 16:20 15.4 03:40 77 1000.8 7.2 3.2 29.0 20:25 S-SO 22 16.1 21.1 16:50 12.1 23:50 85 1003.4 5.8 5.4 32.2 18:45 S-SO 23 14.1 19.8 15:25 9.6 07:00 81 1015.2 0.2 3.9 16.1 13:30 SW 24 13.9 20.9 16:15 8.0 07:35 79 1024.3 0.0 2.1 14.5 15:25 O 25 14.4 22.8 16:20 7.4 07:00 78 1022.2 0.2 1.8 16.1 15:10 O-SO 26 15.6 24.7 16:15 9.0 07:35 83 1020.2 0.0 0.9 11.3 13:20 O-SO 27 17.0 26.0 16:45 11.4 07:05 82 1018.2 0.2 1.3 14.5 11:15 SO 28 19.5 26.7 17:05 13.8 01:10 76 1016.4 0.0 2.4 11.3 14:45 SO 29 20.0 27.2 14:05 15.4 01:55 76 1017.8 0.0 7.7 24.1 21:25 W-SW 30 17.0 21.2 15:35 11.9 23:55 78 1024.6 0.0 2.6 16.1 00:10 N-NW -------------------------------------------------------------------------------------------------------------- Avg: 19.5 31.0 7 7.4 25 76 1015.7 25.6 3.0 32.2 22 S-SO Distribution WD Values 1684 Distribution WD N-NO 3.563% Distribution WD NO 4.513% Distribution WD NO-O 3.147% Distribution WD O 6.057% Distribution WD O-SO 5.879% Distribution WD SO 9.145% Distribution WD SO-S 15.024% Distribution WD S 4.335% Distribution WD S-SW 3.919% Distribution WD SW 14.905% Distribution WD SW-W 7.779% Distribution WD W 1.425% Distribution WD W-NW 0.238% Distribution WD NW 0.119% Distribution WD NW-N 10.748% Distribution WD N 9.204% Rain days >0.0 l/m² Month 11 Rain days >2.0 l/m² Month 4 Rain days >20.0 l/m² Month 0 Ice days max < 0°C 0 Cold days min <= 0°C 0 Cool days max < 10°C 0 Summer days max >=25°C 19 Hot days max >=30°C 7 Last year same Month: Ice days max < 0°C 0 Last year same Month: Cold days min <= 0°C 0 Last year same Month: Cool days max < 10°C 0 Last year same Month: Summer days max >=25°C 7 Last year same Month: Hot days max >=30°C 2 © 1999-2022 Werner Krenn - Wetterstation Bedien- und Auswertesoftware - V2.99.9.0