MONTHLY CLIMATOLOGICAL SUMMARY for August 2023 CITY: Mannheim-Seckenheim ELEV: 96 m LAT: 49° 28' 7" LONG: 8° 33' 26" TEMPERATURE (°C), BAROMETER (hPa), RAIN (l/m²), WIND SPEED (km/h) MEAN TEMPERATURE WIND DOM DAY TEMP HIGH TIME LOW TIME HUM Baro Rain SPEED HIGH TIME DIR -------------------------------------------------------------------------------------------------------------- 1 18.9 24.3 16:30 15.8 22:15 84 1002.4 15.6 9.0 25.7 13:05 W-SW 2 17.9 22.2 16:25 15.3 03:05 90 998.8 7.2 7.5 27.4 15:25 S-SO 3 19.3 22.4 17:45 16.7 23:15 74 1003.0 0.0 14.4 32.2 14:35 SW 4 17.9 22.4 15:55 15.7 09:20 85 1011.0 1.0 4.9 17.7 14:05 N-NW 5 18.5 24.7 17:35 12.9 06:15 79 1011.8 1.6 2.9 14.5 14:25 SW 6 15.8 17.7 11:40 13.7 23:25 87 1007.1 4.8 11.5 29.0 13:30 W-SW 7 15.3 21.3 17:55 12.4 06:30 79 1015.2 7.0 7.6 24.1 05:15 W-SW 8 17.6 23.7 15:10 11.8 04:40 70 1015.1 1.0 6.5 25.7 15:40 SW 9 18.2 22.0 15:10 14.7 23:55 84 1014.8 0.4 2.3 16.1 10:25 N 10 19.0 26.8 17:40 11.9 05:25 71 1019.2 0.0 1.9 11.3 12:50 N-NO 11 22.0 30.7 16:25 13.2 05:50 70 1019.1 0.0 2.3 12.9 13:25 S-SO 12 22.5 26.9 12:10 20.1 02:25 84 1016.1 16.8 1.5 14.5 13:30 S-SO 13 22.7 27.8 16:50 18.8 03:50 79 1016.1 0.0 2.0 9.7 10:40 S-SW 14 24.4 30.8 14:25 18.8 06:00 79 1013.2 0.0 2.0 16.1 13:05 SW 15 23.5 28.7 13:05 19.8 23:55 83 1014.6 0.0 4.2 16.1 16:30 N-NW 16 23.2 30.7 16:40 18.3 04:20 82 1016.2 0.2 3.9 25.7 18:55 N 17 22.3 28.1 18:10 17.5 07:05 85 1015.3 0.0 3.9 12.9 14:10 N-NW 18 25.4 33.3 17:05 18.5 06:45 71 1013.3 0.0 2.1 12.9 13:35 SO 19 26.1 31.2 14:00 20.6 06:20 72 1014.3 0.0 2.4 11.3 09:35 SW 20 26.5 33.2 16:15 20.4 06:25 71 1018.4 0.0 3.2 12.9 15:40 N-NW 21 26.7 33.7 16:25 20.4 06:30 70 1019.0 0.0 2.0 12.9 13:45 NW 22 26.0 32.2 15:35 20.1 06:50 68 1017.3 0.0 4.3 14.5 14:05 N-NW 23 24.1 30.3 17:10 18.7 05:05 68 1017.4 0.0 3.6 12.9 13:00 N 24 23.2 31.8 15:35 18.3 05:00 76 1013.1 4.6 4.9 22.5 17:20 N 25 22.8 27.7 17:15 19.7 08:15 86 1009.0 16.6 6.0 22.5 13:20 S-SO 26 19.9 22.5 00:00 17.5 23:00 81 1010.7 17.8 3.0 16.1 20:20 S 27 18.7 21.7 13:00 15.6 23:55 83 1009.3 0.6 2.6 12.9 12:05 SW 28 16.1 19.4 15:30 13.1 06:40 82 1010.2 0.0 3.4 14.5 14:05 N-NW 29 17.0 20.4 13:30 15.1 08:05 80 1009.1 0.0 3.1 14.5 14:45 N 30 17.5 23.5 16:40 13.7 23:20 80 1007.4 5.8 5.4 22.5 20:15 SW 31 15.9 21.1 17:00 11.9 05:55 83 1011.6 5.2 4.5 22.5 12:55 SW -------------------------------------------------------------------------------------------------------------- Avg: 20.8 33.7 21 11.8 8 79 1012.5 106.2 4.5 32.2 3 SW Distribution WD Values 2796 Distribution WD N-NO 6.009% Distribution WD NO 1.502% Distribution WD NO-O 1.216% Distribution WD O 1.180% Distribution WD O-SO 2.289% Distribution WD SO 4.435% Distribution WD SO-S 6.545% Distribution WD S 3.934% Distribution WD S-SW 4.649% Distribution WD SW 20.601% Distribution WD SW-W 17.489% Distribution WD W 2.790% Distribution WD W-NW 0.930% Distribution WD NW 2.110% Distribution WD NW-N 11.731% Distribution WD N 12.589% Rain days >0.0 l/m² Month 16 Rain days >2.0 l/m² Month 10 Rain days >20.0 l/m² Month 0 Ice days max < 0°C 0 Cold days min <= 0°C 0 Cool days max < 10°C 0 Summer days max >=25°C 16 Hot days max >=30°C 10 Last year same Month: Ice days max < 0°C 0 Last year same Month: Cold days min <= 0°C 0 Last year same Month: Cool days max < 10°C 0 Last year same Month: Summer days max >=25°C 30 Last year same Month: Hot days max >=30°C 20 © 1999-2022 Werner Krenn - Wetterstation Bedien- und Auswertesoftware - V2.99.9.0