MONTHLY CLIMATOLOGICAL SUMMARY for Juli 2023 CITY: Mannheim-Seckenheim ELEV: 96 m LAT: 49° 28' 7" LONG: 8° 33' 26" TEMPERATURE (°C), BAROMETER (hPa), RAIN (l/m²), WIND SPEED (km/h) MEAN TEMPERATURE WIND DOM DAY TEMP HIGH TIME LOW TIME HUM Baro Rain SPEED HIGH TIME DIR -------------------------------------------------------------------------------------------------------------- 1 19.0 22.6 11:05 14.7 05:20 74 1008.0 0.4 7.6 24.1 12:20 SW 2 20.7 26.2 16:30 15.1 06:05 60 1010.1 0.2 9.9 25.7 10:10 W-SW 3 19.5 24.4 16:25 16.1 02:35 64 1012.1 0.0 6.8 22.5 15:20 W-SW 4 21.5 27.9 17:50 14.3 05:40 62 1012.5 0.0 5.9 19.3 13:10 W-SW 5 20.0 24.2 15:55 15.9 23:45 63 1012.1 2.6 10.7 29.0 09:50 SW 6 20.0 27.3 18:05 12.4 05:20 57 1016.4 0.0 2.8 14.5 17:20 N-NW 7 23.6 33.0 17:20 13.3 05:20 49 1016.8 0.0 3.2 16.1 14:35 O 8 26.3 34.8 17:25 17.8 05:55 49 1015.4 0.0 4.6 25.7 20:15 SW 9 28.2 37.6 15:40 18.6 05:50 54 1016.5 0.0 3.7 17.7 16:15 O 10 26.9 33.1 14:40 21.8 06:15 57 1017.4 0.0 5.8 20.9 14:25 SW 11 27.2 36.3 16:50 18.1 05:50 55 1012.1 0.8 4.4 17.7 14:25 SW 12 24.5 29.9 16:05 20.6 04:40 67 1010.3 6.6 10.1 22.5 00:35 SW 13 21.8 27.2 17:30 16.0 06:00 53 1015.7 0.0 5.6 20.9 14:35 W-SW 14 23.3 30.7 17:05 15.3 05:30 53 1013.4 0.0 4.1 17.7 16:25 O-SO 15 24.8 31.7 15:05 19.7 05:10 61 1008.0 5.6 3.3 17.7 16:35 N-NW 16 21.9 27.4 16:40 17.3 06:00 69 1014.6 2.8 7.9 20.9 12:30 SW 17 22.5 28.9 15:25 16.4 06:05 57 1017.4 0.0 7.2 24.1 13:45 W-SW 18 23.0 30.3 17:15 15.1 05:50 54 1016.7 0.0 2.8 12.9 15:05 NO 19 24.4 31.2 16:50 18.4 06:20 59 1011.0 0.0 7.6 33.8 17:00 SW 20 22.0 26.8 16:55 16.6 05:50 54 1012.2 0.0 4.5 16.1 00:05 SW 21 20.2 23.6 12:40 16.9 06:45 64 1010.2 1.0 3.6 16.1 13:40 W-SW 22 21.0 27.8 16:10 15.8 05:20 62 1013.1 0.6 4.9 24.1 17:40 SW 23 22.7 27.8 16:20 16.4 05:50 56 1009.8 0.0 8.7 25.7 11:40 SW 24 21.4 26.8 15:50 17.2 23:35 71 1004.5 2.0 6.4 25.7 14:45 SW 25 17.4 19.8 11:00 15.3 23:50 86 1004.5 9.0 4.3 30.6 11:20 N-NW 26 16.0 20.2 13:00 13.4 06:20 85 1012.6 9.0 2.7 20.9 13:40 SW 27 16.8 19.6 18:50 14.9 00:30 90 1009.6 12.0 4.1 14.5 14:25 S-SO 28 19.3 24.2 12:35 17.5 01:00 94 1008.7 11.2 3.2 16.1 11:10 SW 29 22.0 28.1 15:20 18.2 00:40 81 1008.5 1.6 7.4 25.7 14:50 SW 30 20.6 23.9 17:30 18.2 22:50 75 1012.3 2.0 8.1 30.6 12:50 W-SW 31 19.9 24.6 15:25 17.7 05:55 73 1011.1 3.8 6.7 24.1 14:10 SW -------------------------------------------------------------------------------------------------------------- Avg: 21.9 37.6 9 12.4 6 65 1012.0 71.2 5.8 33.8 19 SW Distribution WD Values 3300 Distribution WD N-NO 0.939% Distribution WD NO 1.212% Distribution WD NO-O 1.000% Distribution WD O 2.030% Distribution WD O-SO 2.455% Distribution WD SO 4.182% Distribution WD SO-S 10.667% Distribution WD S 3.545% Distribution WD S-SW 5.455% Distribution WD SW 32.758% Distribution WD SW-W 24.121% Distribution WD W 3.242% Distribution WD W-NW 0.909% Distribution WD NW 0.939% Distribution WD NW-N 4.303% Distribution WD N 2.242% Rain days >0.0 l/m² Month 17 Rain days >2.0 l/m² Month 9 Rain days >20.0 l/m² Month 0 Ice days max < 0°C 0 Cold days min <= 0°C 0 Cool days max < 10°C 0 Summer days max >=25°C 21 Hot days max >=30°C 9 Last year same Month: Ice days max < 0°C 0 Last year same Month: Cold days min <= 0°C 0 Last year same Month: Cool days max < 10°C 0 Last year same Month: Summer days max >=25°C 27 Last year same Month: Hot days max >=30°C 14 © 1999-2022 Werner Krenn - Wetterstation Bedien- und Auswertesoftware - V2.99.9.0