MONTHLY CLIMATOLOGICAL SUMMARY for Februar 2023 CITY: Mannheim-Seckenheim ELEV: 96 m LAT: 49° 28' 7" LONG: 8° 33' 26" TEMPERATURE (°C), BAROMETER (hPa), RAIN (l/m²), WIND SPEED (km/h) MEAN TEMPERATURE WIND DOM DAY TEMP HIGH TIME LOW TIME HUM Baro Rain SPEED HIGH TIME DIR -------------------------------------------------------------------------------------------------------------- 1 6.8 7.8 16:35 5.4 00:05 82 1021.8 0.4 12.2 24.1 15:00 SW 2 8.4 9.9 15:10 7.6 01:10 79 1024.6 0.0 14.7 29.0 10:40 W-SW 3 8.7 9.7 16:00 7.6 00:00 85 1027.4 0.2 13.4 30.6 15:40 W-SW 4 7.8 10.1 13:20 4.3 23:55 78 1033.8 0.0 3.0 14.5 00:30 N-NW 5 3.9 5.2 15:00 1.6 02:25 92 1035.1 7.2 1.5 14.5 20:20 N-NO 6 3.0 6.2 16:00 0.3 06:20 85 1037.5 0.0 3.3 17.7 21:10 NO 7 1.3 5.4 15:30 -2.3 08:30 68 1037.8 0.0 2.3 17.7 03:15 NO 8 0.3 6.4 15:30 -5.0 07:40 66 1036.1 0.0 1.3 14.5 22:10 O-SO 9 -0.7 4.0 15:25 -5.0 08:15 75 1033.5 0.0 0.9 12.9 13:00 S-SW 10 0.9 6.2 14:50 -3.1 06:15 80 1037.7 0.0 1.6 11.3 10:35 S 11 4.1 8.2 14:40 0.5 01:00 83 1036.2 0.0 1.7 9.7 03:45 SO 12 6.3 10.9 15:35 3.4 22:50 87 1037.0 0.0 0.2 6.4 13:20 N 13 4.2 11.7 15:15 -1.1 08:10 88 1036.2 0.2 0.8 9.7 11:45 S 14 0.9 3.4 15:40 -2.0 06:45 95 1034.5 0.0 0.2 4.8 16:15 N 15 1.3 3.6 15:40 -1.2 23:45 94 1029.3 0.2 0.9 9.7 11:35 S 16 5.1 12.9 15:15 -1.5 00:45 85 1026.3 0.6 2.2 12.9 13:15 S 17 11.3 13.3 14:20 9.6 00:00 85 1023.6 0.0 7.4 22.5 11:15 SW 18 12.3 13.9 11:10 10.7 23:30 80 1022.5 0.0 11.0 32.2 18:15 W-SW 19 10.7 13.0 12:05 8.7 08:10 81 1023.2 0.8 10.7 25.7 13:30 W-SW 20 9.5 15.3 14:55 4.5 08:05 78 1024.4 0.0 4.7 22.5 12:15 SW 21 8.7 15.9 15:40 4.6 07:50 78 1018.4 0.0 1.8 12.9 12:35 S-SO 22 8.2 14.6 15:15 2.2 06:50 81 1013.0 0.0 1.4 11.3 09:45 S-SO 23 11.0 13.9 13:55 9.2 07:20 86 1012.5 1.0 2.1 11.3 23:50 W-SW 24 8.8 12.7 15:50 5.9 23:45 79 1006.9 1.2 4.8 22.5 20:10 N-NW 25 4.7 7.6 14:00 0.6 23:50 75 1007.4 0.2 9.0 27.4 14:50 N-NW 26 1.1 4.9 15:50 -2.7 07:40 68 1017.8 0.0 11.4 29.0 13:30 N-NO 27 1.8 5.3 14:45 -2.3 06:55 61 1024.6 0.0 11.9 27.4 15:40 NO 28 2.0 6.1 14:00 -1.6 05:25 66 1026.0 0.0 9.6 20.9 11:45 NO -------------------------------------------------------------------------------------------------------------- Avg: 5.4 15.9 21 -5.0 8 80 1026.6 12.0 5.2 32.2 18 W-SW Distribution WD Values 2656 Distribution WD N-NO 12.236% Distribution WD NO 11.973% Distribution WD NO-O 5.459% Distribution WD O 1.092% Distribution WD O-SO 0.527% Distribution WD SO 1.205% Distribution WD SO-S 2.523% Distribution WD S 3.276% Distribution WD S-SW 2.146% Distribution WD SW 22.515% Distribution WD SW-W 25.452% Distribution WD W 1.657% Distribution WD W-NW 0.377% Distribution WD NW 0.904% Distribution WD NW-N 6.175% Distribution WD N 2.485% Rain days >0.0 l/m² Month 10 Rain days >2.0 l/m² Month 1 Rain days >20.0 l/m² Month 0 Ice days max < 0°C 0 Cold days min <= 0°C 11 Cool days max < 10°C 16 Summer days max >=25°C 0 Hot days max >=30°C 0 Last year same Month: Ice days max < 0°C 0 Last year same Month: Cold days min <= 0°C 3 Last year same Month: Cool days max < 10°C 14 Last year same Month: Summer days max >=25°C 0 Last year same Month: Hot days max >=30°C 0 © 1999-2022 Werner Krenn - Wetterstation Bedien- und Auswertesoftware - V2.99.9.0