MONTHLY CLIMATOLOGICAL SUMMARY for August     2022

CITY: Mannheim-Seckenheim    ELEV: 96 m  LAT: 49 28' 7"   LONG: 8 33' 26" 

    TEMPERATURE (C), BAROMETER (hPa), RAIN  (l/m), WIND SPEED (km/h)

        MEAN            TEMPERATURE                                              WIND                   DOM
 DAY    TEMP    HIGH   TIME     LOW   TIME     HUM       Baro      Rain    SPEED      HIGH   TIME       DIR
--------------------------------------------------------------------------------------------------------------
   1    24.8    29.7  15:05    19.8  06:00      60     1014.8       0.0      4.8      14.5  01:55      N-NW
   2    24.7    31.9  17:10    18.4  04:55      57     1015.8       0.0      3.7      16.1  14:55      N-NW
   3    26.9    36.1  17:30    17.3  06:00      51     1013.2       0.0      2.6      14.5  14:20        SW
   4    29.9    38.6  17:05    20.5  06:05      48     1010.2       0.0      2.9      12.9  11:25        SW
   5    25.9    29.9  00:00    20.4  23:55      61     1013.7       0.4     10.9      29.0  19:30      N-NW
   6    21.4    27.5  16:45    15.2  06:25      50     1022.1       0.0      9.8      24.1  14:40      N-NO
   7    22.3    29.4  16:50    14.4  06:30      44     1019.9       0.0      5.8      19.3  12:30      N-NO
   8    23.5    31.9  16:25    14.4  06:00      42     1019.5       0.0      3.7      19.3  13:40      N-NO
   9    25.0    32.6  15:45    16.0  06:20      42     1021.1       0.0      4.5      19.3  15:45      N-NO
  10    25.7    32.3  16:50    18.3  06:40      38     1020.6       0.0      7.1      24.1  14:10      O-NO
  11    25.9    32.4  16:00    18.8  06:35      38     1017.8       0.0      6.1      29.0  13:55      O-NO
  12    25.4    31.9  16:35    18.2  06:35      39     1015.2       0.0      5.9      22.5  17:10         O
  13    25.3    32.5  16:55    16.7  06:45      42     1013.1       0.0      4.1      20.9  12:25      O-NO
  14    26.1    34.1  16:50    17.5  06:40      49     1006.3       0.0      2.7      17.7  13:35         O
  15    23.4    27.9  15:55    19.9  23:45      66     1004.5       1.2      6.4      24.1  16:40      S-SO
  16    23.5    30.8  17:55    17.2  06:00      66     1007.6       0.0      2.8      14.5  14:30      S-SW
  17    19.2    22.2  00:00    18.2  04:10      76     1007.7       0.0      0.0       0.0  00:00         N
--------------------------------------------------------------------------------------------------------------
Avg:    24.6    38.6      4    14.4      7      51     1014.3       1.6      4.9      29.0      5      N-NO


Distribution WD Values         1732
Distribution WD N-NO       14.376%
Distribution WD NO          7.679%
Distribution WD NO-O       11.952%
Distribution WD O           9.527%
Distribution WD O-SO        3.753%
Distribution WD SO          3.233%
Distribution WD SO-S        3.984%
Distribution WD S           1.386%
Distribution WD S-SW        2.309%
Distribution WD SW          6.467%
Distribution WD SW-W        4.792%
Distribution WD W           1.501%
Distribution WD W-NW        0.520%
Distribution WD NW          1.617%
Distribution WD NW-N       13.164%
Distribution WD N          13.741%

Rain days >0.0 l/m Month     2
Rain days >2.0 l/m Month     0
Rain days >20.0 l/m Month    0


Ice days    max <  0C      0
Cold days   min <= 0C      0
Cool days   max < 10C      0
Summer days max >=25C     16
Hot days    max >=30C     11

Last year same Month: Ice days    max <  0C      0
Last year same Month: Cold days   min <= 0C      0
Last year same Month: Cool days   max < 10C      0
Last year same Month: Summer days max >=25C      9
Last year same Month: Hot days    max >=30C      4

 1999-2020  Werner Krenn - Wetterstation Bedien- und Auswertesoftware - V2.99.8.8