MONTHLY CLIMATOLOGICAL SUMMARY for Dezember   2021

CITY: Mannheim-Seckenheim    ELEV: 96 m  LAT: 49 28' 7"   LONG: 8 33' 26" 

    TEMPERATURE (C), BAROMETER (hPa), RAIN  (l/m), WIND SPEED (km/h)

        MEAN            TEMPERATURE                                              WIND                   DOM
 DAY    TEMP    HIGH   TIME     LOW   TIME     HUM       Baro      Rain    SPEED      HIGH   TIME       DIR
--------------------------------------------------------------------------------------------------------------
   1     6.9     8.8  17:25     4.8  02:40      92     1000.8       3.0     12.2      27.4  07:30        SW
   2     4.6     6.4  00:00     2.1  23:50      89     1001.6       3.8      2.7      17.7  12:45      W-SW
   3     2.2     3.9  22:20    -0.7  08:10      86     1011.7       0.2      5.0      20.9  12:45      S-SO
   4     5.0     8.2  18:25     1.7  04:35      91      998.7      14.0      3.6      25.7  21:50      W-SW
   5     4.7     6.4  14:25     3.0  06:10      89     1004.0       1.6      2.5      14.5  12:40      S-SO
   6     3.1     5.4  15:05     1.1  04:05      91     1012.4       0.0      1.8      12.9  15:35      S-SO
   7     4.2     6.8  13:25     2.4  01:45      85     1008.7       0.4      6.9      20.9  02:15      S-SO
   8     4.9     6.2  13:05     3.9  03:10      88     1000.1       0.4      3.4      22.5  00:30      S-SO
   9     3.8     5.3  14:15     1.5  05:50      92     1005.2       1.6      2.2      11.3  16:00      S-SO
  10     2.7     4.1  13:50     0.9  06:00      90      996.1       2.2      4.4      20.9  11:10      S-SO
  11     3.8     6.0  14:05     2.1  03:30      91     1014.5       0.2      1.2      14.5  13:55        SW
  12     3.9     5.8  18:15     1.3  05:45      89     1026.1       0.4      4.3      19.3  12:35      S-SO
  13     7.0     8.8  15:15     5.2  00:00      92     1027.8       0.0      0.6       6.4  00:55         N
  14     6.6     7.9  00:00     5.8  23:25      95     1027.9       0.4      1.1       9.7  06:20      S-SO
  15     6.3     8.8  15:00     3.1  06:40      93     1031.9       0.0      0.2       6.4  16:50         N
  16     6.9     9.4  14:50     3.7  21:35      88     1035.9       0.0      0.4       9.7  06:35      S-SO
  17     6.3     9.2  13:25     2.6  09:20      89     1037.7       0.0      2.2      14.5  12:10        NO
  18     4.2     5.3  12:35     1.6  02:10      92     1036.7       0.0      1.0       8.0  16:05        NO
  19     4.5     5.3  15:30     3.8  23:45      94     1029.4       0.0      1.0       9.7  12:25         W
  20     3.3     7.4  14:10    -1.4  23:55      89     1025.3       0.0      0.7       9.7  11:30      N-NO
  21    -0.8     4.0  14:00    -3.9  07:50      86     1024.6       0.2      1.2       9.7  12:20      N-NO
  22    -2.5     2.1  14:10    -5.7  07:40      88     1024.5       0.0      0.3       6.4  11:55      N-NO
  23     1.1     7.1  23:35    -3.6  01:40      86     1014.6       0.0      5.2      17.7  15:25      S-SO
  24     8.4     9.6  13:30     7.0  00:10      90     1006.2       0.4      2.1      16.1  13:00        SW
  25     5.9     8.0  11:10     2.9  22:50      97     1004.5      11.0      0.9      12.9  11:50      N-NW
  26     3.1     3.8  14:25     2.2  07:50      97     1006.3       4.6      0.1       8.0  00:45         N
  27     7.5    10.2  12:10     3.7  00:00      95     1001.8       1.8      1.5      11.3  19:20      S-SO
  28     9.2    11.1  14:00     8.2  00:45      93      997.6       7.6      8.4      27.4  15:20      S-SO
  29     9.9    11.2  23:30     8.9  06:50      91     1007.6       3.8      7.8      29.0  00:05        SW
  30    12.8    15.2  12:40    10.3  03:55      96     1018.0       1.2      3.7      16.1  12:45        SW
  31    11.7    13.3  00:55    10.1  08:55      92     1022.0       0.0      3.7      16.1  11:15      S-SO
--------------------------------------------------------------------------------------------------------------
Avg:     5.2    15.2     30    -5.7     22      91     1014.9      58.8      3.0      29.0     29      S-SO


Distribution WD Values         1448
Distribution WD N-NO        3.315%
Distribution WD NO          2.348%
Distribution WD NO-O        0.345%
Distribution WD O           0.622%
Distribution WD O-SO        2.279%
Distribution WD SO          6.492%
Distribution WD SO-S       38.536%
Distribution WD S           8.356%
Distribution WD S-SW        4.627%
Distribution WD SW         18.923%
Distribution WD SW-W        9.185%
Distribution WD W           1.312%
Distribution WD W-NW        0.138%
Distribution WD NW          0.552%
Distribution WD NW-N        1.519%
Distribution WD N           1.450%

Rain days >0.0 l/m Month     20
Rain days >2.0 l/m Month     8
Rain days >20.0 l/m Month    0


Ice days    max <  0C      0
Cold days   min <= 0C      5
Cool days   max < 10C     26
Summer days max >=25C      0
Hot days    max >=30C      0

Last year same Month: Ice days    max <  0C      0
Last year same Month: Cold days   min <= 0C      2
Last year same Month: Cool days   max < 10C     25
Last year same Month: Summer days max >=25C      0
Last year same Month: Hot days    max >=30C      0

 1999-2020  Werner Krenn - Wetterstation Bedien- und Auswertesoftware - V2.99.8.8