MONTHLY CLIMATOLOGICAL SUMMARY for August     2021

CITY: Mannheim-Seckenheim    ELEV: 96 m  LAT: 49 28' 7"   LONG: 8 33' 26" 

    TEMPERATURE (C), BAROMETER (hPa), RAIN  (l/m), WIND SPEED (km/h)

        MEAN            TEMPERATURE                                              WIND                   DOM
 DAY    TEMP    HIGH   TIME     LOW   TIME     HUM       Baro      Rain    SPEED      HIGH   TIME       DIR
--------------------------------------------------------------------------------------------------------------
   1    18.7    24.4  15:15    15.3  23:15      78     1008.8       5.8      3.1      19.3  15:45      W-SW
   2    16.5    21.4  12:35    14.0  03:15      90     1013.1      12.6      2.5      29.0  15:15      S-SO
   3    17.0    22.3  15:30    14.7  06:35      89     1012.5       3.4      4.2      19.3  14:45      S-SO
   4    18.0    21.9  15:15    15.4  06:30      82     1011.9       0.0      2.1      16.1  15:25      W-SW
   5    19.6    25.7  15:50    14.9  05:05      79     1008.4       0.0      5.4      19.3  19:35      W-SW
   6    19.2    23.5  17:10    16.4  07:30      81     1005.8       1.4      7.4      22.5  12:55        SW
   7    18.7    23.1  12:10    16.1  04:05      81     1004.9       0.0      5.4      20.9  15:30      S-SO
   8    17.6    22.6  15:05    14.7  06:15      79     1011.5       1.8      6.1      22.5  14:25      W-SW
   9    18.8    24.2  17:45    13.9  01:00      73     1016.9       0.0      5.0      19.3  12:15      S-SO
  10    20.3    25.8  15:15    15.3  05:30      73     1016.5       0.0      3.4      14.5  14:45      W-SW
  11    22.2    28.3  16:45    17.2  06:20      72     1017.5       0.0      1.7      11.3  14:20      W-SW
  12    22.9    30.7  15:50    15.6  05:45      73     1017.7       0.0      1.1      11.3  15:05      N-NO
  13    24.4    31.6  17:40    19.1  03:45      74     1018.9       0.2      3.9      16.1  18:30      W-SW
  14    24.0    31.4  16:55    16.9  06:30      72     1018.5       0.0      1.9      12.9  15:30        SW
  15    23.7    30.6  17:45    18.2  04:40      69     1012.8       0.8      2.8      29.0  20:15        NO
  16    19.9    24.5  15:35    13.1  23:50      76     1011.8       6.4      8.5      25.7  18:05      W-SW
  17    15.1    19.8  13:35    10.9  04:05      82     1018.3       3.6      2.9      16.1  11:15        SW
  18    17.5    21.5  14:50    13.9  00:00      87     1016.2       0.0      3.5      19.3  18:00        SW
  19    19.3    22.6  16:20    16.7  07:10      82     1014.6       0.0      2.1      16.1  11:50        SW
  20    20.6    25.9  15:55    16.7  23:55      76     1015.6       0.0      1.0      11.3  13:55         W
  21    21.1    28.1  16:40    14.1  04:45      76     1015.9       0.0      1.6      14.5  14:45      W-SW
  22    18.4    22.4  14:00    15.7  22:35      93     1016.0      12.2      1.5      12.9  14:15      S-SO
  23    18.4    24.1  17:15    15.1  03:10      86     1019.5       0.0      3.1      24.1  17:20      N-NO
  24    16.9    21.4  14:40    12.1  07:05      82     1022.9       0.2      2.8      16.1  14:30      N-NO
  25    17.7    23.6  17:20    11.4  06:35      73     1019.2       0.0      0.6      16.1  13:15      N-NO
  26    16.5    21.0  14:55    13.2  03:25      78     1012.5       3.6      2.7      22.5  18:30         N
  27    15.5    19.6  15:00    11.8  06:30      83     1014.5       2.4      2.5      16.1  16:35      W-SW
  28    15.5    19.3  17:35    13.1  04:35      86     1016.1       0.0      0.3       9.7  19:10      N-NO
  29    15.1    16.3  14:25    13.8  01:10      95     1015.4      11.4      2.4      16.1  09:25      N-NW
  30    16.8    19.9  13:20    15.0  00:40      89     1015.5       0.6      4.2      20.9  11:10         N
  31    16.9    21.4  16:50    12.6  06:55      84     1021.0       0.0      3.0      14.5  12:15      N-NO
--------------------------------------------------------------------------------------------------------------
Avg:    18.8    31.6     13    10.9     17      80     1014.9      66.4      3.2      29.0      2      W-SW


Distribution WD Values         1779
Distribution WD N-NO        7.757%
Distribution WD NO          2.698%
Distribution WD NO-O        1.180%
Distribution WD O           0.731%
Distribution WD O-SO        0.843%
Distribution WD SO          3.373%
Distribution WD SO-S       12.142%
Distribution WD S           4.047%
Distribution WD S-SW        4.666%
Distribution WD SW         21.585%
Distribution WD SW-W       21.866%
Distribution WD W           3.485%
Distribution WD W-NW        0.731%
Distribution WD NW          1.911%
Distribution WD NW-N        4.497%
Distribution WD N           8.488%

Rain days >0.0 l/m Month     15
Rain days >2.0 l/m Month     9
Rain days >20.0 l/m Month    0


Ice days    max <  0C      0
Cold days   min <= 0C      0
Cool days   max < 10C      0
Summer days max >=25C      9
Hot days    max >=30C      4

Last year same Month: Ice days    max <  0C      0
Last year same Month: Cold days   min <= 0C      0
Last year same Month: Cool days   max < 10C      0
Last year same Month: Summer days max >=25C     21
Last year same Month: Hot days    max >=30C     11

 1999-2020  Werner Krenn - Wetterstation Bedien- und Auswertesoftware - V2.99.8.8