MONTHLY CLIMATOLOGICAL SUMMARY for Juli       2021

CITY: Mannheim-Seckenheim    ELEV: 96 m  LAT: 49 28' 7"   LONG: 8 33' 26" 

    TEMPERATURE (C), BAROMETER (hPa), RAIN  (l/m), WIND SPEED (km/h)

        MEAN            TEMPERATURE                                              WIND                   DOM
 DAY    TEMP    HIGH   TIME     LOW   TIME     HUM       Baro      Rain    SPEED      HIGH   TIME       DIR
--------------------------------------------------------------------------------------------------------------
   1    16.3    18.6  18:30    14.6  06:30      85     1014.7       0.0      4.9      19.3  11:00        SW
   2    19.2    24.8  16:20    13.9  06:00      71     1016.2       0.0      4.0      19.3  15:30      W-SW
   3    21.5    27.9  16:20    13.8  05:35      66     1013.9       0.0      1.8      12.9  15:45        SW
   4    19.8    24.2  12:20    16.9  23:50      84     1009.9       1.2      5.0      19.3  18:00      S-SO
   5    19.1    23.6  19:00    15.7  03:45      85     1009.6       0.0      5.0      19.3  17:55      S-SO
   6    19.0    22.2  09:55    17.1  02:35      89     1009.1       6.6      3.7      12.9  09:00      S-SO
   7    20.2    26.6  17:15    15.2  05:50      76     1015.3       0.2      4.0      14.5  12:35      S-SO
   8    18.8    22.3  10:15    16.7  23:05      89     1017.8       6.0      0.9       8.0  12:25      O-NO
   9    18.4    22.7  14:30    16.2  07:00      89     1019.0      12.2      2.0      12.9  11:00         N
  10    20.5    27.0  16:15    13.9  05:20      77     1015.5      13.6      3.2      22.5  22:10         O
  11    19.4    24.4  16:50    16.4  07:40      82     1014.8       0.6      2.5      12.9  07:35      W-SW
  12    21.3    27.4  16:35    13.9  05:50      75     1009.4       1.2      2.9      14.5  13:20      O-NO
  13    18.0    20.0  00:00    14.4  23:50      96     1007.8      38.6      3.4      30.6  12:55      S-SO
  14    16.2    18.4  16:10    13.9  01:10      93     1009.8       4.0      4.7      14.5  21:40      S-SO
  15    19.0    25.2  16:40    15.4  06:00      84     1011.3       0.4      2.9      17.7  18:40      N-NO
  16    20.6    26.7  14:30    14.7  06:00      82     1017.0       0.0      7.0      20.9  15:10         N
  17    21.3    26.8  18:00    17.9  02:30      82     1020.1       0.0      6.2      17.7  19:40      N-NW
  18    22.7    29.1  17:20    15.9  06:20      69     1018.9       0.0      6.3      20.9  15:35      N-NO
  19    22.1    27.0  16:00    16.9  04:50      73     1017.2       0.0      6.3      22.5  12:10      N-NO
  20    20.0    25.2  17:20    14.0  06:00      67     1017.9       0.0      3.9      14.5  12:10      N-NO
  21    20.4    27.1  17:20    13.2  06:15      65     1019.9       0.0      3.1      12.9  13:10      N-NO
  22    21.4    27.8  16:50    14.2  05:25      66     1018.6       0.0      3.3      14.5  15:50      N-NO
  23    22.0    29.1  17:20    14.4  05:40      66     1013.9       0.0      1.8      12.9  14:25      O-NO
  24    22.3    28.3  14:45    17.1  05:05      74     1008.1       0.2      4.1      25.7  14:05      W-SW
  25    22.4    27.9  15:15    17.5  02:35      76     1008.1       0.0      3.5      14.5  17:40      S-SO
  26    21.9    26.9  16:15    18.4  06:25      77     1010.2       2.2      4.2      19.3  12:35      W-SW
  27    21.1    25.3  14:20    16.8  06:35      79     1012.1       5.0      3.4      20.9  22:55      S-SO
  28    19.5    25.6  15:10    16.3  06:20      87     1012.2       1.0      4.2      20.9  14:45      S-SO
  29    19.9    25.3  16:55    15.2  03:15      71     1012.7       0.2      6.1      24.1  12:45      W-SW
  30    21.7    28.1  15:35    15.3  06:20      66     1009.1       0.0      6.1      24.1  15:00        SW
  31    20.6    25.4  16:15    15.8  05:50      63     1009.2       0.0      7.6      22.5  11:30        SW
--------------------------------------------------------------------------------------------------------------
Avg:    20.2    29.1     18    13.2     21      78     1013.5      93.2      4.1      30.6     13        SW


Distribution WD Values         2071
Distribution WD N-NO       13.520%
Distribution WD NO          2.945%
Distribution WD NO-O        2.028%
Distribution WD O           2.463%
Distribution WD O-SO        2.704%
Distribution WD SO          5.070%
Distribution WD SO-S       14.437%
Distribution WD S           2.945%
Distribution WD S-SW        3.042%
Distribution WD SW         16.224%
Distribution WD SW-W       14.679%
Distribution WD W           3.090%
Distribution WD W-NW        0.531%
Distribution WD NW          1.980%
Distribution WD NW-N        5.601%
Distribution WD N           8.740%

Rain days >0.0 l/m Month     16
Rain days >2.0 l/m Month     8
Rain days >20.0 l/m Month    1


Ice days    max <  0C      0
Cold days   min <= 0C      0
Cool days   max < 10C      0
Summer days max >=25C     21
Hot days    max >=30C      0

Last year same Month: Ice days    max <  0C      0
Last year same Month: Cold days   min <= 0C      0
Last year same Month: Cool days   max < 10C      0
Last year same Month: Summer days max >=25C     24
Last year same Month: Hot days    max >=30C      5

 1999-2020  Werner Krenn - Wetterstation Bedien- und Auswertesoftware - V2.99.8.8