MONTHLY CLIMATOLOGICAL SUMMARY for April      2021

CITY: Mannheim-Seckenheim    ELEV: 96 m  LAT: 49 28' 7"   LONG: 8 33' 26" 

    TEMPERATURE (C), BAROMETER (hPa), RAIN  (l/m), WIND SPEED (km/h)

        MEAN            TEMPERATURE                                              WIND                   DOM
 DAY    TEMP    HIGH   TIME     LOW   TIME     HUM       Baro      Rain    SPEED      HIGH   TIME       DIR
--------------------------------------------------------------------------------------------------------------
   1    16.7    24.8  16:55     8.9  05:20      56     1017.1       0.0      4.6      17.7  18:35      N-NW
   2    10.0    14.9  00:00     4.6  07:05      65     1019.5       0.0      9.4      24.1  21:10      N-NO
   3     8.7    14.1  16:10     4.7  23:45      57     1022.8       0.0      6.8      20.9  14:00      N-NO
   4     7.8    14.2  15:50     1.8  07:10      64     1021.0       0.0      3.0      14.5  14:45      N-NO
   5     5.2     8.9  10:00     0.4  21:45      76     1010.3       2.0      9.1      30.6  15:00      W-SW
   6     2.7     8.1  17:20    -0.2  02:25      72     1012.3       1.6      8.5      22.5  17:05        SW
   7     3.1     5.4  20:00     1.3  16:40      72     1017.2       0.8     10.6      29.0  14:30      W-SW
   8     5.4    10.9  17:45     0.6  06:45      62     1023.4       0.0      4.3      16.1  13:45      W-SW
   9     9.8    17.3  17:45     1.7  04:15      56     1015.5       0.0      5.6      24.1  15:15      S-SO
  10    12.5    15.3  17:50    10.2  23:55      66     1011.3       0.6      6.6      20.9  06:55        SW
  11    10.9    16.8  11:15     4.6  23:35      77     1009.4       3.8      6.6      17.7  14:30      N-NW
  12     5.9    10.7  15:10     1.9  23:55      75     1024.3       0.8      6.1      22.5  17:05         N
  13     4.8    10.8  15:55    -0.8  06:15      70     1029.7       0.0      4.6      22.5  18:10      N-NO
  14     5.1    10.4  16:00     0.2  04:00      67     1027.9       0.0      3.8      20.9  19:00      N-NO
  15     5.4    11.8  16:00    -0.3  06:30      67     1026.3       0.0      5.7      22.5  16:00      N-NO
  16     5.9     9.1  15:20     1.8  06:35      69     1024.4       0.0      5.6      19.3  11:05      N-NO
  17     8.3    13.8  15:10     2.8  05:05      66     1021.4       0.0      5.8      19.3  16:50      N-NO
  18     9.1    12.4  17:05     5.4  06:25      75     1019.4       0.0      1.2       9.7  11:50      N-NO
  19     9.2    12.3  13:30     5.5  23:55      88     1017.7       1.8      0.8       9.7  13:05        SO
  20    10.2    18.2  17:15     2.5  06:50      78     1015.8       0.0      2.1      12.9  16:10      S-SO
  21    12.6    20.5  16:25     4.4  06:40      69     1014.3       0.0      2.7      16.1  16:25      N-NO
  22    10.8    15.7  16:15     6.5  07:10      57     1020.7       0.0      7.3      17.7  08:35      N-NO
  23    10.7    18.4  16:35     3.1  06:20      54     1024.9       0.0      4.3      14.5  10:40      N-NO
  24    11.8    20.0  15:55     3.8  06:40      54     1022.0       0.0      4.3      20.9  18:50      N-NO
  25    11.2    17.4  15:55     4.7  06:20      55     1021.0       0.0      8.8      25.7  14:10      N-NO
  26    11.2    18.3  16:30     3.3  06:45      46     1015.7       0.0      6.1      19.3  14:45      N-NO
  27    11.9    19.2  16:20     5.2  06:00      43     1007.4       0.0      3.1      12.9  05:15      N-NO
  28    13.3    22.6  16:25     4.4  06:05      57     1002.4       2.6      3.5      20.9  18:20      W-SW
  29    12.8    17.0  16:05     8.4  23:35      75     1004.5       4.0      8.4      25.7  15:00        SW
  30     7.8    10.3  15:45     3.2  06:30      75     1011.6       0.0      1.8       9.7  09:25         N
--------------------------------------------------------------------------------------------------------------
Avg:     9.0    24.8      1    -0.8     13      65     1017.7      18.0      5.4      30.6      5      N-NO


Distribution WD Values         3083
Distribution WD N-NO       27.895%
Distribution WD NO          7.363%
Distribution WD NO-O        2.789%
Distribution WD O           1.103%
Distribution WD O-SO        0.681%
Distribution WD SO          1.233%
Distribution WD SO-S        5.838%
Distribution WD S           2.043%
Distribution WD S-SW        1.784%
Distribution WD SW         12.001%
Distribution WD SW-W       11.353%
Distribution WD W           1.297%
Distribution WD W-NW        0.616%
Distribution WD NW          3.276%
Distribution WD NW-N        7.785%
Distribution WD N          12.942%

Rain days >0.0 l/m Month     9
Rain days >2.0 l/m Month     4
Rain days >20.0 l/m Month    0


Ice days    max <  0C      0
Cold days   min <= 0C      3
Cool days   max < 10C      4
Summer days max >=25C      0
Hot days    max >=30C      0

Last year same Month: Ice days    max <  0C      0
Last year same Month: Cold days   min <= 0C      3
Last year same Month: Cool days   max < 10C      0
Last year same Month: Summer days max >=25C      9
Last year same Month: Hot days    max >=30C      0

 1999-2020  Werner Krenn - Wetterstation Bedien- und Auswertesoftware - V2.99.8.8