MONTHLY CLIMATOLOGICAL SUMMARY for November   2020

CITY: Mannheim-Seckenheim    ELEV: 96 m  LAT: 49 28' 7"   LONG: 8 33' 26" 

    TEMPERATURE (C), BAROMETER (hPa), RAIN  (l/m), WIND SPEED (km/h)

        MEAN            TEMPERATURE                                              WIND                   DOM
 DAY    TEMP    HIGH   TIME     LOW   TIME     HUM       Baro      Rain    SPEED      HIGH   TIME       DIR
--------------------------------------------------------------------------------------------------------------
   1    14.5    16.9  23:30    12.5  04:25      91     1015.8       3.8      7.8      19.3  14:10      S-SO
   2    19.0    22.6  12:45    16.7  00:25      79     1013.8       0.0      9.4      20.9  09:25      S-SO
   3    12.6    16.9  00:00    10.3  23:50      86     1022.7       1.4      3.7      20.9  00:35         N
   4     7.9    11.9  14:15     3.9  23:55      83     1030.4       0.0      2.2      12.9  10:45      N-NO
   5     5.7    12.1  14:10     1.5  07:50      86     1036.1       0.2      1.8      11.3  16:35      N-NO
   6     5.3    12.0  15:50     0.4  06:50      84     1031.7       0.0      0.5      11.3  16:20         O
   7     5.0    11.2  14:50     0.7  07:45      90     1025.6       0.2      0.2       4.8  09:35         N
   8     6.5    12.3  14:50     2.4  05:10      92     1023.7       0.0      0.1       4.8  11:40         O
   9     8.9    14.1  14:45     5.3  23:45      91     1023.4       0.2      0.3       9.7  11:15      O-SO
  10     6.6     7.4  14:55     4.6  01:25      97     1026.2       0.0      0.2       4.8  21:25        SO
  11     8.1     9.4  14:55     6.6  01:10      96     1025.1       0.0      0.2       4.8  11:30         N
  12     9.6    11.9  14:30     6.1  23:55      94     1020.3       0.2      4.5      19.3  10:20      S-SO
  13     9.8    13.3  14:10     4.5  01:40      91     1019.4       0.2      2.9      14.5  12:35      S-SO
  14    12.9    17.1  13:45     8.9  20:45      84     1017.9       0.2      2.9      14.5  14:25      S-SO
  15    13.0    17.6  14:50     8.9  04:30      80     1011.4       4.4      5.5      17.7  12:10      S-SO
  16    11.4    13.3  12:35     9.7  23:50      85     1016.7       0.4      7.1      22.5  13:15        SW
  17    10.0    12.9  13:35     7.4  05:30      88     1026.7       0.2      3.5      17.7  13:50      S-SO
  18     7.6    12.3  14:40     3.2  07:40      88     1024.7       0.0      2.2      17.7  23:55      S-SO
  19     9.6    11.4  11:50     7.8  02:30      85     1022.9       2.6      7.1      17.7  06:15        SW
  20     4.8     8.1  00:00     1.2  23:55      88     1033.5       0.0      0.7       8.0  00:40      N-NW
  21     2.1     6.4  15:00    -0.8  05:15      88     1033.4       0.2      1.2       9.7  12:20        SO
  22     3.8     6.8  14:30     0.6  07:30      87     1028.4       0.0      3.9      12.9  09:50      S-SO
  23     6.0     8.3  15:50     2.2  23:55      92     1028.4       1.6      1.9       9.7  08:50        SO
  24     3.9     6.9  15:00     1.1  23:55      94     1024.7       0.2      0.7       9.7  14:05         O
  25     2.4     5.5  13:50     0.2  02:50      94     1020.7       0.2      2.0      12.9  10:10      S-SO
  26     2.3     4.0  15:00     1.6  08:45      96     1022.4       0.0      0.9       8.0  06:10      S-SW
  27     3.4     5.3  13:35     2.4  00:00      96     1020.2       1.0      0.9      11.3  13:45      O-NO
  28     1.1     2.7  00:00    -0.6  21:00      97     1020.0       0.0      0.7       8.0  14:20      O-NO
  29     1.2     3.6  13:20    -2.0  21:50      84     1024.3       0.0      2.4      14.5  11:50      O-NO
  30    -0.9     2.4  13:55    -4.6  08:05      89     1024.9       3.8      2.8      12.9  13:30      S-SO
--------------------------------------------------------------------------------------------------------------
Avg:     7.1    22.6      2    -4.6     30      89     1023.8      21.0      2.7      22.5     16      S-SO


Distribution WD Values         1104
Distribution WD N-NO        3.351%
Distribution WD NO          0.453%
Distribution WD NO-O        3.261%
Distribution WD O           1.721%
Distribution WD O-SO        1.449%
Distribution WD SO          8.243%
Distribution WD SO-S       46.920%
Distribution WD S           7.065%
Distribution WD S-SW        4.438%
Distribution WD SW         13.134%
Distribution WD SW-W        5.525%
Distribution WD W           0.996%
Distribution WD W-NW        0.091%
Distribution WD NW          0.181%
Distribution WD NW-N        0.996%
Distribution WD N           2.174%

Rain days >0.0 l/m Month     18
Rain days >2.0 l/m Month     4
Rain days >20.0 l/m Month    0


Ice days    max <  0C      0
Cold days   min <= 0C      4
Cool days   max < 10C     13
Summer days max >=25C      0
Hot days    max >=30C      0

Last year same Month: Ice days    max <  0C      0
Last year same Month: Cold days   min <= 0C      1
Last year same Month: Cool days   max < 10C     18
Last year same Month: Summer days max >=25C      0
Last year same Month: Hot days    max >=30C      0

 1999-2020  Werner Krenn - Wetterstation Bedien- und Auswertesoftware - V2.99.8.8