MONTHLY CLIMATOLOGICAL SUMMARY for September  2020

CITY: Mannheim-Seckenheim    ELEV: 96 m  LAT: 49 28' 7"   LONG: 8 33' 26" 

    TEMPERATURE (C), BAROMETER (hPa), RAIN  (l/m), WIND SPEED (km/h)

        MEAN            TEMPERATURE                                              WIND                   DOM
 DAY    TEMP    HIGH   TIME     LOW   TIME     HUM       Baro      Rain    SPEED      HIGH   TIME       DIR
--------------------------------------------------------------------------------------------------------------
   1    17.3    21.9  13:30    13.8  02:25      76     1015.4       0.2      3.2      16.1  14:20      N-NO
   2    16.9    22.2  15:35    12.7  02:05      75     1016.5       0.0      1.1       9.7  13:30        NO
   3    17.7    23.4  14:20    11.0  05:45      73     1019.8       0.0      4.8      24.1  18:00      S-SO
   4    22.6    29.2  17:15    18.4  05:05      57     1020.3       0.0      5.5      17.7  12:35      S-SO
   5    18.7    21.9  12:45    15.5  05:30      77     1016.0       0.4      2.3      16.1  14:05         N
   6    16.1    20.2  14:15    11.9  23:50      69     1018.3       0.0      2.2      14.5  11:55      N-NO
   7    15.4    23.2  17:00     8.3  05:30      69     1022.0       0.0      1.7      12.9  11:45      N-NO
   8    17.3    25.8  16:20     8.8  07:05      65     1024.9       0.0      2.1      11.3  10:40        SW
   9    19.7    28.5  17:25    11.5  06:45      64     1020.9       0.0      3.3      16.1  18:40      S-SO
  10    19.8    22.7  14:10    17.0  05:30      75     1018.6       0.0      2.6      14.5  13:35         N
  11    20.4    27.1  16:20    15.0  07:20      63     1015.4       0.0      2.3      11.3  10:55      N-NO
  12    20.0    28.2  16:15    12.8  06:50      69     1017.5       0.0      1.5      11.3  23:05         S
  13    20.6    29.6  16:20    13.1  07:15      68     1023.4       0.0      1.4      11.3  14:20      O-NO
  14    21.7    32.1  16:50    13.8  07:35      62     1022.4       0.0      1.2      11.3  12:30         O
  15    21.5    31.1  17:25    14.2  06:20      70     1018.6       0.0      1.0      11.3  14:45         O
  16    21.3    28.2  17:20    15.8  07:15      74     1017.0       0.0      0.5      11.3  23:40      S-SO
  17    19.6    23.6  16:05    15.8  07:30      69     1021.4       0.0      8.3      22.5  13:50      N-NO
  18    19.2    25.7  16:25    13.3  06:05      59     1021.0       0.0      5.3      16.1  13:25      O-NO
  19    17.6    25.5  16:30     9.7  07:20      56     1016.7       0.0      1.7      14.5  00:25         O
  20    17.6    26.2  16:40    11.5  06:30      64     1013.7       0.0      2.3      17.7  18:20      N-NO
  21    17.3    26.2  16:40     9.9  07:05      70     1013.4       0.0      0.9       9.7  13:45      O-NO
  22    19.5    27.6  15:50    12.2  06:55      69     1009.4       0.0      2.2      11.3  13:50         O
  23    19.9    24.3  15:30    17.6  06:10      70     1005.8       0.0      4.7      17.7  14:40        SW
  24    17.4    20.4  13:05    13.4  23:50      75     1004.0      14.2      6.3      22.5  14:25        SW
  25    12.4    14.4  01:25    10.8  22:10      86      999.1       3.0      7.4      30.6  04:00      S-SO
  26    10.7    12.2  14:55     8.6  08:25      84      998.1       7.2     11.9      22.5  13:00        SW
  27    10.8    14.0  15:05     8.9  06:15      88     1001.7      12.0      5.5      19.3  08:25      S-SO
  28    11.3    17.7  16:35     5.8  07:45      81     1010.0       0.0      2.5      12.9  14:25      S-SO
  29    13.0    14.8  14:15    11.1  00:25      89     1015.8       0.4      2.6      12.9  08:20      S-SO
  30    14.2    18.6  15:50    10.6  23:45      87     1014.5       0.0      1.3      11.3  15:15         O
--------------------------------------------------------------------------------------------------------------
Avg:    17.6    32.1     14     5.8     28      72     1015.1      37.4      3.3      30.6     25      S-SO


Distribution WD Values         1584
Distribution WD N-NO       13.321%
Distribution WD NO          4.419%
Distribution WD NO-O        3.283%
Distribution WD O           3.788%
Distribution WD O-SO        2.336%
Distribution WD SO          4.672%
Distribution WD SO-S       19.508%
Distribution WD S           4.104%
Distribution WD S-SW        4.040%
Distribution WD SW         17.740%
Distribution WD SW-W       13.763%
Distribution WD W           1.389%
Distribution WD W-NW        0.379%
Distribution WD NW          0.126%
Distribution WD NW-N        1.326%
Distribution WD N           5.808%

Rain days >0.0 l/m Month     7
Rain days >2.0 l/m Month     4
Rain days >20.0 l/m Month    0


Ice days    max <  0C      0
Cold days   min <= 0C      0
Cool days   max < 10C      0
Summer days max >=25C     14
Hot days    max >=30C      2

Last year same Month: Ice days    max <  0C      0
Last year same Month: Cold days   min <= 0C      0
Last year same Month: Cool days   max < 10C      0
Last year same Month: Summer days max >=25C      8
Last year same Month: Hot days    max >=30C      0

 1999-2020  Werner Krenn - Wetterstation Bedien- und Auswertesoftware - V2.99.8.8