MONTHLY CLIMATOLOGICAL SUMMARY for Juli       2020

CITY: Mannheim-Seckenheim    ELEV: 96 m  LAT: 49 28' 7"   LONG: 8 33' 26" 

    TEMPERATURE (C), BAROMETER (hPa), RAIN  (l/m), WIND SPEED (km/h)

        MEAN            TEMPERATURE                                              WIND                   DOM
 DAY    TEMP    HIGH   TIME     LOW   TIME     HUM       Baro      Rain    SPEED      HIGH   TIME       DIR
--------------------------------------------------------------------------------------------------------------
   1    23.1    30.3  17:15    15.4  06:10      67     1008.1       0.0      7.1      22.5  17:45      W-SW
   2    21.7    26.4  17:10    17.6  05:45      69     1010.5       1.2      8.2      25.7  18:55      W-SW
   3    20.2    25.9  15:05    14.1  06:05      60     1016.4       0.0      5.2      19.3  15:40      W-SW
   4    21.5    28.1  16:10    14.2  04:30      59     1016.9       0.0      7.9      22.5  16:05        SW
   5    24.1    28.3  17:30    21.7  06:40      63     1013.9       0.0     10.4      24.1  13:50        SW
   6    19.4    23.7  00:10    14.2  23:55      60     1015.1       0.6      9.6      25.7  12:15      W-SW
   7    17.3    24.2  16:45    10.2  05:30      63     1018.9       0.0      2.1      12.9  17:15      N-NO
   8    18.0    21.2  12:45    14.6  00:35      71     1015.6       0.6      4.5      20.9  12:45      N-NO
   9    23.4    31.8  17:10    15.9  03:55      65     1013.3       0.0      6.5      27.4  13:25        SW
  10    22.3    25.5  11:10    18.4  23:55      62     1011.1       0.0      8.6      29.0  15:15      W-SW
  11    18.9    23.9  16:00    13.8  06:15      60     1020.6       0.0      6.0      17.7  15:20      N-NO
  12    19.0    26.1  15:45    10.8  05:55      56     1023.6       0.0      4.0      20.9  12:15      N-NO
  13    20.7    27.8  15:15    12.7  06:05      53     1019.7       0.0      2.4      14.5  13:05      N-NO
  14    21.8    29.2  16:05    14.1  05:50      54     1012.9       0.0      4.6      16.1  13:25        SW
  15    17.7    21.2  16:55    15.4  09:20      85     1012.5      11.0      1.5      11.3  22:10      N-NO
  16    16.6    18.2  00:00    15.4  05:10      91     1016.0      12.0      2.1      14.5  15:05        SW
  17    19.4    23.8  14:35    15.3  05:25      77     1018.1       0.2      3.1      12.9  10:00      N-NO
  18    21.6    27.6  16:55    16.2  05:00      65     1017.4       0.0      1.7      11.3  14:30         O
  19    22.2    28.7  17:10    13.8  05:50      62     1014.6       0.0      1.8      11.3  13:05        SW
  20    22.5    28.9  16:35    15.6  05:50      63     1014.6       0.0      4.4      17.7  20:00      N-NO
  21    21.2    27.2  16:45    15.2  05:10      55     1019.1       0.0      5.5      19.3  11:15      N-NO
  22    20.8    28.4  16:40    12.4  05:55      51     1018.6       0.0      3.1      12.9  12:45         N
  23    21.3    27.6  16:00    14.1  06:10      54     1014.4       0.0      4.2      14.5  13:45      N-NO
  24    22.8    28.9  15:25    17.9  05:10      54     1010.6       0.0      3.5      17.7  15:35      W-SW
  25    23.8    29.0  16:50    18.4  06:20      57     1011.3       0.0      3.6      14.5  13:45        SW
  26    22.2    26.8  16:55    18.1  05:30      71     1010.9       5.4      6.6      25.7  15:35      W-SW
  27    24.0    30.9  16:25    16.6  06:40      63     1012.7       0.0      5.8      19.3  19:15      S-SO
  28    24.7    29.8  15:30    21.3  05:20      54     1010.6       0.0      9.1      33.8  14:40      W-SW
  29    21.3    28.8  17:15    13.6  06:25      53     1017.2       0.0      3.3      20.9  14:50      W-SW
  30    22.7    31.8  17:10    13.4  06:10      49     1017.3       0.0      2.1      12.9  13:10      N-NO
  31    26.1    35.9  16:50    15.8  05:55      48     1014.3       0.0      1.6      11.3  18:45      O-NO
--------------------------------------------------------------------------------------------------------------
Avg:    21.4    35.9     31    10.2      7      62     1015.1      31.0      4.8      33.8     28      W-SW


Distribution WD Values         2419
Distribution WD N-NO       11.162%
Distribution WD NO          2.894%
Distribution WD NO-O        1.364%
Distribution WD O           1.364%
Distribution WD O-SO        0.868%
Distribution WD SO          1.984%
Distribution WD SO-S        8.764%
Distribution WD S           1.654%
Distribution WD S-SW        2.687%
Distribution WD SW         24.514%
Distribution WD SW-W       26.499%
Distribution WD W           5.085%
Distribution WD W-NW        0.413%
Distribution WD NW          1.116%
Distribution WD NW-N        2.067%
Distribution WD N           7.565%

Rain days >0.0 l/m Month     7
Rain days >2.0 l/m Month     3
Rain days >20.0 l/m Month    0


Ice days    max <  0C      0
Cold days   min <= 0C      0
Cool days   max < 10C      0
Summer days max >=25C     24
Hot days    max >=30C      5

Last year same Month: Ice days    max <  0C      0
Last year same Month: Cold days   min <= 0C      0
Last year same Month: Cool days   max < 10C      0
Last year same Month: Summer days max >=25C     22
Last year same Month: Hot days    max >=30C     11

 1999-2020  Werner Krenn - Wetterstation Bedien- und Auswertesoftware - V2.99.8.8