MONTHLY CLIMATOLOGICAL SUMMARY for Mai        2020

CITY: Mannheim-Seckenheim    ELEV: 96 m  LAT: 49 28' 7"   LONG: 8 33' 26" 

    TEMPERATURE (C), BAROMETER (hPa), RAIN  (l/m), WIND SPEED (km/h)

        MEAN            TEMPERATURE                                              WIND                   DOM
 DAY    TEMP    HIGH   TIME     LOW   TIME     HUM       Baro      Rain    SPEED      HIGH   TIME       DIR
--------------------------------------------------------------------------------------------------------------
   1    11.5    15.8  12:15     9.8  05:50      86     1003.4      11.2      4.9      35.4  01:10         W
   2    11.3    16.1  13:55     7.4  06:30      74     1009.1       0.6      6.9      30.6  16:15      W-SW
   3    13.2    20.4  15:35     5.7  05:30      66     1016.7       0.0      2.1      14.5  13:15      W-SW
   4    14.6    20.1  15:05    10.9  23:55      73     1015.1       0.0      3.9      16.1  15:40        NO
   5    12.0    18.7  17:20     6.4  06:10      67     1017.3       0.0      4.0      19.3  13:40        NO
   6    12.8    20.2  16:20     4.8  05:50      50     1021.9       0.0      3.4      14.5  13:05        NO
   7    14.9    24.4  17:15     4.5  06:20      59     1021.7       0.0      1.8      11.3  13:35        NO
   8    17.9    27.1  17:20     8.6  06:55      56     1015.6       0.0      1.3       8.0  10:45      O-NO
   9    16.3    21.1  11:20    13.4  06:15      72     1010.7       0.6      0.7       8.0  12:50      N-NO
  10    19.1    27.6  15:55    12.1  04:15      74     1004.0       0.0      3.3      14.5  14:20         W
  11     8.4    16.7  00:00     4.4  12:40      94     1004.4      28.0      7.5      24.1  10:25        NO
  12     9.4    16.4  16:55     1.9  06:10      69     1016.1       0.2      1.8      12.9  12:00      N-NO
  13    11.1    16.3  16:40     4.8  05:15      68     1010.1       0.0      1.4      11.3  13:30        NO
  14    12.4    17.4  17:05     6.9  07:05      65     1013.4       0.0      7.5      20.9  13:05      N-NO
  15    14.2    20.4  16:50     8.1  06:20      55     1016.0       0.0      5.2      19.3  12:05      N-NO
  16    14.6    22.9  17:40     5.7  06:25      55     1020.1       0.0      2.2       9.7  10:25        NO
  17    15.2    22.7  17:15     8.8  02:55      58     1021.1       0.0      2.8      12.9  14:25        NO
  18    17.3    26.5  17:55     6.9  05:55      59     1021.6       0.0      1.5       9.7  11:35      W-SW
  19    19.9    27.5  15:20    10.6  06:15      56     1019.2       0.0      3.0      12.9  14:20        NO
  20    20.4    27.3  16:30    13.0  05:00      61     1018.6       0.0      3.0      14.5  11:50      N-NO
  21    20.8    28.5  15:50    12.4  06:05      63     1019.3       0.0      1.9       9.7  12:40        NO
  22    21.3    25.9  18:55    14.3  06:15      67     1018.4       0.0      2.0      11.3  15:10         W
  23    15.6    22.7  00:00    11.2  23:50      78     1022.9       3.2      4.2      14.5  12:15        NO
  24    15.3    20.7  15:25    10.2  06:10      67     1028.8       0.0      4.9      19.3  14:45        SW
  25    17.4    22.4  16:50    13.2  04:40      66     1030.4       0.0      4.3      19.3  15:30        NO
  26    16.8    23.5  17:10     9.2  05:50      61     1031.9       0.0      3.8      14.5  13:30      N-NO
  27    18.2    26.4  17:35     9.2  05:50      57     1030.6       0.0      2.1      11.3  17:30      N-NO
  28    18.2    23.7  16:15    13.4  03:45      55     1027.1       0.0      6.2      17.7  13:10      N-NO
  29    17.2    23.4  17:35     9.0  05:45      48     1023.9       0.0      4.6      19.3  19:30      N-NO
  30    17.9    22.8  16:15    13.1  03:55      45     1020.0       0.0      7.4      24.1  16:25      N-NO
  31    16.6    22.7  18:05     9.7  06:10      54     1018.8       0.0      4.9      16.1  13:35      N-NO
--------------------------------------------------------------------------------------------------------------
Avg:    15.5    28.5     21     1.9     12      64     1018.3      43.8      3.7      35.4      1      N-NO


Distribution WD Values         1796
Distribution WD N-NO       26.615%
Distribution WD NO         26.559%
Distribution WD NO-O       10.078%
Distribution WD O           8.185%
Distribution WD O-SO        0.891%
Distribution WD SO          0.668%
Distribution WD SO-S        0.668%
Distribution WD S           0.557%
Distribution WD S-SW        1.169%
Distribution WD SW          6.125%
Distribution WD SW-W        7.127%
Distribution WD W           4.566%
Distribution WD W-NW        0.780%
Distribution WD NW          0.445%
Distribution WD NW-N        0.835%
Distribution WD N           4.733%

Rain days >0.0 l/m Month     6
Rain days >2.0 l/m Month     3
Rain days >20.0 l/m Month    1


Ice days    max <  0C      0
Cold days   min <= 0C      0
Cool days   max < 10C      0
Summer days max >=25C      8
Hot days    max >=30C      0

Last year same Month: Ice days    max <  0C      0
Last year same Month: Cold days   min <= 0C      0
Last year same Month: Cool days   max < 10C      0
Last year same Month: Summer days max >=25C      1
Last year same Month: Hot days    max >=30C      0

 1999-2020  Werner Krenn - Wetterstation Bedien- und Auswertesoftware - V2.99.8.8