MONTHLY CLIMATOLOGICAL SUMMARY for Oktober 2019 CITY: Mannheim-Seckenheim ELEV: 96 m LAT: 49° 28' 7" LONG: 8° 33' 26" TEMPERATURE (°C), BAROMETER (hPa), RAIN (l/m²), WIND SPEED (km/h) MEAN TEMPERATURE WIND DOM DAY TEMP HIGH TIME LOW TIME HUM Baro Rain SPEED HIGH TIME DIR -------------------------------------------------------------------------------------------------------------- 1 15.4 20.7 17:20 12.5 01:50 86 1005.6 9.4 4.9 32.2 18:35 S-SO 2 13.5 15.8 10:15 8.8 23:20 83 1007.4 1.6 5.0 17.7 10:20 N-NO 3 10.0 14.7 17:35 5.4 06:45 83 1017.9 0.0 1.5 9.7 10:45 S 4 10.7 13.8 17:50 8.3 01:20 90 1009.0 3.4 3.4 12.9 12:50 W-SW 5 12.2 13.5 14:20 9.9 23:55 83 1012.3 0.2 3.5 14.5 07:55 N-NO 6 10.3 10.9 17:35 9.6 12:35 88 1013.2 22.6 2.3 12.9 12:35 O-SO 7 11.4 15.1 17:10 9.2 06:05 92 1016.1 1.2 0.7 9.7 15:50 N-NO 8 13.0 14.5 23:05 11.8 08:10 93 1011.3 9.2 4.1 14.5 10:20 S-SO 9 12.5 15.6 12:35 10.2 23:50 93 1010.6 5.2 4.3 19.3 22:20 W 10 11.9 15.2 14:05 9.5 01:15 89 1015.0 5.2 5.0 25.7 07:00 W-SW 11 13.5 20.6 16:55 9.6 04:35 86 1016.8 0.2 3.5 14.5 10:20 S-SO 12 16.7 21.9 12:55 11.8 05:05 78 1013.2 0.0 4.3 17.7 09:25 S-SO 13 19.7 25.7 16:20 15.4 05:50 77 1012.3 0.0 2.1 12.9 15:10 S-SO 14 18.9 25.3 16:40 14.6 08:25 75 1011.5 0.0 1.8 14.5 14:15 SO 15 16.4 21.2 12:50 12.8 08:00 84 1006.6 2.8 1.5 11.3 23:40 W-SW 16 13.9 18.4 17:25 11.4 08:05 83 1012.4 1.2 4.3 17.7 11:00 W 17 15.1 19.7 15:35 12.9 07:45 81 1012.5 5.6 4.2 14.5 15:20 S-SO 18 14.4 17.1 12:10 11.3 23:30 91 1010.5 5.4 2.9 16.1 09:25 S-SO 19 14.0 16.8 16:50 11.3 00:00 90 1008.2 4.0 2.5 11.3 09:30 S-SO 20 15.5 19.2 14:50 13.4 07:55 92 1006.9 6.4 1.2 12.9 03:30 S-SO 21 15.5 18.1 13:10 13.7 03:30 90 1016.3 0.2 1.2 9.7 13:30 W 22 14.0 17.7 14:50 11.2 23:50 87 1022.2 0.0 0.8 9.7 10:35 NO 23 12.4 16.4 16:25 9.5 06:05 91 1014.6 0.2 0.2 6.4 11:10 O-NO 24 14.9 20.2 15:55 10.9 03:55 88 1010.4 0.0 1.7 11.3 12:50 S 25 14.4 18.2 16:10 11.2 06:30 84 1019.8 0.0 1.6 12.9 12:00 W-SW 26 13.4 18.7 15:55 9.2 08:30 85 1018.6 0.2 2.4 11.3 11:45 S-SO 27 12.5 18.0 12:50 8.4 20:55 86 1018.7 0.4 3.0 12.9 16:15 NO 28 8.1 12.0 13:55 5.2 07:35 88 1021.4 0.0 2.3 9.7 10:25 N-NO 29 7.2 10.5 15:55 4.8 07:05 88 1021.8 0.2 2.5 12.9 15:30 N-NO 30 7.2 10.8 13:00 2.4 07:45 78 1024.4 0.0 3.1 11.3 00:50 NO 31 5.9 11.5 15:35 1.0 07:30 79 1020.9 0.0 1.1 11.3 11:05 O-SO -------------------------------------------------------------------------------------------------------------- Avg: 13.1 25.7 13 1.0 31 86 1014.1 84.8 2.7 32.2 1 S-SO Distribution WD Values 833 Distribution WD N-NO 11.765% Distribution WD NO 8.884% Distribution WD NO-O 2.641% Distribution WD O 2.761% Distribution WD O-SO 2.881% Distribution WD SO 3.962% Distribution WD SO-S 18.367% Distribution WD S 7.203% Distribution WD S-SW 3.601% Distribution WD SW 7.443% Distribution WD SW-W 15.246% Distribution WD W 10.084% Distribution WD W-NW 1.681% Distribution WD NW 0.240% Distribution WD NW-N 0.480% Distribution WD N 2.761% Rain days >0.0 l/m² Month 21 Rain days >2.0 l/m² Month 11 Rain days >20.0 l/m² Month 1 Ice days max < 0°C 0 Cold days min <= 0°C 0 Cool days max < 10°C 0 Summer days max >=25°C 2 Hot days max >=30°C 0 Last year same Month: Ice days max < 0°C 0 Last year same Month: Cold days min <= 0°C 0 Last year same Month: Cool days max < 10°C 3 Last year same Month: Summer days max >=25°C 3 Last year same Month: Hot days max >=30°C 0 © 1999-2020 Werner Krenn - Wetterstation Bedien- und Auswertesoftware - V2.99.8.8