MONTHLY CLIMATOLOGICAL SUMMARY for Dezember   2018

CITY: Mannheim-Seckenheim    ELEV: 96 m  LAT: 49 28' 7"   LONG: 8 33' 26" 

    TEMPERATURE (C), BAROMETER (hPa), RAIN  (l/m), WIND SPEED (km/h)

        MEAN            TEMPERATURE                                              WIND                   DOM
 DAY    TEMP    HIGH   TIME     LOW   TIME     HUM       Baro      Rain    SPEED      HIGH   TIME       DIR
--------------------------------------------------------------------------------------------------------------
   1     8.1    10.4  13:40     6.1  08:05      92     1015.1       0.2      3.5      12.9  11:55      S-SO
   2    10.5    12.3  15:20     8.1  07:30      91     1005.5       6.8      8.1      24.1  20:25         S
   3    11.9    12.7  09:30    10.8  22:45      97     1004.3      41.8      5.8      22.5  01:55      W-SW
   4     7.9    10.8  00:00     2.6  23:55      90     1018.1       1.6      3.7      17.7  00:45      W-SW
   5     4.6     8.1  14:45     2.3  05:35      94     1023.2       0.0      0.1       3.2  13:45         N
   6     9.6    12.1  23:55     5.6  00:00      95     1018.4       1.8      3.9      14.5  13:05      S-SO
   7    11.8    13.1  11:35     8.9  23:50      84     1011.4       0.4     11.1      29.0  15:50      W-SW
   8     8.1     9.1  00:05     7.3  10:25      86     1008.9       1.6     14.2      33.8  11:00      W-SW
   9     9.1    11.2  03:20     7.7  23:55      82     1004.1       3.6     14.2      32.2  01:40      W-SW
  10     6.3     8.2  14:15     3.4  23:50      81     1020.1       1.4      7.3      17.7  11:00      W-SW
  11     3.9     6.6  12:50     2.3  07:40      86     1022.9       0.2      2.6      14.5  13:45        SW
  12     3.0     5.3  14:35     1.0  23:55      89     1022.7       0.2      1.5      20.9  18:50        NO
  13     1.4     3.2  13:05    -0.6  07:20      76     1018.1       0.0      6.3      19.3  10:55      O-NO
  14     1.6     1.9  00:00     1.3  18:15      70     1020.4       0.0      5.0      14.5  05:45      O-NO
  15     1.1     1.8  14:05    -0.2  23:20      73     1023.2       0.0      3.2      16.1  20:50      O-SO
  16     0.8     3.6  23:10    -1.1  07:10      88     1013.9       2.2      2.4      14.5  01:55      S-SO
  17     4.1     5.2  18:30     3.2  04:40      97     1021.3       1.8      2.5      14.5  09:15         S
  18     5.1     8.2  14:30     3.0  06:20      90     1023.0       0.2      2.0      11.3  12:45        SO
  19     5.1     6.9  13:20     2.9  06:45      88     1015.2       1.4      3.2      16.1  02:30      S-SO
  20     6.9     8.1  14:00     5.8  03:55      91     1015.6       1.0      7.1      20.9  12:05      W-SW
  21     9.6    12.4  19:55     7.2  00:00      89     1011.0       1.2     12.5      27.4  19:20      W-SW
  22    11.3    12.4  08:00     9.4  23:25      84     1015.1       1.0      7.8      24.1  07:45      W-SW
  23     9.7    13.2  23:55     8.1  07:50      92     1019.1       6.6      3.8      20.9  23:35      W-SW
  24     6.7    14.1  01:45     0.4  23:40      85     1025.8       7.2      6.0      29.0  01:55      N-NO
  25     0.4     4.4  14:40    -2.6  08:15      90     1035.5       0.0      0.7       8.0  16:00      O-NO
  26    -0.9    -0.2  21:05    -1.7  02:10      96     1033.3       0.2      1.3       9.7  03:00      S-SW
  27    -0.1     0.8  15:30    -0.6  01:55      95     1028.4       0.0      0.4       4.8  15:35      S-SW
  28     0.5     1.3  18:55    -0.4  04:05      94     1029.6       0.0      0.6       6.4  00:35      S-SW
  29     1.9     3.7  23:55     0.5  05:00      93     1032.7       1.0      3.5      14.5  21:05         S
  30     6.3     7.9  13:55     3.7  00:00      89     1032.1       1.0      5.3      25.7  00:15      W-SW
  31     6.4     8.0  14:40     5.4  02:40      97     1032.9       1.4      1.3       8.0  10:15      S-SO
--------------------------------------------------------------------------------------------------------------
Avg:     5.6    14.1     24    -2.6     25      88     1020.0      85.8      4.9      33.8      8      W-SW


Distribution WD Values         2730
Distribution WD N-NO        2.930%
Distribution WD NO          2.784%
Distribution WD NO-O        3.333%
Distribution WD O           2.930%
Distribution WD O-SO        1.319%
Distribution WD SO          1.832%
Distribution WD SO-S        7.582%
Distribution WD S          10.330%
Distribution WD S-SW        6.374%
Distribution WD SW         16.886%
Distribution WD SW-W       33.956%
Distribution WD W           7.656%
Distribution WD W-NW        0.440%
Distribution WD NW          0.110%
Distribution WD NW-N        0.366%
Distribution WD N           1.172%

Rain days >0.0 l/m Month     24
Rain days >2.0 l/m Month     6
Rain days >20.0 l/m Month    1


Ice days    max <  0C      1
Cold days   min <= 0C      7
Cool days   max < 10C     20
Summer days max >=25C      0
Hot days    max >=30C      0

Last year same Month: Ice days    max <  0C      1
Last year same Month: Cold days   min <= 0C      5
Last year same Month: Cool days   max < 10C     29
Last year same Month: Summer days max >=25C      0
Last year same Month: Hot days    max >=30C      0

 1999-2020  Werner Krenn - Wetterstation Bedien- und Auswertesoftware - V2.99.8.8