MONTHLY CLIMATOLOGICAL SUMMARY for November   2018

CITY: Mannheim-Seckenheim    ELEV: 96 m  LAT: 49 28' 7"   LONG: 8 33' 26" 

    TEMPERATURE (C), BAROMETER (hPa), RAIN  (l/m), WIND SPEED (km/h)

        MEAN            TEMPERATURE                                              WIND                   DOM
 DAY    TEMP    HIGH   TIME     LOW   TIME     HUM       Baro      Rain    SPEED      HIGH   TIME       DIR
--------------------------------------------------------------------------------------------------------------
   1     7.4    11.6  16:00     3.7  06:15      89     1012.0       0.0      1.2      12.9  21:20      S-SO
   2    10.0    14.4  14:15     5.4  07:40      82     1021.6       0.2      1.8      11.3  20:40         N
   3    10.0    14.1  14:40     5.8  08:15      77     1025.4       0.0      2.0      11.3  15:00        NO
   4    11.4    13.3  12:55     9.9  03:35      83     1015.5       0.0      0.5       6.4  13:25        NO
   5    10.5    14.0  14:45     7.7  21:25      89     1008.4       0.0      0.3       4.8  00:00         N
   6     8.1    11.7  15:20     5.2  08:25      96     1007.8       0.2      1.5       9.7  17:10         S
   7    10.8    16.9  14:50     5.4  08:25      86     1011.2       0.8      0.9       9.7  13:25        SO
   8    12.3    15.2  13:55    10.8  08:15      84     1018.9       0.0      1.4       9.7  21:50      O-SO
   9    11.0    15.7  15:00     7.1  08:10      87     1014.0       0.0      1.5       9.7  14:00      S-SO
  10    11.8    14.6  19:50     9.3  01:50      83     1008.0       2.2      3.5      11.3  09:15         S
  11    13.4    17.2  14:05    10.7  06:00      84     1010.5       6.0      5.2      20.9  22:10      S-SO
  12    14.8    16.9  15:20    12.4  21:20      75     1015.2       0.0      3.0      11.3  06:25      S-SO
  13    11.7    14.6  14:45     7.8  23:35      89     1025.3       8.1      3.2      19.3  14:50      W-SW
  14     6.4     8.2  13:55     3.7  06:40      96     1028.7       0.2      0.8       6.4  12:50      N-NO
  15     6.7     7.3  12:50     6.2  19:10      94     1026.8       0.0      1.3       8.0  15:10        NO
  16     7.1    11.7  15:00     3.4  08:20      79     1027.5       0.0      1.6       9.7  11:20      O-NO
  17     6.5    11.4  13:45     2.3  06:35      69     1027.2       0.0      7.2      22.5  18:20        NO
  18     4.7     9.7  13:55     0.9  05:15      62     1023.6       0.0      3.8      16.1  14:55        NO
  19     3.1     5.3  11:40    -0.8  04:35      75     1013.4       0.0      9.7      27.4  21:00        NO
  20     3.8     5.9  13:55     0.9  22:15      75     1007.1       0.0      5.5      27.4  00:30      O-NO
  21     2.1     4.1  12:40    -1.7  07:40      87     1014.5       0.0      1.4       9.7  13:00      O-NO
  22     2.9     5.4  14:50    -0.8  23:00      83     1019.3       0.0      1.7       9.7  07:50      O-NO
  23     1.4     6.4  14:30    -2.1  04:55      90     1017.5       0.0      0.3       4.8  09:05         N
  24     6.0     9.1  15:35     1.4  00:00      90     1011.9       1.6      2.9      14.5  10:50      S-SO
  25     7.3     9.4  11:05     5.0  21:55      88     1008.0       0.4      1.1      11.3  18:35      O-NO
  26     6.3     7.7  13:50     4.9  23:45      85     1008.0       2.0      2.6      14.5  04:55        NO
  27     4.2     5.1  13:45     3.7  07:25      91     1018.2       0.0      0.6       4.8  02:40         N
  28     4.2     7.1  14:25     0.7  05:30      87     1022.5       0.4      2.9      14.5  19:35      O-SO
  29     5.6     7.8  14:20     3.6  08:05      86     1017.8       0.2      0.8       9.7  16:20         O
  30     6.9     7.9  23:10     5.2  01:15      88     1014.2       3.6      2.8       9.7  04:45      S-SO
--------------------------------------------------------------------------------------------------------------
Avg:     7.6    17.2     11    -2.1     23      84     1016.7      25.9      2.4      27.4     19        NO


Distribution WD Values         1065
Distribution WD N-NO       12.113%
Distribution WD NO         19.343%
Distribution WD NO-O       17.371%
Distribution WD O           9.953%
Distribution WD O-SO        4.225%
Distribution WD SO          3.850%
Distribution WD SO-S       10.235%
Distribution WD S           7.606%
Distribution WD S-SW        3.005%
Distribution WD SW          4.789%
Distribution WD SW-W        4.038%
Distribution WD W           2.347%
Distribution WD W-NW        0.000%
Distribution WD NW          0.000%
Distribution WD NW-N        0.282%
Distribution WD N           0.845%

Rain days >0.0 l/m Month     13
Rain days >2.0 l/m Month     5
Rain days >20.0 l/m Month    0


Ice days    max <  0C      0
Cold days   min <= 0C      4
Cool days   max < 10C     15
Summer days max >=25C      0
Hot days    max >=30C      0

Last year same Month: Ice days    max <  0C      0
Last year same Month: Cold days   min <= 0C      2
Last year same Month: Cool days   max < 10C     21
Last year same Month: Summer days max >=25C      0
Last year same Month: Hot days    max >=30C      0

 1999-2020  Werner Krenn - Wetterstation Bedien- und Auswertesoftware - V2.99.8.8