MONTHLY CLIMATOLOGICAL SUMMARY for Oktober    2018

CITY: Mannheim-Seckenheim    ELEV: 96 m  LAT: 49 28' 7"   LONG: 8 33' 26" 

    TEMPERATURE (C), BAROMETER (hPa), RAIN  (l/m), WIND SPEED (km/h)

        MEAN            TEMPERATURE                                              WIND                   DOM
 DAY    TEMP    HIGH   TIME     LOW   TIME     HUM       Baro      Rain    SPEED      HIGH   TIME       DIR
--------------------------------------------------------------------------------------------------------------
   1    11.9    16.8  15:40     8.7  05:00      69     1016.1       0.0      4.5      19.3  18:10      N-NO
   2     9.0    11.7  21:20     4.4  04:55      81     1021.7       0.0      6.0      19.3  21:10      W-SW
   3    13.4    19.0  16:25     7.8  23:55      77     1023.7       0.0      4.9      19.3  12:00      W-SW
   4    11.2    19.3  16:15     4.9  07:00      79     1025.9       0.0      0.8       8.0  13:40      N-NO
   5    12.6    22.1  17:00     5.4  06:20      80     1019.0       0.0      1.5      11.3  16:20      O-SO
   6    15.8    23.6  15:10     9.1  06:05      77     1010.8       0.0      1.9      16.1  14:00      S-SO
   7    14.6    21.7  15:05     9.8  07:05      83     1013.2       0.0      3.4      12.9  12:30        NO
   8    13.9    21.7  16:45     8.1  07:55      82     1019.5       0.0      1.1       8.0  11:50      N-NO
   9    14.6    22.2  15:20     8.9  07:15      85     1020.3       0.0      0.7       8.0  14:30         N
  10    16.0    23.9  16:50     8.8  07:30      79     1016.1       0.2      1.7      12.9  21:30         O
  11    15.2    20.7  14:15     9.2  08:00      84     1013.2       0.0      1.1      11.3  12:40      W-SW
  12    18.8    26.3  16:00    14.5  23:55      75     1019.8       0.0      2.5      14.5  15:20      S-SO
  13    17.6    26.9  16:05    10.9  07:50      74     1019.0       0.0      0.8       8.0  16:45      O-NO
  14    16.7    26.4  15:20     9.9  07:45      70     1011.5       0.0      1.4      11.3  14:30        SO
  15    15.7    24.5  17:10    10.1  07:15      75     1012.2       0.0      0.8       8.0  12:30      O-NO
  16    14.2    23.9  16:30     7.5  08:15      79     1016.7       0.0      0.3       6.4  13:05         N
  17    14.4    21.9  16:05     8.2  08:00      82     1017.4       0.0      0.4       8.0  13:45         O
  18    15.1    22.4  15:15     9.3  08:20      81     1018.7       0.0      2.8      14.5  15:40        NO
  19    13.6    20.2  16:10     8.6  08:10      84     1021.4       0.0      0.8       8.0  14:05        NO
  20    13.1    18.6  13:55     8.9  08:05      80     1026.5       0.0      1.6      12.9  14:10      N-NO
  21    10.4    17.7  15:45     4.0  08:00      75     1026.9       0.0      0.9      11.3  13:40         O
  22    10.0    16.9  15:00     4.5  08:05      79     1027.8       0.0      2.7      14.5  16:55        NO
  23     9.9    14.4  15:40     4.3  06:15      77     1026.5       0.0      2.8      14.5  14:50      W-SW
  24    13.3    15.5  14:10    11.7  02:00      82     1022.3       0.4      5.8      19.3  10:30      W-SW
  25    13.8    16.7  16:05    12.0  23:55      84     1018.9       0.4      3.1      14.5  14:10      W-SW
  26    11.3    13.7  13:10     8.8  05:40      78     1010.1       0.0      4.4      19.3  13:35      W-SW
  27     8.6    10.8  00:00     6.6  08:25      81     1007.5       2.6      1.8      14.5  02:10      W-SW
  28     6.5     7.3  00:00     5.4  13:45      82     1007.9       1.0      7.8      22.5  14:30      N-NO
  29     6.5     7.5  18:35     5.9  00:00      85      998.1       0.0      6.1      14.5  13:30      N-NO
  30     6.9     8.1  19:15     5.9  14:10      85      996.1       3.2     10.1      37.0  15:20         W
  31     7.4    12.2  12:25     2.3  07:00      83     1013.4       0.0      0.8       6.4  00:00      S-SW
--------------------------------------------------------------------------------------------------------------
Avg:    12.6    26.9     13     2.3     31      80     1016.7       7.8      2.7      37.0     30      W-SW


Distribution WD Values         1242
Distribution WD N-NO       19.163%
Distribution WD NO         13.929%
Distribution WD NO-O        4.106%
Distribution WD O           1.932%
Distribution WD O-SO        1.771%
Distribution WD SO          2.335%
Distribution WD SO-S        2.899%
Distribution WD S           2.093%
Distribution WD S-SW        3.060%
Distribution WD SW         11.353%
Distribution WD SW-W       22.947%
Distribution WD W          10.306%
Distribution WD W-NW        0.564%
Distribution WD NW          0.403%
Distribution WD NW-N        0.886%
Distribution WD N           2.254%

Rain days >0.0 l/m Month     6
Rain days >2.0 l/m Month     2
Rain days >20.0 l/m Month    0


Ice days    max <  0C      0
Cold days   min <= 0C      0
Cool days   max < 10C      3
Summer days max >=25C      3
Hot days    max >=30C      0

Last year same Month: Ice days    max <  0C      0
Last year same Month: Cold days   min <= 0C      0
Last year same Month: Cool days   max < 10C      0
Last year same Month: Summer days max >=25C      0
Last year same Month: Hot days    max >=30C      0

 1999-2020  Werner Krenn - Wetterstation Bedien- und Auswertesoftware - V2.99.8.8