MONTHLY CLIMATOLOGICAL SUMMARY for September  2018

CITY: Mannheim-Seckenheim    ELEV: 96 m  LAT: 49 28' 7"   LONG: 8 33' 26" 

    TEMPERATURE (C), BAROMETER (hPa), RAIN  (l/m), WIND SPEED (km/h)

        MEAN            TEMPERATURE                                              WIND                   DOM
 DAY    TEMP    HIGH   TIME     LOW   TIME     HUM       Baro      Rain    SPEED      HIGH   TIME       DIR
--------------------------------------------------------------------------------------------------------------
   1    17.3    23.7  16:55    10.7  06:15      60     1022.1       0.0      4.3      20.9  13:55        NO
   2    16.8    19.6  15:35    13.6  02:00      68     1020.5       0.2      4.6      16.1  10:10        NO
   3    18.7    23.6  17:50    15.3  03:05      81     1015.4       0.4      1.3       9.7  15:40        NO
   4    19.9    27.4  16:15    14.9  04:20      82     1014.4       1.6      1.0       9.7  14:40      N-NO
   5    21.6    29.3  16:45    15.1  07:05      73     1014.1       0.0      1.0       9.7  15:30      O-NO
   6    19.6    28.5  14:45    15.6  06:10      81     1010.2      11.6      1.3      11.3  14:50      O-NO
   7    18.7    22.6  14:25    16.1  06:25      82     1013.2       0.2      4.1      17.7  20:05        SW
   8    16.8    23.1  16:25    11.2  06:40      71     1019.4       0.0      1.8      11.3  14:05        SW
   9    17.3    25.7  15:10    10.6  07:05      70     1020.1       0.0      1.3      11.3  12:30      O-SO
  10    19.7    29.2  16:50    10.8  06:35      66     1020.7       0.0      2.7      16.1  16:00         W
  11    20.4    28.7  16:45    12.9  06:45      66     1022.3       0.0      2.1      14.5  13:45      W-SW
  12    22.6    32.1  15:45    14.2  05:50      61     1018.6       0.0      3.2      14.5  15:30      W-SW
  13    18.7    22.1  00:00    15.8  06:55      80     1017.2       1.2      2.2      11.3  13:15        NO
  14    18.6    23.3  16:50    15.1  07:00      80     1018.5       0.4      1.8       8.0  07:20         N
  15    17.1    22.9  15:40    11.0  07:05      64     1022.4       0.0      2.0      12.9  12:50      N-NO
  16    16.9    26.2  16:20     8.8  07:10      67     1021.2       0.0      1.6      11.3  14:40         O
  17    18.9    28.4  16:10    11.2  07:30      65     1018.0       0.0      1.6      11.3  14:40      W-SW
  18    21.7    30.9  15:55    11.9  06:35      65     1014.4       0.0      3.0      16.1  14:00      S-SO
  19    23.2    30.3  15:30    17.3  07:25      63     1017.2       0.0      3.1      12.9  14:30      W-SW
  20    22.3    29.7  16:10    16.2  07:15      67     1016.4       0.0      2.2      17.7  13:35      S-SO
  21    19.1    26.2  12:40    13.8  23:50      72     1011.2       2.8      6.6      24.1  12:25      W-SW
  22    14.5    19.7  15:50    10.3  06:55      71     1020.5       0.4      4.0      17.7  13:35      W-SW
  23    15.9    24.0  15:05    11.1  23:55      86     1012.0      14.8     10.1      32.2  15:10      W-SW
  24    12.1    16.0  14:45     8.4  07:05      71     1030.4       0.0      3.9      16.1  02:20        NO
  25    10.9    16.9  15:55     5.0  06:55      69     1036.5       0.0      2.8      14.5  14:50      N-NO
  26    10.7    18.6  16:35     3.7  07:15      66     1033.5       0.0      1.1      11.3  12:30        SO
  27    13.1    23.4  17:15     5.3  07:15      73     1027.5       0.0      0.9       6.4  13:10        SO
  28    14.6    21.9  15:55     8.4  07:15      72     1021.7       0.0      4.2      20.9  20:00        NO
  29    11.9    18.1  15:45     6.5  06:25      62     1025.0       0.0      4.0      16.1  12:05      N-NO
  30    11.0    19.7  16:05     3.7  07:35      72     1016.4       0.0      1.0       9.7  12:20      O-SO
--------------------------------------------------------------------------------------------------------------
Avg:    17.4    32.1     12     3.7     26      71     1019.7      33.6      2.8      32.2     23        NO


Distribution WD Values         1237
Distribution WD N-NO       13.824%
Distribution WD NO         16.572%
Distribution WD NO-O        7.357%
Distribution WD O           4.608%
Distribution WD O-SO        3.476%
Distribution WD SO          3.072%
Distribution WD SO-S        4.931%
Distribution WD S           2.183%
Distribution WD S-SW        2.749%
Distribution WD SW          9.863%
Distribution WD SW-W       16.572%
Distribution WD W          10.914%
Distribution WD W-NW        0.808%
Distribution WD NW          0.323%
Distribution WD NW-N        0.485%
Distribution WD N           2.264%

Rain days >0.0 l/m Month     10
Rain days >2.0 l/m Month     3
Rain days >20.0 l/m Month    0


Ice days    max <  0C      0
Cold days   min <= 0C      0
Cool days   max < 10C      0
Summer days max >=25C     13
Hot days    max >=30C      3

Last year same Month: Ice days    max <  0C      0
Last year same Month: Cold days   min <= 0C      0
Last year same Month: Cool days   max < 10C      0
Last year same Month: Summer days max >=25C      1
Last year same Month: Hot days    max >=30C      0

 1999-2020  Werner Krenn - Wetterstation Bedien- und Auswertesoftware - V2.99.8.8