MONTHLY CLIMATOLOGICAL SUMMARY for Juli       2018

CITY: Mannheim-Seckenheim    ELEV: 96 m  LAT: 49 28' 7"   LONG: 8 33' 26" 

    TEMPERATURE (C), BAROMETER (hPa), RAIN  (l/m), WIND SPEED (km/h)

        MEAN            TEMPERATURE                                              WIND                   DOM
 DAY    TEMP    HIGH   TIME     LOW   TIME     HUM       Baro      Rain    SPEED      HIGH   TIME       DIR
--------------------------------------------------------------------------------------------------------------
   1    22.7    28.4  16:05    16.1  06:00      38     1013.4       0.0      6.4      19.3  18:05      N-NO
   2    22.8    29.8  16:50    15.7  04:45      40     1012.8       0.0      5.0      16.1  11:35        NO
   3    23.5    31.5  16:45    14.5  06:10      42     1013.6       0.0      2.1      11.3  14:55      N-NO
   4    22.5    30.7  13:50    17.4  05:50      68     1012.9       1.0      2.4      19.3  14:40        SW
   5    20.4    23.4  16:40    16.1  04:45      84     1012.5       0.0      2.7      11.3  15:05      W-SW
   6    23.4    30.2  17:25    18.7  05:35      67     1016.3       0.0      5.0      25.7  16:40        NO
   7    22.8    29.9  17:05    16.2  05:55      60     1019.9       0.0      3.6      16.1  13:50        NO
   8    22.8    29.1  16:10    15.4  05:55      49     1019.7       0.0      4.4      14.5  14:15        NO
   9    22.6    29.1  17:35    15.4  05:15      49     1018.2       0.0      4.4      17.7  12:55        NO
  10    19.8    22.9  16:10    16.6  09:10      61     1015.1       0.8      5.7      17.7  13:25        NO
  11    18.1    23.5  15:40    14.1  06:00      69     1014.7       0.0      3.1      12.9  14:30        NO
  12    21.1    26.7  17:15    17.4  05:55      65     1015.8       0.0      3.5      14.5  11:05        NO
  13    22.8    30.3  15:55    15.0  05:40      62     1017.2       0.0      2.9      14.5  20:05      N-NO
  14    23.9    31.6  16:10    16.0  05:45      56     1016.1       0.0      2.4      16.1  16:45        NO
  15    22.7    31.7  14:25    16.4  05:50      64     1013.6       0.6      3.3      16.1  18:20         O
  16    23.3    30.4  17:15    17.2  06:45      65     1011.7       0.4      2.9      12.9  12:20         O
  17    22.6    31.6  13:20    16.4  05:30      67     1012.6       4.2      2.3      17.7  13:55      W-SW
  18    23.2    29.4  16:00    16.5  06:05      58     1015.5       0.0      3.6      12.9  09:15        NO
  19    23.4    30.6  16:55    15.6  05:55      52     1015.0       0.0      2.7      12.9  17:30        NO
  20    24.7    32.8  15:45    15.9  06:05      48     1011.1       0.0      2.1      11.3  16:50        NO
  21    21.0    24.4  00:15    18.7  23:10      82     1010.0       4.0      2.1       9.7  03:00      O-SO
  22    20.6    27.8  15:25    17.6  02:55      87     1012.5      31.0      1.7      22.5  16:30        NO
  23    22.7    29.9  16:40    16.7  06:05      77     1015.1       0.0      0.9       9.7  11:40        SW
  24    25.0    33.4  16:35    16.7  06:00      64     1012.6       0.0      1.5      12.9  16:55        NO
  25    26.7    34.3  18:20    18.4  06:00      58     1012.1       0.0      1.4      11.3  13:40      N-NO
  26    28.1    35.4  16:25    19.7  05:55      52     1012.0       0.0      2.7      14.5  15:35         O
  27    27.3    34.5  17:10    19.0  06:25      53     1009.8       0.0      2.2      12.9  16:45         O
  28    25.9    31.9  14:45    20.3  05:40      61     1007.7       0.0      5.1      24.1  16:15         W
  29    25.4    32.2  17:50    19.9  05:45      62     1012.5       0.0      3.4      16.1  15:40      W-SW
  30    27.0    35.6  17:15    18.4  05:30      54     1013.2       0.0      1.9      12.9  15:30      W-SW
  31    28.2    36.2  15:15    19.2  06:20      52     1013.6       0.0      2.1      12.9  15:35         W
--------------------------------------------------------------------------------------------------------------
Avg:    23.4    36.2     31    14.1     11      60     1013.8      42.0      3.1      25.7      6        NO


Distribution WD Values         1475
Distribution WD N-NO       18.237%
Distribution WD NO         25.153%
Distribution WD NO-O       10.034%
Distribution WD O           8.881%
Distribution WD O-SO        4.475%
Distribution WD SO          2.576%
Distribution WD SO-S        2.508%
Distribution WD S           1.695%
Distribution WD S-SW        2.305%
Distribution WD SW          5.695%
Distribution WD SW-W        6.508%
Distribution WD W           4.746%
Distribution WD W-NW        0.610%
Distribution WD NW          0.678%
Distribution WD NW-N        1.356%
Distribution WD N           4.542%

Rain days >0.0 l/m Month     7
Rain days >2.0 l/m Month     3
Rain days >20.0 l/m Month    1


Ice days    max <  0C      0
Cold days   min <= 0C      0
Cool days   max < 10C      0
Summer days max >=25C     27
Hot days    max >=30C     18

Last year same Month: Ice days    max <  0C      0
Last year same Month: Cold days   min <= 0C      0
Last year same Month: Cool days   max < 10C      0
Last year same Month: Summer days max >=25C     21
Last year same Month: Hot days    max >=30C     10

 1999-2020  Werner Krenn - Wetterstation Bedien- und Auswertesoftware - V2.99.8.8