MONTHLY CLIMATOLOGICAL SUMMARY for Juni       2018

CITY: Mannheim-Seckenheim    ELEV: 96 m  LAT: 49 28' 7"   LONG: 8 33' 26" 

    TEMPERATURE (C), BAROMETER (hPa), RAIN  (l/m), WIND SPEED (km/h)

        MEAN            TEMPERATURE                                              WIND                   DOM
 DAY    TEMP    HIGH   TIME     LOW   TIME     HUM       Baro      Rain    SPEED      HIGH   TIME       DIR
--------------------------------------------------------------------------------------------------------------
   1    20.8    26.2  15:35    16.4  03:35      80     1015.5      45.6      5.9      37.0  01:40      W-SW
   2    20.8    26.9  17:55    15.7  05:50      76     1017.0       0.0      2.1       9.7  15:40      W-SW
   3    22.3    28.5  16:45    15.6  05:30      70     1015.3       0.0      3.0       9.7  10:10        NO
   4    23.4    30.3  17:30    16.3  05:45      65     1009.2       0.0      2.5      12.9  18:55        NO
   5    24.0    29.9  15:45    18.3  04:55      65     1008.2       0.0      4.8      16.1  15:55        NO
   6    23.5    30.7  15:20    16.9  05:45      69     1009.7       0.0      2.5      14.5  15:20        NO
   7    22.8    28.0  18:20    19.0  20:55      75     1012.2      19.8      2.9      24.1  20:50        SW
   8    23.0    28.8  16:40    18.8  05:55      81     1010.7       2.6      1.8       9.7  17:20        NO
   9    22.7    29.9  16:15    19.1  04:20      80     1009.8       4.0      2.3      19.3  19:35      N-NO
  10    23.0    28.8  18:00    18.6  05:35      83     1009.7       1.0      2.0      11.3  16:15      W-SW
  11    21.4    27.7  15:15    18.4  04:15      88     1007.9       8.0      2.1      16.1  17:00      N-NO
  12    17.7    20.1  14:50    16.7  23:10      91     1008.2       2.8      4.3      17.7  19:25        NO
  13    16.5    18.2  10:50    15.1  05:55      74     1013.0       0.0      5.8      14.5  09:40      N-NO
  14    17.6    22.1  16:45    14.2  04:55      70     1015.3       0.0      1.5      11.3  17:10      W-SW
  15    19.3    23.9  17:25    14.7  05:05      74     1015.5       0.0      1.9      12.9  00:25        NO
  16    21.9    27.6  18:00    17.2  02:45      67     1013.9       0.0      1.8      11.3  11:45         W
  17    20.8    24.2  14:50    17.2  06:30      65     1016.4       0.0      3.9      14.5  19:00        SW
  18    19.9    24.1  13:50    15.1  05:40      66     1020.6       0.0      2.7      11.3  11:15      W-SW
  19    21.6    26.3  16:50    16.9  05:45      72     1022.2       0.0      3.0      17.7  14:40        NO
  20    23.8    31.1  16:50    15.5  05:35      69     1019.0       0.0      2.2      11.3  19:55      O-NO
  21    21.4    27.0  12:40    14.1  23:45      63     1015.7       0.0      7.9      27.4  18:45        NO
  22    15.1    20.4  15:55    10.2  05:35      61     1023.5       0.0      7.0      22.5  12:10        NO
  23    15.2    21.7  15:20     9.4  04:45      68     1024.4       0.0      5.0      20.9  18:00        NO
  24    17.2    22.6  14:50    10.8  05:00      67     1020.4       0.0      3.2      14.5  22:20        NO
  25    18.9    24.0  16:35    14.6  06:10      66     1021.0       0.0      3.9      16.1  21:55        NO
  26    20.4    25.8  15:10    14.7  02:40      67     1021.2       0.0      2.9      14.5  17:40        NO
  27    21.1    28.1  16:40    13.4  06:00      61     1020.2       0.0      5.5      22.5  15:40        NO
  28    22.0    27.7  15:40    15.2  03:45      57     1017.9       0.0      6.0      22.5  10:55      N-NO
  29    23.9    30.3  16:30    19.4  05:25      62     1014.0       0.0      3.0      14.5  15:20        NO
  30    24.5    31.7  16:30    17.3  05:30      53     1011.7       0.0      4.9      16.1  13:35        NO
--------------------------------------------------------------------------------------------------------------
Avg:    20.9    31.7     30     9.4     23      70     1015.3      83.8      3.6      37.0      1        NO


Distribution WD Values         1730
Distribution WD N-NO       24.220%
Distribution WD NO         31.329%
Distribution WD NO-O       11.618%
Distribution WD O           6.358%
Distribution WD O-SO        1.965%
Distribution WD SO          0.809%
Distribution WD SO-S        0.694%
Distribution WD S           1.214%
Distribution WD S-SW        1.734%
Distribution WD SW          5.318%
Distribution WD SW-W        6.301%
Distribution WD W           3.353%
Distribution WD W-NW        0.231%
Distribution WD NW          0.694%
Distribution WD NW-N        0.983%
Distribution WD N           3.179%

Rain days >0.0 l/m Month     7
Rain days >2.0 l/m Month     6
Rain days >20.0 l/m Month    1


Ice days    max <  0C      0
Cold days   min <= 0C      0
Cool days   max < 10C      0
Summer days max >=25C     20
Hot days    max >=30C      5

Last year same Month: Ice days    max <  0C      0
Last year same Month: Cold days   min <= 0C      0
Last year same Month: Cool days   max < 10C      0
Last year same Month: Summer days max >=25C     24
Last year same Month: Hot days    max >=30C      8

 1999-2020  Werner Krenn - Wetterstation Bedien- und Auswertesoftware - V2.99.8.8