MONTHLY CLIMATOLOGICAL SUMMARY for Mai        2018

CITY: Mannheim-Seckenheim    ELEV: 96 m  LAT: 49 28' 7"   LONG: 8 33' 26" 

    TEMPERATURE (C), BAROMETER (hPa), RAIN  (l/m), WIND SPEED (km/h)

        MEAN            TEMPERATURE                                              WIND                   DOM
 DAY    TEMP    HIGH   TIME     LOW   TIME     HUM       Baro      Rain    SPEED      HIGH   TIME       DIR
--------------------------------------------------------------------------------------------------------------
   1    10.7    15.7  18:05     6.8  06:20      62     1011.9       0.0      5.9      17.7  03:45      W-SW
   2    11.3    17.9  17:05     4.1  05:00      69     1011.7       0.0      1.8       9.7  16:40        NO
   3    14.8    20.8  17:05    10.4  06:05      65     1013.3       0.0      4.6      16.1  17:30        NO
   4    16.3    23.3  16:35     8.9  06:30      60     1017.1       0.0      7.8      20.9  14:40        NO
   5    18.7    25.7  16:30    10.7  06:30      56     1019.5       0.0      7.5      20.9  13:45      N-NO
   6    19.9    26.1  15:55    12.7  06:00      48     1019.5       0.0      6.4      17.7  15:50        NO
   7    20.4    26.9  16:45    11.7  06:30      48     1015.6       0.0      5.5      14.5  03:45      O-NO
   8    20.8    27.6  16:30    12.8  06:40      48     1008.8       0.0      4.0      19.3  16:50         O
   9    20.3    27.3  17:05    12.7  06:25      58     1004.8       0.0      2.1      11.3  11:20         O
  10    16.0    18.8  11:05    13.4  23:55      80     1009.3       2.4      2.4      16.1  16:40        SW
  11    15.9    22.5  15:55     9.4  06:20      75     1017.0       0.0      1.6      11.3  09:35        NO
  12    19.2    26.7  17:50    10.8  05:45      70     1012.2       0.0      2.6      12.9  23:45         O
  13    18.0    22.2  00:00    15.3  22:55      81     1007.8       0.0      3.6      14.5  04:25        SW
  14    16.0    22.2  16:40    12.4  05:30      93     1007.4       9.6      2.0      14.5  19:35      N-NO
  15    17.3    23.7  14:50    11.2  06:10      73     1010.6       0.2      4.4      19.3  14:15        NO
  16    15.6    20.8  16:55    12.4  05:10      83     1012.6       9.8      3.5      16.1  14:00        NO
  17    15.0    18.6  17:15    11.7  23:55      80     1016.5       3.4      5.1      14.5  08:10      N-NO
  18    13.6    19.1  17:25     7.7  05:45      76     1019.0       0.0      4.6      16.1  17:20        NO
  19    14.9    21.7  16:50     8.0  05:55      72     1018.8       0.0      3.6      14.5  11:15        NO
  20    14.8    17.4  18:25    12.3  06:00      87     1018.3       3.4      0.8       9.7  20:20        NO
  21    20.4    26.4  17:05    15.3  00:10      59     1012.4       0.0      4.2      12.9  02:55         O
  22    19.1    26.1  13:50    13.3  05:40      75     1010.5       0.2      1.7      17.7  14:35      N-NO
  23    17.8    25.4  16:35    14.5  04:30      86     1015.1       8.2      1.7      19.3  19:00        NO
  24    18.4    24.6  15:30    13.3  06:25      85     1016.1       0.2      1.7      11.3  13:40         O
  25    20.3    26.5  17:55    14.2  05:05      78     1016.3       0.0      2.4       9.7  11:50        NO
  26    22.6    29.3  16:40    15.0  06:05      69     1017.3       0.0      1.8      11.3  11:00      O-NO
  27    22.5    29.9  14:30    17.3  04:45      75     1015.8       0.2      1.5      12.9  14:15         O
  28    24.1    31.4  16:20    16.6  05:10      70     1013.8       0.0      2.4      12.9  15:50      O-NO
  29    22.1    26.2  15:55    18.3  04:10      76     1011.7       0.0      3.3      16.1  14:50      W-SW
  30    23.4    30.3  16:50    16.0  04:05      68     1012.4       0.0      2.4      12.9  18:35         O
  31    23.8    29.6  16:00    17.6  06:15      71     1011.9       2.2      2.7      14.5  15:20        SW
--------------------------------------------------------------------------------------------------------------
Avg:    18.2    31.4     28     4.1      2      71     1013.7      39.8      3.4      20.9      4        NO


Distribution WD Values         1761
Distribution WD N-NO       21.011%
Distribution WD NO         28.052%
Distribution WD NO-O       15.048%
Distribution WD O          11.698%
Distribution WD O-SO        4.429%
Distribution WD SO          1.306%
Distribution WD SO-S        0.170%
Distribution WD S           0.511%
Distribution WD S-SW        0.795%
Distribution WD SW          3.861%
Distribution WD SW-W        5.168%
Distribution WD W           2.499%
Distribution WD W-NW        0.341%
Distribution WD NW          1.136%
Distribution WD NW-N        0.852%
Distribution WD N           3.123%

Rain days >0.0 l/m Month     11
Rain days >2.0 l/m Month     7
Rain days >20.0 l/m Month    0


Ice days    max <  0C      0
Cold days   min <= 0C      0
Cool days   max < 10C      0
Summer days max >=25C     16
Hot days    max >=30C      2

Last year same Month: Ice days    max <  0C      0
Last year same Month: Cold days   min <= 0C      0
Last year same Month: Cool days   max < 10C      0
Last year same Month: Summer days max >=25C     11
Last year same Month: Hot days    max >=30C      5

 1999-2020  Werner Krenn - Wetterstation Bedien- und Auswertesoftware - V2.99.8.8