MONTHLY CLIMATOLOGICAL SUMMARY for Mrz       2018

CITY: Mannheim-Seckenheim    ELEV: 96 m  LAT: 49 28' 7"   LONG: 8 33' 26" 

    TEMPERATURE (C), BAROMETER (hPa), RAIN  (l/m), WIND SPEED (km/h)

        MEAN            TEMPERATURE                                              WIND                   DOM
 DAY    TEMP    HIGH   TIME     LOW   TIME     HUM       Baro      Rain    SPEED      HIGH   TIME       DIR
--------------------------------------------------------------------------------------------------------------
   1    -2.0     2.5  15:30    -5.9  00:55      47     1006.1       0.0     10.6      20.9  16:50      O-NO
   2    -1.3     1.4  15:45    -3.5  06:55      62      997.8       0.0      5.6      17.7  09:50      O-NO
   3     1.7     6.6  15:40    -1.8  00:00      87      997.3       2.0      1.7       9.7  12:25      N-NW
   4     6.5    13.1  16:15     1.5  01:50      83      997.4       0.2      4.1      16.1  21:25      O-SO
   5     8.8    14.6  15:35     3.7  23:55      76      994.9       0.2      3.2      11.3  11:15      S-SO
   6     5.3    11.2  16:05    -0.2  06:20      81      991.1       0.6      0.7       8.0  14:40         N
   7     6.8    11.4  15:15     3.6  06:25      85      996.3       1.4      5.8      27.4  16:20      W-SW
   8     7.5    12.4  16:10     3.0  05:05      78     1004.2       2.4      7.4      25.7  20:20         S
   9     7.2     9.8  13:25     4.7  00:00      92     1007.4       4.0      1.7      11.3  12:30      S-SO
  10    10.6    13.2  13:45     7.2  05:00      92     1003.4       2.0      2.3      12.9  10:20         S
  11    10.8    14.8  14:30     7.5  07:30      91      996.6       0.2      1.4      11.3  14:15      S-SW
  12    10.8    14.4  14:45     9.7  05:20      88      995.0       3.4      5.9      20.9  13:55      W-SW
  13     8.6    10.2  13:15     6.5  23:50      85     1004.1       4.6     10.9      25.7  10:20      W-SW
  14     7.9    12.6  14:55     4.4  23:40      80     1010.2       3.6      2.1      11.3  13:35      W-SW
  15     8.7    13.9  14:30     3.3  06:45      75      997.9       1.0      4.1      20.9  01:15      O-SO
  16     8.4    11.6  16:45     6.2  23:55      93     1000.3       9.2      2.6      11.3  09:20        SW
  17     1.9     6.2  00:00    -1.9  23:55      85     1000.9       0.0     11.0      22.5  16:30        NO
  18    -1.0     1.0  14:15    -2.8  03:30      82     1004.7       1.8      9.0      19.3  10:40        NO
  19     0.3     2.5  14:40    -1.3  04:15      70     1009.7       0.8      4.9      12.9  02:00        NO
  20     0.1     3.2  14:30    -4.6  07:00      77     1017.4       0.4      2.4       9.7  01:35      N-NO
  21     1.9     8.3  16:15    -3.4  06:15      65     1026.7       0.0      3.0      14.5  11:50        NO
  22     1.7     4.3  11:05    -1.3  04:15      83     1018.6       3.8      4.1      14.5  11:05         S
  23     5.0     7.5  17:10     2.9  23:55      94     1008.0       1.2      3.0      11.3  13:35         S
  24     6.4    12.9  16:10     0.1  06:50      73     1001.3       0.0      3.1      14.5  09:45      O-SO
  25     6.3    15.8  16:25    -1.2  07:00      72     1005.3       0.0      1.7      11.3  18:05         N
  26     7.6    12.1  17:30     3.4  00:50      73     1012.7       0.0      2.3       9.7  11:20         N
  27     7.6    12.9  16:40     3.3  03:00      80     1012.9       2.4      5.4      20.9  17:40      W-SW
  28     9.6    13.6  13:45     7.3  00:00      86     1003.5       5.8      7.2      24.1  23:20      W-SW
  29     8.1    11.8  17:35     5.3  23:55      70     1006.2       0.0      5.8      19.3  00:35        SW
  30     8.7    14.7  14:40     1.4  07:35      73     1001.7       0.0      2.6      19.3  15:50        NO
  31     9.9    15.1  15:20     5.1  07:55      71      998.7       0.0      2.4      17.7  14:30      N-NO
--------------------------------------------------------------------------------------------------------------
Avg:     5.8    15.8     25    -5.9      1      79     1004.1      51.0      4.5      27.4      7        NO


Distribution WD Values         2779
Distribution WD N-NO        7.521%
Distribution WD NO         14.502%
Distribution WD NO-O       13.494%
Distribution WD O           7.737%
Distribution WD O-SO        3.994%
Distribution WD SO          2.195%
Distribution WD SO-S        7.557%
Distribution WD S          10.543%
Distribution WD S-SW        4.966%
Distribution WD SW          8.492%
Distribution WD SW-W       12.846%
Distribution WD W           3.095%
Distribution WD W-NW        0.468%
Distribution WD NW          0.396%
Distribution WD NW-N        0.540%
Distribution WD N           1.655%

Rain days >0.0 l/m Month     21
Rain days >2.0 l/m Month     11
Rain days >20.0 l/m Month    0


Ice days    max <  0C      0
Cold days   min <= 0C     11
Cool days   max < 10C     11
Summer days max >=25C      0
Hot days    max >=30C      0

Last year same Month: Ice days    max <  0C      0
Last year same Month: Cold days   min <= 0C      0
Last year same Month: Cool days   max < 10C      3
Last year same Month: Summer days max >=25C      0
Last year same Month: Hot days    max >=30C      0

 1999-2020  Werner Krenn - Wetterstation Bedien- und Auswertesoftware - V2.99.8.8