MONTHLY CLIMATOLOGICAL SUMMARY for Februar    2018

CITY: Mannheim-Seckenheim    ELEV: 96 m  LAT: 49 28' 7"   LONG: 8 33' 26" 

    TEMPERATURE (C), BAROMETER (hPa), RAIN  (l/m), WIND SPEED (km/h)

        MEAN            TEMPERATURE                                              WIND                   DOM
 DAY    TEMP    HIGH   TIME     LOW   TIME     HUM       Baro      Rain    SPEED      HIGH   TIME       DIR
--------------------------------------------------------------------------------------------------------------
   1     4.7     6.9  14:35     1.8  23:40      88     1002.9       1.8      4.8      25.7  13:15        SW
   2     3.1     5.0  16:30     0.8  05:15      90     1005.8       0.4      5.9      19.3  11:45        SW
   3     3.0     5.4  13:55     1.9  02:10      91     1006.7       1.2      1.8       9.7  15:10      S-SO
   4     1.5     2.3  00:10     0.6  20:50      92     1015.0       2.2      3.9      19.3  11:25      N-NO
   5     1.7     4.9  15:15    -0.3  08:20      82     1021.6       0.2      6.8      17.7  14:05      N-NO
   6     1.6     4.3  15:55    -1.2  23:45      77     1012.8       0.0      2.5      12.9  04:05         O
   7    -0.4     3.7  15:10    -4.0  07:50      86     1012.8       0.0      0.9       9.7  15:40      N-NW
   8    -0.1     3.7  15:30    -2.4  08:35      85     1018.7       0.0      1.4       9.7  12:55      N-NW
   9     1.6     3.1  15:05    -1.4  00:00      86     1016.0       0.0      1.9       9.7  09:25      S-SO
  10     2.8     4.3  15:55     1.5  07:30      84     1016.2       0.0      3.3      12.9  13:40        SW
  11     3.2     5.3  16:05     1.2  04:55      87     1007.7       0.4      7.8      22.5  08:45        SW
  12     2.6     5.6  15:20    -1.3  21:25      79     1013.8       0.2      4.9      14.5  04:30        SW
  13     1.7     5.4  15:20    -1.1  05:35      71     1014.7       0.0      4.7      14.5  10:50      S-SO
  14     1.1     5.4  15:15    -4.2  08:05      69     1016.3       0.0      4.3      16.1  23:30         O
  15     2.7     5.1  23:45     0.3  09:35      83     1016.2       6.8      6.3      20.9  04:40      S-SO
  16     5.3     9.6  15:35     1.1  23:55      90     1024.1       1.8      0.8      11.3  16:35      N-NO
  17     2.3     3.6  03:30    -0.6  23:50      90     1021.5       2.0      2.2      14.5  14:50      N-NO
  18     0.9     6.4  15:25    -3.4  07:40      87     1026.1       0.0      1.9      19.3  19:05         S
  19     1.3     2.6  14:10    -1.4  06:00      81     1019.7       0.0      1.5       9.7  11:00         O
  20     1.5     4.8  14:00    -1.7  03:20      78     1016.6       0.0      2.5      14.5  14:20      N-NO
  21     2.1     6.1  15:55    -1.0  07:20      70     1020.0       0.0      6.5      17.7  10:55      N-NO
  22     1.2     5.0  15:30    -2.7  07:25      61     1018.4       0.0     10.3      25.7  13:00      N-NO
  23     0.5     3.9  15:10    -2.8  07:40      59     1017.6       0.0      9.2      19.3  12:50      N-NO
  24     0.5     5.6  14:20    -3.4  06:45      54     1020.3       0.0     11.7      25.7  13:30      N-NO
  25    -2.2     0.8  15:45    -5.5  07:45      46     1024.7       0.0     11.9      22.5  22:45      O-NO
  26    -4.6    -1.6  12:05    -7.5  07:35      53     1023.8       0.0     10.7      25.7  11:05        NO
  27    -5.8    -2.6  15:50    -8.3  06:35      56     1018.7       0.0      6.1      22.5  13:30        NO
  28    -5.3    -1.3  15:25    -8.4  06:45      53     1017.2       0.0     10.1      22.5  12:35      O-NO
--------------------------------------------------------------------------------------------------------------
Avg:     1.0     9.6     16    -8.4     28      76     1016.6      17.0      5.2      25.7      1        NO


Distribution WD Values         2887
Distribution WD N-NO       18.601%
Distribution WD NO         21.233%
Distribution WD NO-O       14.548%
Distribution WD O           7.447%
Distribution WD O-SO        2.702%
Distribution WD SO          3.879%
Distribution WD SO-S        7.690%
Distribution WD S           3.325%
Distribution WD S-SW        3.325%
Distribution WD SW          8.348%
Distribution WD SW-W        2.182%
Distribution WD W           0.173%
Distribution WD W-NW        0.069%
Distribution WD NW          0.242%
Distribution WD NW-N        0.762%
Distribution WD N           5.473%

Rain days >0.0 l/m Month     10
Rain days >2.0 l/m Month     3
Rain days >20.0 l/m Month    0


Ice days    max <  0C      3
Cold days   min <= 0C     20
Cool days   max < 10C     28
Summer days max >=25C      0
Hot days    max >=30C      0

Last year same Month: Ice days    max <  0C      0
Last year same Month: Cold days   min <= 0C      8
Last year same Month: Cool days   max < 10C     14
Last year same Month: Summer days max >=25C      0
Last year same Month: Hot days    max >=30C      0

 1999-2020  Werner Krenn - Wetterstation Bedien- und Auswertesoftware - V2.99.8.8