MONTHLY CLIMATOLOGICAL SUMMARY for Januar     2018

CITY: Mannheim-Seckenheim    ELEV: 96 m  LAT: 49 28' 7"   LONG: 8 33' 26" 

    TEMPERATURE (C), BAROMETER (hPa), RAIN  (l/m), WIND SPEED (km/h)

        MEAN            TEMPERATURE                                              WIND                   DOM
 DAY    TEMP    HIGH   TIME     LOW   TIME     HUM       Baro      Rain    SPEED      HIGH   TIME       DIR
--------------------------------------------------------------------------------------------------------------
   1     9.1    12.3  00:15     7.2  22:55      75     1004.3       1.0     13.7      30.6  05:25        SW
   2     7.3     8.7  12:15     6.4  06:50      79     1011.1       0.2      9.9      24.1  02:40        SW
   3     8.6    10.9  07:40     6.6  00:20      81      999.6      10.6     17.2      37.0  13:50        SW
   4     8.6    12.7  19:15     6.3  09:05      90      999.4      16.6      9.4      25.7  19:45        SW
   5     9.9    11.9  12:25     8.8  21:15      86     1000.6       6.2      6.8      17.7  08:05      S-SO
   6     8.5     9.2  14:05     7.2  08:55      95     1006.5       1.8      1.3      11.3  00:50        SO
   7     7.5     8.3  12:50     6.3  23:35      90     1017.5       0.0      6.9      19.3  15:45      N-NO
   8     7.5     8.8  13:10     6.2  00:00      82     1019.9       0.0      7.2      17.7  05:25        NO
   9     6.1     8.8  15:10     3.3  07:35      88     1012.3       0.0      1.7       9.7  02:20      S-SO
  10     8.2    11.2  14:50     5.7  01:20      84     1011.1       0.6      3.6      14.5  19:25      S-SO
  11     7.5     9.5  13:15     5.7  08:40      92     1014.9       0.2      0.5       6.4  14:10      S-SO
  12     6.0     7.1  15:20     5.1  08:35      90     1023.9       0.0      1.8      12.9  22:40         O
  13     5.9     7.4  13:00     4.6  07:20      79     1023.7       0.0      4.4      14.5  18:35      O-NO
  14     3.6     5.8  00:00    -0.6  22:25      80     1021.1       0.0      3.7      12.9  02:10        SO
  15     3.5     6.5  23:25     0.7  03:45      85     1012.6       2.2      8.6      24.1  23:35      S-SO
  16     6.8     8.8  12:00     4.0  22:45      86      997.0       5.4     11.7      29.0  15:30        SW
  17     4.4     6.2  15:45     2.6  07:45      80     1003.2       2.4     12.0      37.0  13:30        SW
  18     6.6    11.6  15:25     3.5  02:40      82     1003.6       1.2     11.9      33.8  10:30        SW
  19     4.6     6.9  00:10     2.7  23:25      87     1009.0       2.8      4.8      20.9  01:00        SW
  20     3.2     4.7  10:55     2.4  21:20      94     1005.7      10.2      3.6      17.7  12:15      S-SO
  21     3.4     5.1  12:10     2.1  02:10      87     1012.7       0.4      3.4      16.1  08:15      N-NW
  22     5.0     8.3  15:40     1.2  02:10      96     1010.7       6.0      1.8      12.9  23:15        SO
  23     7.7     8.9  14:05     6.6  06:00      86     1023.6       0.0      5.7      17.7  22:00      S-SO
  24    10.0    12.6  15:25     8.3  00:00      84     1020.6       0.0      7.6      20.9  05:25      S-SO
  25    11.4    12.3  03:50     9.7  00:10      77     1014.1       0.0      5.2      20.9  03:55        SW
  26     7.9    10.5  00:00     6.5  08:20      94     1017.4       7.4      0.4       6.4  01:35        SO
  27     5.1     6.7  00:00     3.7  09:40      97     1030.2       0.0      1.8       9.7  12:10      S-SO
  28     7.6     9.4  13:30     5.2  00:00      90     1033.6       0.2      6.7      19.3  12:25        SW
  29     9.3    10.6  19:55     8.1  05:25      87     1029.7       0.0      8.2      22.5  21:40        SW
  30     7.4     9.9  00:00     3.2  08:40      88     1027.9       1.0      2.4      12.9  00:20        SW
  31     8.3     9.9  14:25     6.1  23:59      89     1012.0       3.8     10.1      24.1  10:20      S-SO
--------------------------------------------------------------------------------------------------------------
Avg:     7.0    12.7      4    -0.6     14      86     1013.9      80.2      6.3      37.0      3        SW


Distribution WD Values         3784
Distribution WD N-NO        3.541%
Distribution WD NO          3.700%
Distribution WD NO-O        2.828%
Distribution WD O           1.453%
Distribution WD O-SO        1.559%
Distribution WD SO          4.334%
Distribution WD SO-S       19.556%
Distribution WD S          10.042%
Distribution WD S-SW       11.099%
Distribution WD SW         30.973%
Distribution WD SW-W        9.408%
Distribution WD W           0.317%
Distribution WD W-NW        0.079%
Distribution WD NW          0.211%
Distribution WD NW-N        0.211%
Distribution WD N           0.687%

Rain days >0.0 l/m Month     20
Rain days >2.0 l/m Month     11
Rain days >20.0 l/m Month    0


Ice days    max <  0C      0
Cold days   min <= 0C      1
Cool days   max < 10C     21
Summer days max >=25C      0
Hot days    max >=30C      0

Last year same Month: Ice days    max <  0C      6
Last year same Month: Cold days   min <= 0C     22
Last year same Month: Cool days   max < 10C     31
Last year same Month: Summer days max >=25C      0
Last year same Month: Hot days    max >=30C      0

 1999-2020  Werner Krenn - Wetterstation Bedien- und Auswertesoftware - V2.99.8.8