MONTHLY CLIMATOLOGICAL SUMMARY for November 2017 CITY: Mannheim-Seckenheim ELEV: 96 m LAT: 49° 28' 7" LONG: 8° 33' 26" TEMPERATURE (°C), BAROMETER (hPa), RAIN (l/m²), WIND SPEED (km/h) MEAN TEMPERATURE WIND DOM DAY TEMP HIGH TIME LOW TIME HUM Baro Rain SPEED HIGH TIME DIR -------------------------------------------------------------------------------------------------------------- 1 9.2 14.1 15:05 6.7 07:15 79 1022.3 0.0 2.0 8.0 06:15 SO 2 10.8 15.1 11:30 6.9 07:55 83 1015.3 0.0 3.9 14.5 11:50 SW 3 9.0 13.5 15:05 5.3 06:35 91 1015.6 0.0 0.3 4.8 10:20 SW 4 10.4 15.6 16:10 5.1 04:30 89 1010.0 0.0 2.6 11.3 12:50 S-SO 5 9.8 12.1 09:00 6.8 23:05 92 1009.0 7.8 3.1 16.1 09:30 SO 6 6.0 9.1 15:00 2.9 23:55 86 1021.3 0.0 2.5 12.9 13:40 N-NO 7 6.3 9.5 15:05 2.3 02:15 89 1019.0 0.0 3.7 16.1 16:15 N-NO 8 7.5 7.8 00:00 7.0 08:10 95 1016.6 2.6 0.3 4.8 00:20 N 9 7.8 8.3 12:30 7.3 23:30 97 1022.3 3.2 0.7 6.4 11:10 SW 10 6.6 7.5 18:30 5.6 02:40 93 1018.9 5.2 6.5 24.1 11:50 SW 11 6.9 9.2 20:00 4.2 03:00 95 1011.7 6.4 4.8 19.3 14:55 SW 12 5.0 7.1 00:05 3.2 13:35 96 1003.7 17.6 3.4 17.7 15:15 SW 13 5.4 8.5 15:20 0.7 23:35 90 1014.7 0.4 2.3 12.9 11:15 N-NO 14 3.8 7.4 12:20 0.4 02:35 94 1025.2 0.0 2.0 14.5 13:10 S-SO 15 2.2 4.8 15:15 -0.5 07:25 95 1026.6 0.2 0.6 6.4 01:40 SO 16 2.9 3.7 11:05 -0.1 00:35 95 1025.1 0.0 1.3 8.0 13:10 SO 17 4.5 6.2 13:55 3.0 07:05 93 1025.8 0.0 2.1 9.7 01:35 S-SO 18 6.1 7.8 13:20 5.1 07:05 85 1021.5 0.0 5.1 22.5 14:05 SW 19 6.0 8.8 15:00 4.3 08:25 83 1017.9 2.4 7.4 22.5 00:00 SW 20 4.6 6.6 23:50 2.6 05:55 89 1020.1 1.8 6.4 20.9 18:05 S-SO 21 7.8 8.5 23:45 6.6 00:00 93 1015.4 3.4 5.7 16.1 02:45 S-SO 22 9.0 13.9 14:55 5.3 08:10 84 1011.3 0.0 3.3 12.9 11:40 SO 23 11.9 15.8 14:20 7.6 05:50 69 1009.1 0.2 7.3 19.3 13:20 S-SO 24 12.8 14.8 12:10 11.4 05:00 79 1010.9 0.4 6.0 19.3 10:05 S-SW 25 7.3 11.4 00:00 4.1 23:20 92 1011.4 17.6 4.2 16.1 13:35 SW 26 4.0 5.4 13:10 2.4 05:15 87 1023.3 0.6 5.0 16.1 15:45 SW 27 4.9 6.5 17:05 2.8 04:15 89 1020.6 0.0 10.9 29.0 19:25 S-SO 28 5.8 6.8 12:05 4.1 23:30 90 1007.8 1.0 7.9 22.5 00:15 SW 29 3.6 6.1 15:10 1.8 18:00 91 1005.4 2.0 3.1 11.3 06:15 S-SO 30 2.4 4.0 15:45 0.6 23:55 95 1005.1 4.4 2.0 9.7 11:20 S -------------------------------------------------------------------------------------------------------------- Avg: 6.7 15.8 23 -0.5 15 89 1016.1 77.2 3.9 29.0 27 SW Distribution WD Values 1997 Distribution WD N-NO 4.306% Distribution WD NO 0.951% Distribution WD NO-O 0.351% Distribution WD O 0.250% Distribution WD O-SO 0.801% Distribution WD SO 8.012% Distribution WD SO-S 22.734% Distribution WD S 10.966% Distribution WD S-SW 12.519% Distribution WD SW 28.393% Distribution WD SW-W 7.611% Distribution WD W 0.351% Distribution WD W-NW 0.100% Distribution WD NW 0.200% Distribution WD NW-N 0.551% Distribution WD N 1.903% Rain days >0.0 l/m² Month 18 Rain days >2.0 l/m² Month 11 Rain days >20.0 l/m² Month 0 Ice days max < 0°C 0 Cold days min <= 0°C 2 Cool days max < 10°C 21 Summer days max >=25°C 0 Hot days max >=30°C 0 Last year same Month: Ice days max < 0°C 0 Last year same Month: Cold days min <= 0°C 5 Last year same Month: Cool days max < 10°C 19 Last year same Month: Summer days max >=25°C 0 Last year same Month: Hot days max >=30°C 0 © 1999-2020 Werner Krenn - Wetterstation Bedien- und Auswertesoftware - V2.99.8.8