MONTHLY CLIMATOLOGICAL SUMMARY for Juli 2017 CITY: Mannheim-Seckenheim ELEV: 96 m LAT: 49° 28' 7" LONG: 8° 33' 26" TEMPERATURE (°C), BAROMETER (hPa), RAIN (l/m²), WIND SPEED (km/h) MEAN TEMPERATURE WIND DOM DAY TEMP HIGH TIME LOW TIME HUM Baro Rain SPEED HIGH TIME DIR -------------------------------------------------------------------------------------------------------------- 1 17.1 19.7 13:45 15.7 22:25 82 1010.1 2.6 7.9 19.3 10:20 W-SW 2 18.3 22.7 12:55 15.8 00:00 80 1017.8 1.2 4.0 17.7 15:55 SW 3 20.4 26.9 17:25 15.2 05:05 70 1020.6 0.0 3.6 17.7 15:30 SW 4 22.5 29.2 17:05 16.2 06:05 62 1018.6 0.0 2.1 12.9 12:20 SW 5 24.6 32.2 17:40 15.7 05:50 59 1015.6 0.0 1.8 11.3 12:40 NO 6 25.2 34.8 16:30 16.6 06:15 62 1015.2 0.0 3.2 27.4 18:05 N-NO 7 25.4 33.4 17:05 18.5 03:35 68 1014.0 7.4 5.6 30.6 01:50 SW 8 26.9 34.1 16:25 18.6 06:05 56 1013.6 0.0 3.0 14.5 14:15 S-SW 9 26.1 33.2 16:25 19.7 06:15 60 1010.4 0.0 2.9 14.5 14:55 SW 10 23.4 27.5 14:25 21.1 08:55 73 1007.5 1.0 4.9 19.3 14:15 W-SW 11 20.5 25.7 16:15 17.5 05:35 79 1011.7 7.6 4.7 22.5 02:15 SW 12 19.4 24.1 18:25 16.7 23:55 84 1011.5 2.2 7.6 25.7 11:20 SW 13 18.0 24.5 17:50 10.7 06:05 65 1019.8 0.0 2.8 11.3 15:15 O-NO 14 19.5 25.8 17:25 13.2 05:50 65 1015.4 0.0 3.9 22.5 15:15 N-NO 15 18.5 24.2 16:25 12.8 06:30 63 1021.0 0.0 3.3 11.3 09:00 N-NO 16 20.9 26.8 17:15 15.2 02:40 63 1022.3 0.0 2.6 14.5 14:40 SW 17 23.0 29.8 16:05 16.1 06:30 70 1019.3 0.0 2.7 12.9 16:20 N-NO 18 25.8 32.9 15:50 18.9 06:05 63 1015.4 0.0 2.5 14.5 13:20 O-NO 19 28.1 35.8 15:45 19.6 06:15 56 1009.6 0.0 3.6 20.9 13:15 W-SW 20 23.1 27.1 16:05 20.4 05:30 76 1010.0 2.0 4.7 19.3 17:25 SW 21 24.0 30.4 18:45 17.1 06:45 63 1011.4 0.8 2.9 22.5 22:45 O-NO 22 23.6 30.1 17:00 18.3 06:50 74 1011.1 2.8 4.4 17.7 13:05 SO 23 21.6 24.9 15:40 18.4 06:35 62 1013.8 0.0 6.8 20.9 15:25 W-SW 24 17.3 22.0 15:15 14.9 10:30 82 1008.4 10.0 4.1 20.9 16:15 SW 25 15.4 16.6 15:45 14.4 05:45 91 1008.0 25.4 4.0 17.7 09:25 SW 26 18.0 23.5 18:25 14.7 00:10 82 1008.0 5.6 5.6 17.7 15:15 S-SW 27 19.1 24.9 15:50 15.6 01:35 86 1008.4 8.8 4.6 17.7 16:20 W-SW 28 19.9 25.2 17:00 14.0 06:25 73 1012.4 0.2 4.3 22.5 13:35 SW 29 22.8 29.3 17:35 17.0 06:25 68 1013.4 0.0 4.2 16.1 12:00 W-SW 30 24.1 30.2 13:10 18.9 02:25 69 1010.0 0.0 5.2 20.9 14:10 SW 31 23.4 28.6 12:55 19.1 06:05 77 1012.7 0.2 2.9 12.9 13:20 SO -------------------------------------------------------------------------------------------------------------- Avg: 21.8 35.8 19 10.7 13 70 1013.4 77.8 4.1 30.6 7 SW Distribution WD Values 1928 Distribution WD N-NO 6.535% Distribution WD NO 2.438% Distribution WD NO-O 2.334% Distribution WD O 2.490% Distribution WD O-SO 1.763% Distribution WD SO 4.616% Distribution WD SO-S 4.772% Distribution WD S 3.683% Distribution WD S-SW 12.811% Distribution WD SW 25.830% Distribution WD SW-W 23.755% Distribution WD W 3.734% Distribution WD W-NW 0.415% Distribution WD NW 0.674% Distribution WD NW-N 0.519% Distribution WD N 3.631% Rain days >0.0 l/m² Month 15 Rain days >2.0 l/m² Month 9 Rain days >20.0 l/m² Month 1 Ice days max < 0°C 0 Cold days min <= 0°C 0 Cool days max < 10°C 0 Summer days max >=25°C 21 Hot days max >=30°C 10 Last year same Month: Ice days max < 0°C 0 Last year same Month: Cold days min <= 0°C 0 Last year same Month: Cool days max < 10°C 0 Last year same Month: Summer days max >=25°C 25 Last year same Month: Hot days max >=30°C 7 © 1999-2020 Werner Krenn - Wetterstation Bedien- und Auswertesoftware - V2.99.8.8