MONTHLY CLIMATOLOGICAL SUMMARY for Mai 2017 CITY: Mannheim-Seckenheim ELEV: 96 m LAT: 49° 28' 7" LONG: 8° 33' 26" TEMPERATURE (°C), BAROMETER (hPa), RAIN (l/m²), WIND SPEED (km/h) MEAN TEMPERATURE WIND DOM DAY TEMP HIGH TIME LOW TIME HUM Baro Rain SPEED HIGH TIME DIR -------------------------------------------------------------------------------------------------------------- 1 10.7 15.5 00:05 8.9 23:50 78 1010.1 5.8 2.7 17.7 00:30 SW 2 10.5 12.8 16:45 8.6 01:15 89 1014.1 2.8 2.2 12.9 14:50 N-NO 3 11.6 16.2 16:55 8.1 03:55 83 1016.7 0.0 2.6 12.9 14:25 N-NO 4 11.1 17.1 15:10 5.9 04:45 88 1014.7 8.4 1.5 11.3 16:40 N 5 12.8 17.4 17:15 8.5 06:35 78 1017.2 0.2 3.3 9.7 09:15 N-NO 6 15.0 22.9 15:55 6.7 06:40 71 1009.9 0.0 3.8 17.7 09:30 SW 7 13.8 15.8 15:15 12.6 23:45 92 1011.9 11.4 2.8 9.7 00:05 S-SW 8 10.8 12.6 00:00 8.9 09:30 85 1016.7 8.8 6.4 17.7 08:15 N 9 10.8 15.7 15:45 6.3 06:35 69 1017.2 0.4 3.5 16.1 13:30 N-NO 10 12.0 20.8 17:40 2.4 06:10 62 1008.3 0.0 2.2 14.5 13:10 O 11 15.7 24.9 16:20 7.8 04:25 69 999.9 0.0 2.5 16.1 18:40 O 12 17.3 22.3 15:00 13.6 06:30 79 1001.9 2.2 2.3 14.5 12:35 SW 13 17.3 23.3 16:40 12.7 06:20 80 1010.3 9.6 2.2 11.3 18:05 N 14 16.5 22.3 14:45 13.5 23:45 86 1020.0 4.8 1.5 9.7 15:55 S-SO 15 17.6 23.8 17:45 11.7 06:15 70 1027.2 0.0 1.7 9.7 14:45 N 16 18.9 27.4 17:20 9.7 05:45 61 1026.8 0.0 1.7 11.3 13:00 O 17 22.1 30.1 17:45 12.2 06:00 58 1018.7 0.0 4.7 16.1 13:50 O 18 21.7 24.4 10:30 18.2 23:55 67 1010.6 0.0 3.4 12.9 00:50 SW 19 14.6 18.2 00:00 10.8 23:35 91 1011.2 15.6 2.5 11.3 09:15 S-SW 20 13.5 18.7 16:30 8.2 06:20 76 1021.1 0.0 3.7 22.5 11:25 SW 21 15.7 23.6 17:55 7.3 05:20 67 1024.3 0.0 1.7 9.7 12:35 NO 22 18.4 25.4 15:55 12.5 06:05 64 1017.4 0.0 2.0 11.3 11:40 O-NO 23 20.5 27.9 16:25 12.7 05:35 66 1016.2 0.0 4.7 19.3 22:25 N 24 19.0 22.7 15:35 13.2 06:25 61 1021.6 0.0 3.8 17.7 00:05 N-NO 25 19.4 25.6 17:10 13.2 05:40 68 1020.6 0.0 3.3 14.5 15:25 N-NO 26 21.2 28.7 17:55 12.8 05:20 60 1018.7 0.0 3.8 12.9 11:35 O 27 23.8 31.4 17:25 14.1 06:10 55 1017.0 0.0 3.7 16.1 12:25 O-NO 28 25.8 33.2 17:50 16.6 06:20 54 1016.1 0.0 2.6 14.5 22:10 O 29 26.6 34.5 17:20 18.3 05:55 60 1011.9 0.0 2.3 14.5 16:05 W-SW 30 22.8 30.2 13:30 19.6 15:50 72 1012.5 10.2 2.2 24.1 13:55 O-SO 31 21.4 26.2 16:20 17.2 05:15 63 1018.9 0.0 4.3 14.5 19:05 N-NO -------------------------------------------------------------------------------------------------------------- Avg: 17.1 34.5 29 2.4 10 72 1015.5 80.2 2.9 24.1 30 N-NO Distribution WD Values 1266 Distribution WD N-NO 15.719% Distribution WD NO 8.294% Distribution WD NO-O 10.742% Distribution WD O 12.243% Distribution WD O-SO 7.267% Distribution WD SO 4.107% Distribution WD SO-S 4.107% Distribution WD S 2.370% Distribution WD S-SW 5.292% Distribution WD SW 7.978% Distribution WD SW-W 4.107% Distribution WD W 0.553% Distribution WD W-NW 0.237% Distribution WD NW 1.185% Distribution WD NW-N 3.160% Distribution WD N 12.638% Rain days >0.0 l/m² Month 12 Rain days >2.0 l/m² Month 10 Rain days >20.0 l/m² Month 0 Ice days max < 0°C 0 Cold days min <= 0°C 0 Cool days max < 10°C 0 Summer days max >=25°C 11 Hot days max >=30°C 5 Last year same Month: Ice days max < 0°C 0 Last year same Month: Cold days min <= 0°C 0 Last year same Month: Cool days max < 10°C 0 Last year same Month: Summer days max >=25°C 9 Last year same Month: Hot days max >=30°C 0 © 1999-2020 Werner Krenn - Wetterstation Bedien- und Auswertesoftware - V2.99.8.8