MONTHLY CLIMATOLOGICAL SUMMARY for August     2016

CITY: Mannheim-Seckenheim    ELEV: 96 m  LAT: 49 28' 7"   LONG: 8 33' 26" 

    TEMPERATURE (C), BAROMETER (hPa), RAIN  (l/m), WIND SPEED (km/h)

        MEAN            TEMPERATURE                                              WIND                   DOM
 DAY    TEMP    HIGH   TIME     LOW   TIME     HUM       Baro      Rain    SPEED      HIGH   TIME       DIR
--------------------------------------------------------------------------------------------------------------
   1    19.6    25.3  15:45    12.4  06:15      65     1017.7       0.0      4.9      17.7  13:45        SW
   2    17.9    19.0  02:30    16.5  11:40      86     1015.9       9.6      4.2      19.3  09:40         S
   3    21.4    26.7  17:25    17.5  05:15      82     1013.4       0.8      8.1      25.7  13:15        SW
   4    20.4    24.4  12:25    16.0  23:35      83     1011.5      12.0      3.2      11.3  11:10         W
   5    19.2    23.9  17:20    15.5  03:45      78     1016.6       0.0      5.5      22.5  19:05        NW
   6    19.7    24.5  16:15    15.2  06:10      75     1024.2       0.2      2.8      16.1  16:00        SW
   7    21.0    27.8  16:05    13.8  05:55      69     1025.5       0.0      3.9      16.1  14:55        SW
   8    22.1    28.2  14:45    16.7  06:00      68     1019.1       0.0     10.5      30.6  18:05         W
   9    19.2    23.7  15:15    15.7  08:30      64     1019.0       0.6      7.7      20.9  15:45         N
  10    15.4    19.7  14:00    11.8  23:45      72     1019.8       1.4      7.2      25.7  15:45         N
  11    15.1    21.4  15:40     8.3  06:30      72     1022.8       0.6      6.3      20.9  16:15        SW
  12    17.4    23.0  18:40    13.6  04:40      87     1023.3       7.2      5.1      16.1  14:35        SW
  13    21.8    28.8  16:05    15.8  03:50      74     1021.8       0.0      4.1      20.9  16:30        SW
  14    22.2    28.5  16:45    15.1  06:50      70     1020.1       0.0      3.2      14.5  17:05        NO
  15    22.7    28.7  15:40    16.4  06:25      67     1019.0       0.0      4.5      20.9  18:10        NO
  16    21.6    28.2  16:15    14.8  06:55      64     1015.0       0.0      3.3      17.7  16:00        NO
  17    21.5    26.8  14:40    15.4  04:50      56     1011.2       0.0      4.2      19.3  12:35        NO
  18    19.1    25.6  12:45    13.2  06:55      73     1008.6       1.6      3.4      19.3  19:00        SW
  19    20.8    26.2  14:40    16.3  06:10      81     1009.7       0.2      5.9      16.1  13:10        SW
  20    19.0    23.8  10:50    14.1  23:50      85     1012.9       7.8      4.3      14.5  17:35        SW
  21    17.7    22.1  15:45    14.0  00:15      80     1018.9       1.2     11.0      25.7  12:35        SW
  22    18.2    22.9  16:50    13.7  07:00      78     1026.0       0.0      6.7      22.5  14:55        SW
  23    21.3    28.8  16:45    13.2  06:35      73     1025.3       0.0      2.8      12.9  15:25        NO
  24    24.0    32.5  15:55    15.3  06:55      66     1020.6       0.0      4.8      20.9  13:25      O-SO
  25    25.5    33.6  16:45    18.2  07:00      57     1015.9       0.0      5.3      19.3  09:35      O-SO
  26    25.6    34.4  15:55    17.2  07:15      64     1014.8       0.0      2.5      12.9  11:15      S-SW
  27    26.2    34.9  16:15    18.6  06:55      68     1015.0       0.0      2.0      12.9  14:50      O-NO
  28    27.1    34.7  15:15    20.8  03:00      61     1013.0       0.0     10.0      25.7  14:10         W
  29    23.3    28.4  15:20    19.2  07:15      64     1016.9       0.0      7.0      22.5  13:10         N
  30    21.2    26.7  16:20    16.1  05:55      67     1021.7       0.0      7.5      17.7  13:55      O-NO
  31    21.8    28.9  16:40    14.3  07:15      61     1018.9       0.0      3.2      14.5  00:55        NO
--------------------------------------------------------------------------------------------------------------
Avg:    20.9    34.9     27     8.3     11      71     1017.9      43.2      5.3      30.6      8        SW


Distribution WD Values         3184
Distribution WD N-NO        5.936%
Distribution WD NO          8.354%
Distribution WD NO-O        4.334%
Distribution WD O           3.109%
Distribution WD O-SO        4.020%
Distribution WD SO          1.476%
Distribution WD SO-S        4.052%
Distribution WD S           6.376%
Distribution WD S-SW        7.161%
Distribution WD SW         23.053%
Distribution WD SW-W        5.779%
Distribution WD W          10.773%
Distribution WD W-NW        3.109%
Distribution WD NW          2.513%
Distribution WD NW-N        2.795%
Distribution WD N           7.161%

Rain days >0.0 l/m Month     12
Rain days >2.0 l/m Month     4
Rain days >20.0 l/m Month    0


Ice days    max <  0C      0
Cold days   min <= 0C      0
Cool days   max < 10C      0
Summer days max >=25C     20
Hot days    max >=30C      5

Last year same Month: Ice days    max <  0C      0
Last year same Month: Cold days   min <= 0C      0
Last year same Month: Cool days   max < 10C      0
Last year same Month: Summer days max >=25C     23
Last year same Month: Hot days    max >=30C     14

 1999-2020  Werner Krenn - Wetterstation Bedien- und Auswertesoftware - V2.99.8.8