MONTHLY CLIMATOLOGICAL SUMMARY for Juli       2016

CITY: Mannheim-Seckenheim    ELEV: 96 m  LAT: 49 28' 7"   LONG: 8 33' 26" 

    TEMPERATURE (C), BAROMETER (hPa), RAIN  (l/m), WIND SPEED (km/h)

        MEAN            TEMPERATURE                                              WIND                   DOM
 DAY    TEMP    HIGH   TIME     LOW   TIME     HUM       Baro      Rain    SPEED      HIGH   TIME       DIR
--------------------------------------------------------------------------------------------------------------
   1    21.8    27.3  16:25    16.3  05:15      73     1014.3       0.0      7.6      24.1  09:05        SW
   2    18.7    20.7  08:15    14.3  23:55      79     1014.4       3.2      7.5      20.9  08:25        SW
   3    16.6    21.1  13:40    13.8  05:50      78     1020.0       0.4      3.3      17.7  14:30        SW
   4    20.0    25.4  16:15    15.3  05:25      71     1019.3       0.0      3.8      17.7  17:10        SW
   5    20.7    25.3  17:00    16.1  05:30      72     1015.5       0.0      9.8      25.7  20:30         W
   6    19.7    24.2  16:25    15.4  06:15      57     1018.9       0.0      8.5      22.5  15:30         W
   7    20.7    26.9  16:15    13.8  05:10      59     1019.3       0.0      4.5      16.1  18:35        NO
   8    22.7    30.0  15:40    14.4  04:20      61     1015.4       0.0      7.3      27.4  20:10         W
   9    24.3    28.7  15:55    20.3  06:30      58     1017.6       0.0      7.2      22.5  16:40         W
  10    25.6    33.3  16:15    16.4  05:50      63     1012.2       0.0      5.5      24.1  14:50        SW
  11    24.3    29.7  13:45    20.4  06:05      67     1009.8       0.6      8.5      30.6  15:55        SW
  12    21.5    26.2  15:40    18.1  23:55      67     1011.8       0.6      6.3      17.7  16:10        SW
  13    18.3    23.2  18:25    14.9  04:55      75     1012.5       1.8      9.0      25.7  16:05         W
  14    17.3    20.9  16:45    14.1  06:40      65     1017.4       0.4     12.6      25.7  04:50        NW
  15    17.3    22.8  17:25    11.7  04:50      63     1024.0       0.0      8.3      22.5  09:25         N
  16    19.4    25.7  17:30    11.8  05:10      66     1024.0       0.0      6.1      17.7  15:25        SW
  17    22.6    27.8  18:05    15.6  05:00      69     1020.4       0.0      4.7      14.5  12:15         W
  18    24.3    30.5  15:50    17.8  04:20      65     1019.6       0.0      4.7      20.9  17:05      N-NO
  19    25.2    33.0  15:50    16.1  06:05      58     1018.4       0.0      3.5      14.5  12:40      O-NO
  20    27.7    36.3  15:50    18.1  06:10      56     1013.1       0.0      4.7      22.5  16:15        SW
  21    22.8    26.6  18:05    19.3  12:40      80     1013.8      14.0      4.0      40.2  03:50        NO
  22    23.3    30.4  17:25    18.3  06:20      78     1013.6      34.4      5.4      33.8  18:45        SW
  23    22.1    27.5  17:20    18.9  01:50      86     1015.3       1.6      4.5      17.7  01:15        NO
  24    23.0    26.4  16:35    20.6  06:30      84     1016.8      11.2      2.3      12.9  19:50        NW
  25    24.5    30.2  16:50    20.2  06:10      74     1016.7       0.0      4.9      16.1  14:50         W
  26    23.9    29.4  13:30    18.2  06:40      73     1017.2       0.0      5.4      17.7  16:55         N
  27    23.4    27.9  15:45    18.8  06:10      69     1015.6       0.0      7.9      27.4  17:45         W
  28    22.3    26.4  14:25    18.0  06:30      71     1015.0       0.2      6.0      22.5  20:30        SW
  29    22.8    27.5  17:50    18.6  06:00      73     1013.0       0.0     12.1      30.6  16:55        SW
  30    22.7    27.9  14:40    17.6  04:10      72     1011.7       0.0      5.0      22.5  15:25        SW
  31    21.9    25.8  13:25    17.6  23:59      66     1011.8       0.0      8.3      29.0  18:15         W
--------------------------------------------------------------------------------------------------------------
Avg:    22.0    36.3     20    11.7     15      69     1016.1      68.4      6.4      40.2     21         W


Distribution WD Values         4025
Distribution WD N-NO        5.193%
Distribution WD NO          4.894%
Distribution WD NO-O        1.714%
Distribution WD O           0.795%
Distribution WD O-SO        0.720%
Distribution WD SO          0.646%
Distribution WD SO-S        2.211%
Distribution WD S           3.602%
Distribution WD S-SW        6.783%
Distribution WD SW         19.652%
Distribution WD SW-W        7.627%
Distribution WD W          22.733%
Distribution WD W-NW        7.329%
Distribution WD NW          6.783%
Distribution WD NW-N        3.230%
Distribution WD N           6.087%

Rain days >0.0 l/m Month     11
Rain days >2.0 l/m Month     4
Rain days >20.0 l/m Month    1


Ice days    max <  0C      0
Cold days   min <= 0C      0
Cool days   max < 10C      0
Summer days max >=25C     25
Hot days    max >=30C      7

Last year same Month: Ice days    max <  0C      0
Last year same Month: Cold days   min <= 0C      0
Last year same Month: Cool days   max < 10C      0
Last year same Month: Summer days max >=25C     21
Last year same Month: Hot days    max >=30C     15

 1999-2020  Werner Krenn - Wetterstation Bedien- und Auswertesoftware - V2.99.8.8