MONTHLY CLIMATOLOGICAL SUMMARY for Juni       2016

CITY: Mannheim-Seckenheim    ELEV: 96 m  LAT: 49 28' 7"   LONG: 8 33' 26" 

    TEMPERATURE (C), BAROMETER (hPa), RAIN  (l/m), WIND SPEED (km/h)

        MEAN            TEMPERATURE                                              WIND                   DOM
 DAY    TEMP    HIGH   TIME     LOW   TIME     HUM       Baro      Rain    SPEED      HIGH   TIME       DIR
--------------------------------------------------------------------------------------------------------------
   1    16.7    20.9  13:45    11.9  05:35      84     1011.7       2.2      4.7      16.1  18:00         W
   2    18.1    22.2  16:35    15.0  06:05      84     1008.8       1.6      5.9      17.7  12:40         S
   3    18.4    22.2  16:55    14.9  04:20      84     1009.1       0.2      3.6      17.7  18:15        NO
   4    19.1    24.2  16:20    16.4  04:40      88     1010.2      17.6      3.0      12.9  13:50        SW
   5    19.1    24.5  19:15    16.1  05:50      87     1014.6       6.6      3.1      29.0  20:45      O-NO
   6    21.7    28.7  15:50    14.1  05:45      75     1017.2       0.0      4.3      17.7  17:05        NO
   7    22.6    29.6  14:20    15.7  06:00      70     1018.3      11.0      5.3      30.6  21:15         O
   8    19.1    24.8  17:10    16.2  04:00      84     1017.0       6.6      6.9      33.8  18:40         W
   9    18.4    23.7  16:45    13.4  06:05      73     1015.6       0.2      8.6      20.9  15:50      N-NO
  10    18.9    24.4  18:25    11.7  05:50      66     1011.5       0.0      4.5      16.1  13:35        NO
  11    19.1    22.2  12:10    15.7  06:05      71     1008.6       0.0      4.3      14.5  15:00      N-NO
  12    17.9    21.4  14:15    15.3  23:35      87     1007.4      11.6      8.0      29.0  15:15         W
  13    17.6    22.1  16:00    15.3  00:00      86     1002.5       9.2     10.1      30.6  17:00        SW
  14    16.9    20.7  12:25    14.4  23:40      86     1000.3       5.4      8.4      22.5  18:55        SW
  15    16.3    20.8  15:10    12.8  05:05      84     1000.3       1.0      8.4      25.7  15:00        SW
  16    15.8    20.1  16:30    11.6  04:05      84     1001.7       0.0      2.9      11.3  08:25         S
  17    16.0    19.4  16:55    14.0  23:55      86     1006.7       2.2      9.3      25.7  11:15        SW
  18    16.1    22.9  14:15    12.9  02:00      86     1015.6       8.2      6.0      22.5  12:25        SW
  19    16.0    18.6  15:50    13.0  23:45      81     1021.6       0.0      4.3      16.1  12:00      N-NO
  20    18.2    24.0  16:55    11.6  05:50      74     1020.3       4.8      7.5      20.9  11:50        SW
  21    19.0    23.4  15:30    14.1  01:40      84     1019.5       3.8      9.9      32.2  02:55        SW
  22    23.2    28.9  17:10    17.8  03:35      77     1021.4       1.8      4.2      11.3  11:35        NO
  23    27.2    34.8  16:50    17.7  06:00      65     1017.4       0.0      5.3      20.9  11:45         S
  24    27.4    34.4  15:30    21.2  05:45      67     1014.0       0.0      8.3      24.1  14:05      N-NO
  25    20.8    27.3  15:30    16.9  23:45      85     1012.7      14.0     10.5      40.2  16:25         W
  26    18.9    24.1  17:30    13.3  05:30      71     1017.1       0.0      6.9      17.7  10:20        SW
  27    18.4    22.7  17:30    12.3  05:25      73     1019.1       0.0      7.8      20.9  10:55        SW
  28    19.2    22.2  17:35    15.3  06:00      84     1016.3       1.0      3.1      12.9  11:35        NO
  29    21.5    26.2  16:45    17.5  05:35      72     1012.4       0.6      9.1      33.8  15:25        SW
  30    20.9    25.0  18:20    17.6  06:20      73     1013.0       0.0      5.1      20.9  10:35         W
--------------------------------------------------------------------------------------------------------------
Avg:    19.3    34.8     23    11.6     16      79     1012.7     109.6      6.3      40.2     25        SW


Distribution WD Values         3812
Distribution WD N-NO        6.637%
Distribution WD NO          4.722%
Distribution WD NO-O        2.912%
Distribution WD O           1.810%
Distribution WD O-SO        1.522%
Distribution WD SO          1.941%
Distribution WD SO-S        5.535%
Distribution WD S           9.969%
Distribution WD S-SW       14.244%
Distribution WD SW         23.033%
Distribution WD SW-W        6.821%
Distribution WD W           9.890%
Distribution WD W-NW        2.177%
Distribution WD NW          2.833%
Distribution WD NW-N        1.889%
Distribution WD N           4.066%

Rain days >0.0 l/m Month     20
Rain days >2.0 l/m Month     13
Rain days >20.0 l/m Month    0


Ice days    max <  0C      0
Cold days   min <= 0C      0
Cool days   max < 10C      0
Summer days max >=25C      8
Hot days    max >=30C      2

Last year same Month: Ice days    max <  0C      0
Last year same Month: Cold days   min <= 0C      0
Last year same Month: Cool days   max < 10C      0
Last year same Month: Summer days max >=25C     16
Last year same Month: Hot days    max >=30C      4

 1999-2020  Werner Krenn - Wetterstation Bedien- und Auswertesoftware - V2.99.8.8