MONTHLY CLIMATOLOGICAL SUMMARY for Mai        2016

CITY: Mannheim-Seckenheim    ELEV: 96 m  LAT: 49 28' 7"   LONG: 8 33' 26" 

    TEMPERATURE (C), BAROMETER (hPa), RAIN  (l/m), WIND SPEED (km/h)

        MEAN            TEMPERATURE                                              WIND                   DOM
 DAY    TEMP    HIGH   TIME     LOW   TIME     HUM       Baro      Rain    SPEED      HIGH   TIME       DIR
--------------------------------------------------------------------------------------------------------------
   1    13.2    20.1  16:05     7.4  04:10      68     1017.5       1.2     20.4      32.2  00:40      N-NO
   2    15.2    21.7  15:55     8.0  06:30      57     1020.5       0.0      7.7      20.9  14:55        NO
   3    12.0    16.1  10:15     9.0  06:55      73     1019.8       4.6      7.9      30.6  17:45         N
   4    11.5    17.5  16:20     3.9  06:00      55     1026.3       0.0      7.0      20.9  14:20        NO
   5    14.9    21.6  16:45     7.0  04:40      55     1021.8       0.0     10.1      30.6  14:40         O
   6    18.2    26.1  16:00     9.2  06:20      57     1013.8       0.0      4.0      14.5  01:45      O-SO
   7    19.4    28.2  16:00     9.8  06:15      55     1009.3       0.0      6.0      25.7  15:40         O
   8    22.1    27.8  16:15    15.8  06:50      40     1009.2       0.0     13.7      33.8  23:10         O
   9    21.9    27.5  15:35    16.0  07:00      45     1010.1       0.0     10.8      35.4  01:20         O
  10    18.4    21.1  00:55    14.5  23:55      70     1008.4       1.2      5.1      25.7  00:55         O
  11    18.6    25.7  14:35    11.2  05:45      72     1002.7       0.0      8.1      24.1  16:30      O-NO
  12    17.0    20.0  00:05    14.5  23:55      80      997.0       2.4      4.2      12.9  03:10        NO
  13    15.2    23.1  14:55    12.9  06:30      86      999.0       7.4      6.0      24.1  16:00         N
  14    12.3    14.8  16:25    10.6  06:05      73     1008.6       0.6     13.1      29.0  17:10      N-NO
  15    10.3    13.2  14:55     6.6  06:10      60     1018.2       0.0     13.6      30.6  15:45         W
  16    10.2    14.7  15:40     7.7  06:25      77     1018.9       2.2      5.9      19.3  15:45         W
  17    12.4    17.0  18:20     6.7  04:25      69     1017.8       0.0      5.4      17.7  12:00        SW
  18    16.5    22.9  15:55    11.1  05:30      59     1010.6       0.0      6.9      20.9  12:10        SW
  19    15.3    19.5  17:45    11.7  06:35      71     1010.2       2.4      8.8      20.9  14:50        SW
  20    16.1    21.8  14:25     8.9  04:30      69     1018.4       0.0      7.7      24.1  12:35        SW
  21    19.3    25.3  16:20    12.6  05:55      66     1015.9       0.0      4.3      20.9  14:40        SW
  22    20.3    29.7  15:05    12.7  06:20      63     1008.6       1.8      8.3      29.0  17:30        SW
  23    14.2    16.1  18:00    12.6  07:15      87     1010.7       3.8     11.0      20.9  10:25        SW
  24    12.4    13.1  00:50    11.4  08:10      86     1013.6       2.4     11.3      24.1  06:00        NW
  25    13.4    17.1  17:45     9.6  04:05      83     1014.0       0.0      3.0      12.9  17:50        NO
  26    17.6    25.7  16:50     8.4  05:35      70     1014.0       0.0      4.3      17.7  16:15      O-NO
  27    19.8    24.9  17:55    14.5  05:45      76     1012.6       6.4      6.7      16.1  03:15        NO
  28    18.7    26.6  15:00    14.8  06:05      84     1010.5      12.2      6.7      25.7  18:00        NO
  29    18.7    24.3  14:45    15.0  03:35      86     1004.5       7.0      5.1      19.3  19:40        SW
  30    16.9    19.2  13:50    15.7  06:20      93     1002.3      35.8     13.8      29.0  01:45      S-SW
  31    18.1    21.9  13:55    14.5  05:45      75     1008.7       0.0      8.5      27.4  10:40        SW
--------------------------------------------------------------------------------------------------------------
Avg:    16.1    29.7     22     3.9      4      70     1012.1      91.4      8.2      35.4      9        SW


Distribution WD Values         5035
Distribution WD N-NO        9.076%
Distribution WD NO          9.176%
Distribution WD NO-O        9.633%
Distribution WD O           8.679%
Distribution WD O-SO        3.674%
Distribution WD SO          1.549%
Distribution WD SO-S        3.237%
Distribution WD S           5.084%
Distribution WD S-SW        8.064%
Distribution WD SW         12.473%
Distribution WD SW-W        4.707%
Distribution WD W           6.812%
Distribution WD W-NW        2.860%
Distribution WD NW          5.045%
Distribution WD NW-N        3.019%
Distribution WD N           6.912%

Rain days >0.0 l/m Month     15
Rain days >2.0 l/m Month     11
Rain days >20.0 l/m Month    1


Ice days    max <  0C      0
Cold days   min <= 0C      0
Cool days   max < 10C      0
Summer days max >=25C      9
Hot days    max >=30C      0

Last year same Month: Ice days    max <  0C      0
Last year same Month: Cold days   min <= 0C      0
Last year same Month: Cool days   max < 10C      0
Last year same Month: Summer days max >=25C      3
Last year same Month: Hot days    max >=30C      1

 1999-2020  Werner Krenn - Wetterstation Bedien- und Auswertesoftware - V2.99.8.8