MONTHLY CLIMATOLOGICAL SUMMARY for April      2016

CITY: Mannheim-Seckenheim    ELEV: 96 m  LAT: 49 28' 7"   LONG: 8 33' 26" 

    TEMPERATURE (C), BAROMETER (hPa), RAIN  (l/m), WIND SPEED (km/h)

        MEAN            TEMPERATURE                                              WIND                   DOM
 DAY    TEMP    HIGH   TIME     LOW   TIME     HUM       Baro      Rain    SPEED      HIGH   TIME       DIR
--------------------------------------------------------------------------------------------------------------
   1     7.4    11.3  17:40     4.3  07:30      87     1016.1       7.2      8.9      22.5  03:50         N
   2     9.4    16.2  17:15     2.9  06:25      83     1016.1       0.0      2.5      14.5  11:10         O
   3    14.6    20.3  16:35     9.9  07:10      78     1010.8       0.0      4.3      12.9  06:00      N-NO
   4    15.1    17.9  14:30    12.1  23:55      79     1007.2       1.2      6.2      27.4  11:10        SW
   5    13.2    17.4  12:55    11.3  04:40      89     1006.9       3.8      7.8      33.8  15:20        SW
   6    13.2    17.2  16:35     8.9  07:45      75     1011.4       0.2     11.2      30.6  16:00        SW
   7    10.9    14.2  15:55     7.8  23:55      66     1010.3       0.8     10.4      25.7  11:30        SW
   8     8.7    15.3  16:15     2.5  07:20      65     1011.1       0.0      3.5      14.5  17:30      N-NO
   9     8.9    14.8  14:55     3.6  06:30      72     1008.0       0.0      4.8      16.1  19:00      O-SO
  10    13.0    19.1  16:15     8.2  07:45      66     1009.6       0.0      5.0      22.5  18:35         O
  11    13.4    20.1  16:55     6.6  07:30      64     1010.2       0.0      4.4      17.7  15:05      O-NO
  12    12.7    18.9  14:35     9.9  08:00      80     1009.4      11.8      6.7      40.2  18:15      S-SO
  13    11.3    13.7  11:15     9.2  06:45      89     1007.2       3.4      5.5      16.1  15:05      S-SO
  14    12.4    18.2  15:25     7.1  04:20      72     1010.9       0.0      3.7      12.9  11:20      S-SW
  15    12.7    17.0  14:05     8.9  01:55      79     1005.9       2.8     11.1      32.2  15:20        SW
  16    12.4    15.3  16:25    10.7  11:00      85     1003.4      11.4      8.2      25.7  17:00      S-SW
  17     9.5    12.3  16:25     7.3  09:20      85     1009.4      14.8      6.3      16.1  03:55         N
  18    10.5    15.2  15:10     6.3  07:10      69     1019.3       0.0      6.5      17.7  13:25        NO
  19    10.5    15.6  14:40     4.4  06:30      66     1024.7       0.0      5.4      16.1  14:25      N-NO
  20    11.4    18.0  17:05     4.6  07:00      63     1026.9       0.0      6.1      14.5  09:35        NO
  21    13.6    22.4  17:20     4.7  05:05      56     1021.1       0.0      3.5      12.9  12:25        NO
  22    13.7    18.2  15:30     9.1  06:50      64     1014.8       0.0      5.3      16.1  17:05      N-NW
  23     8.7    13.5  00:05     5.8  23:50      80     1010.1       5.2     11.3      24.1  16:20      N-NO
  24     6.0     9.7  15:35     1.3  06:55      74     1013.0       1.2      8.5      27.4  18:15         W
  25     5.7     8.5  13:50     2.5  07:05      78     1010.5       0.4     14.5      33.8  22:35        SW
  26     6.4    10.7  15:40     2.7  07:25      76     1002.5      10.4     14.3      33.8  02:05        SW
  27     5.8    10.2  17:15     3.2  02:40      75     1008.7       0.6     16.9      37.0  11:40      W-SW
  28     6.7    12.3  15:30     2.0  04:35      77     1014.6       0.4      4.9      19.3  15:50         S
  29     9.3    15.8  15:50     2.3  04:35      65     1016.5       0.0      7.3      29.0  12:20        SW
  30    10.8    19.2  16:35     2.9  06:40      67     1014.7       4.0      8.5      29.0  23:10      N-NO
--------------------------------------------------------------------------------------------------------------
Avg:    10.6    22.4     21     1.3     24      74     1012.0      79.6      7.5      40.2     12        SW


Distribution WD Values         4495
Distribution WD N-NO        9.789%
Distribution WD NO          6.185%
Distribution WD NO-O        4.182%
Distribution WD O           3.426%
Distribution WD O-SO        3.003%
Distribution WD SO          1.758%
Distribution WD SO-S        4.805%
Distribution WD S           6.474%
Distribution WD S-SW        7.898%
Distribution WD SW         18.665%
Distribution WD SW-W        9.566%
Distribution WD W           7.942%
Distribution WD W-NW        2.180%
Distribution WD NW          2.848%
Distribution WD NW-N        3.048%
Distribution WD N           8.231%

Rain days >0.0 l/m Month     17
Rain days >2.0 l/m Month     10
Rain days >20.0 l/m Month    0


Ice days    max <  0C      0
Cold days   min <= 0C      0
Cool days   max < 10C      2
Summer days max >=25C      0
Hot days    max >=30C      0

Last year same Month: Ice days    max <  0C      0
Last year same Month: Cold days   min <= 0C      1
Last year same Month: Cool days   max < 10C      2
Last year same Month: Summer days max >=25C      1
Last year same Month: Hot days    max >=30C      0

 1999-2020  Werner Krenn - Wetterstation Bedien- und Auswertesoftware - V2.99.8.8