MONTHLY CLIMATOLOGICAL SUMMARY for Januar     2016

CITY: Mannheim-Seckenheim    ELEV: 96 m  LAT: 49 28' 7"   LONG: 8 33' 26" 

    TEMPERATURE (C), BAROMETER (hPa), RAIN  (l/m), WIND SPEED (km/h)

        MEAN            TEMPERATURE                                              WIND                   DOM
 DAY    TEMP    HIGH   TIME     LOW   TIME     HUM       Baro      Rain    SPEED      HIGH   TIME       DIR
--------------------------------------------------------------------------------------------------------------
   1     5.5     7.9  14:55     2.6  00:05      94     1024.3       0.4      4.3      17.7  21:40      O-SO
   2     5.2     5.5  00:45     4.6  08:55      92     1013.2       6.6      3.8      19.3  01:10      O-SO
   3     6.4     8.5  13:15     5.3  00:00      93     1005.7       0.2      6.8      17.7  20:50      S-SO
   4     5.7     7.8  13:00     4.0  04:30      94      991.8       7.4      8.5      20.9  03:30         S
   5     5.7     7.7  15:10     3.8  03:50      95      994.7       7.0      5.8      20.9  18:10         S
   6     5.9     7.1  15:25     5.2  04:25      94      999.1       0.8      4.4      12.9  13:10      S-SW
   7     5.6     7.6  21:40     4.3  09:25      92      997.6       3.4      9.7      35.4  22:05      O-SO
   8     4.9     7.9  14:35     1.8  23:45      86     1004.7       0.2      5.5      30.6  02:50        SW
   9     2.7     6.0  23:55     0.1  07:10      95     1002.9       0.2      1.1       9.7  16:00      O-SO
  10     6.8     8.7  14:25     4.6  02:55      94      996.4       6.0      7.9      20.9  10:35         S
  11     6.2     7.5  18:10     4.8  11:35      95      991.2       8.8      9.4      32.2  18:05      S-SO
  12     5.9     7.9  15:25     4.8  21:35      92      998.1       4.4     14.6      33.8  15:55        SW
  13     5.5     6.9  12:00     3.3  23:20      86     1011.8       0.0     19.0      33.8  09:15      W-SW
  14     3.4     7.5  14:15     0.8  07:20      86     1010.2       0.4      8.6      30.6  17:10        SW
  15     2.8     4.1  00:00     1.9  07:25      88     1009.0       1.6     14.8      30.6  05:30        SW
  16     2.6     4.3  15:50     1.6  23:40      87     1020.1       1.0      9.0      40.2  17:15         W
  17     0.5     2.3  13:30    -2.5  23:35      84     1023.1       0.2      8.1      20.9  07:15         W
  18    -3.3     0.2  13:40    -5.6  07:25      86     1020.4       0.0      2.8      14.5  13:20         O
  19    -4.3    -1.8  15:00    -6.2  04:40      86     1016.7       0.0      3.3      12.9  19:30        NO
  20    -2.7    -0.3  15:10    -4.8  06:05      87     1019.7       0.0      4.7      16.1  10:50      S-SO
  21    -0.4     3.5  14:50    -2.8  21:50      87     1025.9       0.0      2.6      12.9  23:05      O-SO
  22    -2.2     0.7  15:15    -5.7  08:25      86     1028.5       0.0      3.9      19.3  11:30         S
  23     3.8     8.0  14:05    -0.5  00:00      93     1032.3       2.4      4.7      19.3  02:35         W
  24     4.2     6.4  15:45     1.8  08:30      93     1033.0       0.0      5.3      22.5  13:35      S-SO
  25     7.9    12.3  14:40     5.1  20:20      84     1028.4       0.2      5.0      17.7  15:55      S-SO
  26     9.1    13.9  14:20     5.7  08:00      82     1025.5       0.0      7.4      22.5  10:05         S
  27    11.6    13.5  13:30     8.5  00:00      77     1020.5       0.0     12.3      25.7  14:30         S
  28    10.4    13.0  02:40     7.4  23:35      78     1022.7       0.0      8.2      25.7  08:35        SW
  29     6.7    10.2  14:30     2.6  07:20      82     1028.2       0.0     10.6      25.7  11:35        SW
  30     7.7    10.2  14:55     5.8  23:55      81     1016.8       5.0     20.7      40.2  09:50        SW
  31     6.6    11.6  23:59     4.4  08:25      92     1012.8       1.8      9.0      20.9  05:05         S
--------------------------------------------------------------------------------------------------------------
Avg:     4.4    13.9     26    -6.2     19      88     1013.7      58.0      7.8      40.2     16        SW


Distribution WD Values         4861
Distribution WD N-NO        1.563%
Distribution WD NO          1.872%
Distribution WD NO-O        0.843%
Distribution WD O           2.983%
Distribution WD O-SO        5.616%
Distribution WD SO          6.830%
Distribution WD SO-S       12.919%
Distribution WD S          16.046%
Distribution WD S-SW       12.179%
Distribution WD SW         22.506%
Distribution WD SW-W        7.015%
Distribution WD W           5.719%
Distribution WD W-NW        1.255%
Distribution WD NW          1.131%
Distribution WD NW-N        0.617%
Distribution WD N           0.905%

Rain days >0.0 l/m Month     20
Rain days >2.0 l/m Month     9
Rain days >20.0 l/m Month    0


Ice days    max <  0C      2
Cold days   min <= 0C      7
Cool days   max < 10C     24
Summer days max >=25C      0
Hot days    max >=30C      0

Last year same Month: Ice days    max <  0C      1
Last year same Month: Cold days   min <= 0C     12
Last year same Month: Cool days   max < 10C     26
Last year same Month: Summer days max >=25C      0
Last year same Month: Hot days    max >=30C      0

 1999-2020  Werner Krenn - Wetterstation Bedien- und Auswertesoftware - V2.99.8.8