MONTHLY CLIMATOLOGICAL SUMMARY for November   2015

CITY: Mannheim-Seckenheim    ELEV: 96 m  LAT: 49 28' 7"   LONG: 8 33' 26" 

    TEMPERATURE (C), BAROMETER (hPa), RAIN  (l/m), WIND SPEED (km/h)

        MEAN            TEMPERATURE                                              WIND                   DOM
 DAY    TEMP    HIGH   TIME     LOW   TIME     HUM       Baro      Rain    SPEED      HIGH   TIME       DIR
--------------------------------------------------------------------------------------------------------------
   1     5.8     7.7  15:10     3.8  05:40      96     1030.1       0.2      2.0       9.7  09:50      O-NO
   2     5.1     6.2  15:30     4.0  07:15      97     1027.8       0.2      2.6       9.7  14:50         S
   3     4.4     5.1  18:25     3.4  08:15      97     1022.5       0.2      3.3      11.3  05:25      O-NO
   4     8.2    13.8  14:15     4.3  07:45      89     1021.3       0.0      3.5      11.3  03:15         S
   5    10.5    17.4  13:50     6.1  08:05      88     1020.9       0.0      1.2       8.0  11:20         S
   6    14.1    19.0  13:55     9.0  00:00      87     1022.1       2.2      7.1      24.1  14:15      S-SO
   7    15.7    18.6  14:55    14.5  00:30      95     1024.4       0.4      4.0      16.1  02:20      S-SO
   8    14.6    19.8  14:35    11.2  07:30      92     1025.9       0.0      2.1      11.3  23:05      S-SO
   9    15.6    19.4  12:35    11.9  04:20      81     1024.1       0.2     10.6      32.2  14:50        SW
  10    14.6    16.8  15:30    12.7  07:55      77     1025.6       0.0      8.2      20.9  09:25        SW
  11    12.1    14.4  13:10     8.7  19:50      83     1025.3       0.0      5.0      12.9  14:10        SW
  12    11.0    14.7  13:30     7.3  23:50      85     1025.5       0.0      2.9      11.3  06:50      S-SO
  13     9.4    12.8  17:10     5.7  03:10      91     1024.3       2.2      8.3      25.7  17:10      S-SO
  14     9.8    11.8  14:15     6.7  08:10      78     1027.1       0.2     12.6      27.4  10:10        SW
  15    11.9    14.6  14:15     9.3  23:45      80     1017.2       0.2     17.6      41.8  04:25      W-SW
  16     9.8    12.6  11:25     5.9  06:55      81     1017.0       0.0      8.5      27.4  12:45         S
  17    12.9    14.9  23:50    10.3  05:40      88     1013.2       1.4     21.7      38.6  22:25        SW
  18    14.9    16.7  02:35    13.1  20:15      69     1016.6       0.0     20.9      37.0  01:20      W-SW
  19    14.6    16.5  13:20    12.4  19:05      78     1014.9       3.2     21.2      41.8  06:15      W-SW
  20     9.0    14.8  00:00     6.2  23:05      94     1006.2      34.8      6.0      25.7  00:50         W
  21     4.4     6.2  00:00     2.2  23:45      92      997.9       4.8      7.2      24.1  17:20         W
  22     3.2     5.7  14:35     1.2  08:05      89     1006.7       1.6      7.1      22.5  14:35         W
  23     2.6     4.2  13:40     0.3  02:40      93     1021.2       0.4      2.0       9.7  08:00      W-SW
  24     1.8     3.7  14:15    -0.5  08:00      90     1020.8       1.2      8.3      20.9  22:30         S
  25     3.4     5.8  14:55     1.2  02:10      95     1008.0       7.0      6.6      17.7  02:10         S
  26     4.3     7.3  13:20     0.4  23:05      94     1015.2       1.4      2.6      16.1  15:35      N-NO
  27     0.1     1.3  20:05    -1.8  06:55      96     1018.8       0.2      3.0      16.1  21:45         S
  28     2.9     6.9  15:25     0.0  00:00      92     1015.4       2.4     10.4      24.1  15:30      S-SO
  29     7.4    11.4  23:50     3.9  00:00      88     1016.4       1.2     25.4      40.2  06:05        SW
  30    11.2    12.3  20:55     9.9  11:30      83     1019.2       0.8     24.2      54.7  04:15        SW
--------------------------------------------------------------------------------------------------------------
Avg:     8.8    19.8      8    -1.8     27      88     1019.1      66.4      8.9      54.7     30        SW


Distribution WD Values         4486
Distribution WD N-NO        1.048%
Distribution WD NO          1.181%
Distribution WD NO-O        1.516%
Distribution WD O           0.223%
Distribution WD O-SO        0.602%
Distribution WD SO          3.255%
Distribution WD SO-S       10.120%
Distribution WD S          12.974%
Distribution WD S-SW        9.875%
Distribution WD SW         32.858%
Distribution WD SW-W       15.560%
Distribution WD W           8.404%
Distribution WD W-NW        0.713%
Distribution WD NW          0.802%
Distribution WD NW-N        0.334%
Distribution WD N           0.535%

Rain days >0.0 l/m Month     22
Rain days >2.0 l/m Month     7
Rain days >20.0 l/m Month    1


Ice days    max <  0C      0
Cold days   min <= 0C      2
Cool days   max < 10C     11
Summer days max >=25C      0
Hot days    max >=30C      0

Last year same Month: Ice days    max <  0C      0
Last year same Month: Cold days   min <= 0C      0
Last year same Month: Cool days   max < 10C     13
Last year same Month: Summer days max >=25C      0
Last year same Month: Hot days    max >=30C      0

 1999-2020  Werner Krenn - Wetterstation Bedien- und Auswertesoftware - V2.99.8.8