MONTHLY CLIMATOLOGICAL SUMMARY for August     2015

CITY: Mannheim-Seckenheim    ELEV: 96 m  LAT: 49 28' 7"   LONG: 8 33' 26" 

    TEMPERATURE (C), BAROMETER (hPa), RAIN  (l/m), WIND SPEED (km/h)

        MEAN            TEMPERATURE                                              WIND                   DOM
 DAY    TEMP    HIGH   TIME     LOW   TIME     HUM       Baro      Rain    SPEED      HIGH   TIME       DIR
--------------------------------------------------------------------------------------------------------------
   1    20.9    26.7  15:25    15.0  06:30      55     1012.6       0.0      5.5      19.3  02:00      S-SW
   2    22.9    30.6  17:35    15.6  06:35      61     1016.3       0.0      3.7      40.2  14:10      O-NO
   3    25.0    33.8  15:50    15.3  06:15      54     1014.2       0.0      5.3      22.5  15:20        SW
   4    22.3    29.8  11:55    17.4  06:20      72     1013.0       2.4      7.2      33.8  11:50         W
   5    22.9    30.5  18:05    15.4  06:35      67     1015.9       0.0      3.9      16.1  14:25         O
   6    26.3    36.3  17:05    17.3  06:15      61     1012.8       0.0      3.4      20.9  15:10        SW
   7    29.2    39.5  16:15    20.2  05:00      54     1011.7       0.0      3.8      17.7  15:40        SW
   8    27.8    34.3  16:45    23.7  23:50      59     1015.5       0.0     12.0      29.0  16:50      N-NO
   9    25.2    30.3  16:50    20.5  06:50      68     1015.4       1.6     11.3      22.5  18:00      N-NO
  10    24.4    29.8  17:45    20.1  06:25      77     1013.2       9.4      9.5      22.5  17:55         W
  11    24.6    30.1  16:55    19.5  04:55      69     1014.6       0.0      7.9      20.9  17:30      N-NO
  12    26.6    32.8  15:40    20.2  06:30      66     1016.6       0.0      7.7      16.1  16:15      N-NO
  13    28.2    36.2  16:25    20.9  07:15      60     1011.4       0.0      6.4      33.8  23:55        NO
  14    23.7    27.5  15:10    20.0  23:50      76     1008.4       4.2      6.5      30.6  00:25         S
  15    21.4    26.4  15:55    18.1  05:20      77     1008.4       0.2     10.8      27.4  16:00        SW
  16    17.5    19.2  00:00    16.6  07:10      89     1011.0       6.8      7.9      17.7  19:30        NW
  17    16.6    17.9  14:25    15.2  23:30      84     1011.8       1.8      7.7      14.5  02:10         W
  18    17.2    20.9  16:40    14.7  04:55      80     1014.0       0.0      3.4      12.9  12:45        NO
  19    17.0    22.1  18:00    11.6  06:50      74     1018.7       0.0      3.2      12.9  09:15      N-NO
  20    18.5    24.8  13:55    15.1  06:45      78     1021.8       1.6      2.5      17.7  14:30      O-NO
  21    19.1    26.2  16:10    12.2  06:50      72     1022.3       0.2      3.4      14.5  18:25      O-NO
  22    20.9    28.6  15:10    13.4  07:05      58     1017.0       0.0      5.0      20.9  16:50      O-NO
  23    20.6    29.2  15:00    13.5  05:55      64     1007.6       5.8      7.5      38.6  18:05         O
  24    19.1    23.7  14:10    16.0  23:55      89     1005.2       2.4      8.1      24.1  17:25         S
  25    18.2    22.7  16:40    15.4  01:40      64     1014.8       0.0     13.5      51.5  04:05        SW
  26    21.1    28.8  16:50    13.9  07:30      59     1014.9       0.0      6.3      17.7  12:35         S
  27    24.8    32.2  16:25    18.3  02:10      57     1009.6       0.0      9.5      27.4  16:35        SW
  28    19.2    22.8  00:00    17.2  10:45      93     1015.7      13.2      4.7      16.1  00:35        NO
  29    23.5    30.9  16:20    17.1  04:30      79     1019.4       0.0      3.5      12.9  12:25        NO
  30    26.4    34.4  16:10    19.9  06:25      71     1015.7       0.0      3.7      20.9  13:10         S
  31    26.7    34.6  16:00    19.9  06:05      59     1011.0       0.0      7.7      29.0  16:45        SW
--------------------------------------------------------------------------------------------------------------
Avg:    22.5    39.5      7    11.6     19      69     1013.9      49.6      6.5      51.5     25        SW


Distribution WD Values         4291
Distribution WD N-NO       10.277%
Distribution WD NO          7.760%
Distribution WD NO-O        4.521%
Distribution WD O           4.055%
Distribution WD O-SO        3.006%
Distribution WD SO          3.169%
Distribution WD SO-S        5.080%
Distribution WD S           6.828%
Distribution WD S-SW        8.040%
Distribution WD SW         15.964%
Distribution WD SW-W        3.356%
Distribution WD W           9.462%
Distribution WD W-NW        2.936%
Distribution WD NW          4.754%
Distribution WD NW-N        2.564%
Distribution WD N           8.227%

Rain days >0.0 l/m Month     12
Rain days >2.0 l/m Month     7
Rain days >20.0 l/m Month    0


Ice days    max <  0C      0
Cold days   min <= 0C      0
Cool days   max < 10C      0
Summer days max >=25C     23
Hot days    max >=30C     14

Last year same Month: Ice days    max <  0C      0
Last year same Month: Cold days   min <= 0C      0
Last year same Month: Cool days   max < 10C      0
Last year same Month: Summer days max >=25C     10
Last year same Month: Hot days    max >=30C      0

 1999-2020  Werner Krenn - Wetterstation Bedien- und Auswertesoftware - V2.99.8.8