MONTHLY CLIMATOLOGICAL SUMMARY for Juli       2015

CITY: Mannheim-Seckenheim    ELEV: 96 m  LAT: 49 28' 7"   LONG: 8 33' 26" 

    TEMPERATURE (C), BAROMETER (hPa), RAIN  (l/m), WIND SPEED (km/h)

        MEAN            TEMPERATURE                                              WIND                   DOM
 DAY    TEMP    HIGH   TIME     LOW   TIME     HUM       Baro      Rain    SPEED      HIGH   TIME       DIR
--------------------------------------------------------------------------------------------------------------
   1    26.4    34.3  16:00    17.2  05:55      54     1016.5       0.0      4.1      17.7  14:05         O
   2    28.8    36.1  16:45    20.6  05:55      55     1017.2       0.0      0.1       1.6  01:00         N
   3    29.6    36.4  16:25    22.8  06:15      57     1019.5       0.0      1.1      12.9  14:45        NO
   4    30.7    38.1  16:25    22.3  05:50      55     1017.2       0.0      6.0      29.0  20:30        SW
   5    31.1    38.8  14:20    24.1  05:40      54     1012.9       1.6      7.8      29.0  21:55        SW
   6    24.8    30.4  17:15    19.6  05:45      53     1018.2       0.0      8.7      25.7  01:25      N-NO
   7    25.7    35.7  16:20    17.6  05:30      61     1010.1       4.4      6.7      25.7  16:50        SW
   8    21.4    24.0  15:15    18.6  07:35      54     1011.4       0.2     19.6      35.4  11:10         W
   9    18.4    22.9  15:35    15.5  23:50      63     1017.9       0.2     14.1      30.6  01:45         W
  10    18.5    25.4  17:05    11.1  05:35      53     1021.1       0.0      6.1      16.1  14:40        NO
  11    23.6    33.1  17:05    14.0  05:15      45     1014.4       0.0      7.9      24.1  16:15         W
  12    22.5    28.4  14:05    16.9  05:55      55     1016.2       0.0      8.6      25.7  11:55         W
  13    20.5    23.2  17:05    18.4  03:50      68     1016.9       0.2      7.9      20.9  11:55         W
  14    22.9    28.2  16:40    18.8  03:55      69     1016.0       0.0     10.4      29.0  19:55         W
  15    24.7    30.8  16:35    18.9  05:10      62     1017.3       0.0      4.7      17.7  13:20        SW
  16    27.0    34.4  16:35    19.4  06:05      56     1015.2       0.0      5.8      17.7  15:55      N-NO
  17    27.9    35.8  16:45    20.8  02:10      54     1012.7       0.2      6.9      24.1  15:20        SW
  18    25.5    30.4  16:35    20.4  06:15      71     1014.2       9.2      7.6      49.9  03:15        SW
  19    23.8    28.2  14:00    20.4  06:30      75     1009.7      15.0      8.5      43.5  14:50         W
  20    24.1    29.3  17:40    20.0  03:10      72     1012.7       0.0      4.9      20.9  13:00        SW
  21    27.3    32.6  17:35    22.4  06:50      64     1013.1       0.0      6.8      19.3  14:10        SW
  22    27.7    34.4  15:55    20.8  06:35      63     1011.1       0.8      6.7      22.5  18:35      N-NO
  23    24.0    28.1  16:15    20.3  08:15      57     1014.0       0.4      7.0      22.5  13:10        SW
  24    25.9    32.6  15:40    17.9  06:35      54     1008.1       0.8      4.9      48.3  23:45      O-NO
  25    19.8    23.7  10:30    16.3  23:55      73     1008.3       4.6     19.2      46.7  10:35         W
  26    18.0    24.4  14:50    10.9  06:30      60     1012.7       0.8      5.6      19.3  22:05      S-SO
  27    19.4    23.9  17:50    15.7  01:35      71     1004.7       1.8     16.9      40.2  17:00        SW
  28    19.7    23.0  16:10    15.9  23:55      56     1007.8       0.4     18.4      40.2  13:35         W
  29    16.6    22.3  17:10    14.1  03:25      73     1009.9       1.0     10.6      29.0  17:10         S
  30    16.9    23.7  17:05    10.9  06:00      63     1014.3       0.0      7.5      35.4  19:05        SW
  31    18.2    24.2  16:30    10.9  06:05      61     1016.2       0.0      8.3      20.9  18:25        NO
--------------------------------------------------------------------------------------------------------------
Avg:    23.6    38.8      5    10.9     26      61     1013.8      41.6      8.4      49.9     18         W


Distribution WD Values         4927
Distribution WD N-NO        5.866%
Distribution WD NO          4.485%
Distribution WD NO-O        3.795%
Distribution WD O           2.091%
Distribution WD O-SO        1.624%
Distribution WD SO          1.441%
Distribution WD SO-S        2.821%
Distribution WD S           5.845%
Distribution WD S-SW        8.707%
Distribution WD SW         17.983%
Distribution WD SW-W       10.696%
Distribution WD W          24.538%
Distribution WD W-NW        2.212%
Distribution WD NW          2.151%
Distribution WD NW-N        1.827%
Distribution WD N           3.917%

Rain days >0.0 l/m Month     16
Rain days >2.0 l/m Month     4
Rain days >20.0 l/m Month    0


Ice days    max <  0C      0
Cold days   min <= 0C      0
Cool days   max < 10C      0
Summer days max >=25C     21
Hot days    max >=30C     15

Last year same Month: Ice days    max <  0C      0
Last year same Month: Cold days   min <= 0C      0
Last year same Month: Cool days   max < 10C      0
Last year same Month: Summer days max >=25C     20
Last year same Month: Hot days    max >=30C      6

 1999-2020  Werner Krenn - Wetterstation Bedien- und Auswertesoftware - V2.99.8.8