MONTHLY CLIMATOLOGICAL SUMMARY for April      2015

CITY: Mannheim-Seckenheim    ELEV: 96 m  LAT: 49 28' 7"   LONG: 8 33' 26" 

    TEMPERATURE (C), BAROMETER (hPa), RAIN  (l/m), WIND SPEED (km/h)

        MEAN            TEMPERATURE                                              WIND                   DOM
 DAY    TEMP    HIGH   TIME     LOW   TIME     HUM       Baro      Rain    SPEED      HIGH   TIME       DIR
--------------------------------------------------------------------------------------------------------------
   1     6.6     9.7  15:00     4.5  07:55      70     1017.4       0.4     22.6      49.9  16:35         W
   2     7.2    10.6  15:20     4.6  23:55      69     1015.8       3.6     21.0      51.5  16:40        SW
   3     6.3    12.3  15:40    -0.5  07:20      66     1019.8       0.0      3.7      16.1  15:30        SW
   4     6.6     8.7  17:30     5.4  10:15      85     1014.4       5.4      6.9      22.5  17:45      N-NO
   5     6.3    11.4  15:15     0.7  07:20      59     1021.4       0.0      9.0      24.1  16:05      N-NO
   6     6.1    11.7  16:10     0.3  05:45      61     1027.2       0.0      6.8      22.5  16:10      N-NO
   7     6.6    13.6  16:50     0.1  06:20      64     1034.5       0.0      2.9      12.9  15:35         W
   8     8.8    16.7  16:30     1.3  06:55      69     1031.5       0.0      3.0      16.1  14:45        NO
   9    12.0    20.2  16:45     4.5  06:25      69     1026.1       0.0      2.6      20.9  13:20      O-NO
  10    14.2    22.9  16:25     5.7  06:50      61     1020.4       0.0      3.5      14.5  14:15        SW
  11    14.0    18.2  11:55    10.8  01:00      63     1020.9       0.0     10.6      30.6  13:15        SW
  12    13.9    20.1  17:15     9.6  07:10      68     1027.5       0.2      5.5      19.3  15:10        SW
  13    13.2    18.1  16:45     8.4  05:10      67     1027.9       0.0      8.1      25.7  16:35      N-NO
  14    14.3    23.5  17:05     4.9  06:45      60     1026.9       0.0      5.8      19.3  16:20         W
  15    17.9    27.1  15:55    10.3  04:35      53     1017.6       0.0      5.4      19.3  16:30      S-SW
  16    18.0    24.7  16:20    11.0  05:40      49     1011.8       0.0      4.9      19.3  18:05      S-SW
  17    12.8    16.8  01:40     9.7  23:55      60     1012.9       0.0     10.6      24.1  19:25      N-NO
  18    10.2    15.3  15:30     4.4  07:10      53     1022.3       0.0      9.0      33.8  17:40        NO
  19    11.5    18.9  15:45     3.1  06:05      48     1019.8       0.0      6.8      19.3  13:00      O-NO
  20    13.8    20.8  15:55     5.8  06:25      49     1023.3       0.0      7.3      22.5  13:15        NO
  21    15.4    23.7  16:30     6.7  06:00      52     1026.6       0.0      5.2      17.7  14:55         W
  22    13.2    19.2  17:20     8.5  06:15      53     1023.8       0.0     10.2      27.4  15:30        NO
  23    11.5    18.4  17:30     3.9  06:20      60     1018.0       0.0      3.4      12.9  11:40         O
  24    14.0    21.9  17:45     5.4  06:10      54     1013.3       0.0      3.8      12.9  10:10      S-SW
  25    13.4    19.3  13:45     8.5  03:55      75     1009.2       1.8      5.7      27.4  14:40      S-SO
  26    16.3    22.2  13:40    12.1  01:20      81     1006.3       5.4      5.1      25.7  22:35      S-SW
  27    13.6    17.4  14:25     8.6  23:50      91     1001.4       2.8     10.8      35.4  19:10      N-NO
  28    11.1    16.2  16:40     7.8  01:35      65     1013.3       0.2     14.7      25.7  17:25         W
  29    11.0    17.6  15:30     3.7  05:25      65     1017.6       0.0      3.8      19.3  14:05         S
  30    12.4    17.4  12:45     7.9  06:20      68     1013.6       0.2     10.4      33.8  18:50        SW
--------------------------------------------------------------------------------------------------------------
Avg:    11.7    27.1     15    -0.5      3      64     1019.4      20.0      7.6      51.5      2      N-NO


Distribution WD Values         4225
Distribution WD N-NO       15.503%
Distribution WD NO         14.627%
Distribution WD NO-O        5.373%
Distribution WD O           1.538%
Distribution WD O-SO        1.373%
Distribution WD SO          1.373%
Distribution WD SO-S        2.769%
Distribution WD S           4.497%
Distribution WD S-SW        8.473%
Distribution WD SW         12.308%
Distribution WD SW-W        6.272%
Distribution WD W          12.331%
Distribution WD W-NW        1.964%
Distribution WD NW          2.343%
Distribution WD NW-N        1.941%
Distribution WD N           7.314%

Rain days >0.0 l/m Month     9
Rain days >2.0 l/m Month     4
Rain days >20.0 l/m Month    0


Ice days    max <  0C      0
Cold days   min <= 0C      1
Cool days   max < 10C      2
Summer days max >=25C      1
Hot days    max >=30C      0

Last year same Month: Ice days    max <  0C      0
Last year same Month: Cold days   min <= 0C      0
Last year same Month: Cool days   max < 10C      0
Last year same Month: Summer days max >=25C      2
Last year same Month: Hot days    max >=30C      0

 1999-2020  Werner Krenn - Wetterstation Bedien- und Auswertesoftware - V2.99.8.8