MONTHLY CLIMATOLOGICAL SUMMARY for Mrz       2015

CITY: Mannheim-Seckenheim    ELEV: 96 m  LAT: 49 28' 7"   LONG: 8 33' 26" 

    TEMPERATURE (C), BAROMETER (hPa), RAIN  (l/m), WIND SPEED (km/h)

        MEAN            TEMPERATURE                                              WIND                   DOM
 DAY    TEMP    HIGH   TIME     LOW   TIME     HUM       Baro      Rain    SPEED      HIGH   TIME       DIR
--------------------------------------------------------------------------------------------------------------
   1     6.8    10.6  15:55     3.2  05:55      88     1007.7       1.6     12.0      25.7  09:05         S
   2     8.0    10.8  15:55     4.3  23:55      76     1007.3       6.2     18.2      51.5  17:10         W
   3     6.2    11.8  15:20     1.6  07:35      73     1019.9       1.8     11.9      37.0  21:25        SW
   4     5.5     8.7  15:35     1.6  07:00      75     1025.5       0.0     10.3      27.4  10:15         W
   5     5.3     8.7  15:30     1.8  23:45      72     1035.0       0.0      8.2      19.3  09:55      N-NO
   6     4.8    10.0  12:45    -0.4  07:10      76     1036.2       0.0      2.4      11.3  09:40      O-NO
   7     4.7    12.2  15:30    -0.8  06:05      75     1032.0       0.0      1.5      12.9  13:15         S
   8     6.0    14.7  15:15    -0.5  06:20      78     1025.4       0.0      2.1      11.3  15:35      N-NO
   9     8.5    16.3  16:00     1.8  06:25      77     1024.3       0.0      3.7      16.1  09:00        NO
  10     6.8    10.4  13:10     1.3  06:55      92     1025.8       1.0      2.3      12.9  13:20      N-NO
  11     6.3    10.8  15:20     2.3  23:45      75     1028.5       0.0      6.5      19.3  14:35        NO
  12     5.2    12.5  15:10    -1.0  06:10      72     1028.4       0.0      4.2      17.7  15:55      O-NO
  13     5.3     8.4  14:30     1.4  07:15      66     1022.7       0.0      8.6      17.7  02:25      O-NO
  14     5.3     7.4  14:05     2.1  01:15      77     1023.4       0.0      8.7      20.9  13:20        NO
  15     6.3     9.3  15:05     4.3  23:45      77     1022.7       0.0      9.5      19.3  14:10        NO
  16     7.9    14.4  15:25     1.6  05:45      71     1021.1       0.0      4.3      12.9  13:35         N
  17    10.0    18.2  16:00     2.6  06:30      70     1021.8       0.0      2.7      12.9  19:35      N-NO
  18    11.1    18.7  15:55     4.2  05:55      71     1022.6       0.0      3.5      16.1  17:05      N-NO
  19    11.0    16.6  14:55     7.3  06:40      75     1023.3       0.0      7.6      16.1  06:30      N-NO
  20     8.7    16.0  15:05     3.1  06:00      72     1021.5       0.0      3.4      11.3  12:05         N
  21     5.9     9.6  12:30     1.6  06:35      81     1016.4       0.0      5.9      20.9  15:15      N-NO
  22     7.0    11.1  12:50     3.2  05:30      74     1020.1       0.0     11.6      25.7  13:30        NO
  23     5.1     9.8  15:40     2.1  05:05      80     1016.0       0.0      3.4      11.3  15:45      N-NO
  24     7.2    16.2  16:15     0.2  05:25      78     1007.6       0.0      2.3      12.9  13:50         S
  25    10.2    17.9  15:30     4.1  07:10      75     1003.2       0.0      8.8      29.0  17:10         W
  26     8.1    10.5  16:40     6.1  23:10      78     1008.2       1.6     10.7      25.7  19:05         W
  27     8.9    12.4  14:50     5.1  06:25      68     1017.1       0.0     13.0      33.8  14:05         W
  28     9.5    14.8  14:10     3.6  06:05      68     1019.3       0.2      9.2      25.7  11:45        SW
  29    11.2    12.3  11:25    10.1  03:40      88     1005.9       1.8     21.4      41.8  17:45        SW
  30     9.5    12.6  00:25     6.1  22:35      68     1004.8       0.6     21.1      48.3  16:05         W
  31    10.2    14.6  15:05     4.9  23:59      78     1004.6       8.2     30.2      61.2  14:35         W
--------------------------------------------------------------------------------------------------------------
Avg:     7.5    18.7     18    -1.0     12      76     1019.3      23.0      8.7      61.2     31         W


Distribution WD Values         5034
Distribution WD N-NO        9.754%
Distribution WD NO         13.051%
Distribution WD NO-O        8.006%
Distribution WD O           1.371%
Distribution WD O-SO        0.636%
Distribution WD SO          0.914%
Distribution WD SO-S        2.503%
Distribution WD S           4.569%
Distribution WD S-SW        5.403%
Distribution WD SW         11.998%
Distribution WD SW-W        6.913%
Distribution WD W          20.660%
Distribution WD W-NW        2.801%
Distribution WD NW          2.841%
Distribution WD NW-N        2.106%
Distribution WD N           6.476%

Rain days >0.0 l/m Month     9
Rain days >2.0 l/m Month     2
Rain days >20.0 l/m Month    0


Ice days    max <  0C      0
Cold days   min <= 0C      4
Cool days   max < 10C      7
Summer days max >=25C      0
Hot days    max >=30C      0

Last year same Month: Ice days    max <  0C      0
Last year same Month: Cold days   min <= 0C      0
Last year same Month: Cool days   max < 10C      2
Last year same Month: Summer days max >=25C      0
Last year same Month: Hot days    max >=30C      0

 1999-2020  Werner Krenn - Wetterstation Bedien- und Auswertesoftware - V2.99.8.8