MONTHLY CLIMATOLOGICAL SUMMARY for Januar     2015

CITY: Mannheim-Seckenheim    ELEV: 96 m  LAT: 49 28' 7"   LONG: 8 33' 26" 

    TEMPERATURE (C), BAROMETER (hPa), RAIN  (l/m), WIND SPEED (km/h)

        MEAN            TEMPERATURE                                              WIND                   DOM
 DAY    TEMP    HIGH   TIME     LOW   TIME     HUM       Baro      Rain    SPEED      HIGH   TIME       DIR
--------------------------------------------------------------------------------------------------------------
   1     2.3     3.5  14:35     1.4  06:40      95     1036.0       0.0      3.2      17.7  22:25         S
   2     2.0     3.9  18:25     0.1  05:20      95     1031.6       5.4     10.1      25.7  06:35         S
   3     1.7     3.4  11:10     0.4  04:25      98     1025.5      18.2      4.1      19.3  21:55      N-NO
   4     2.5     5.0  14:55     0.2  08:40      94     1031.7       0.0      3.9      19.3  15:40         W
   5     0.9     4.1  14:55    -2.1  23:55      92     1033.0       0.2      1.9       8.0  10:30      S-SO
   6    -2.4    -1.3  15:40    -3.7  08:25      97     1025.6       0.0      0.9       4.8  09:50        SW
   7     1.9     4.1  13:30    -1.3  00:00      96     1029.4       0.2      4.1      11.3  14:45         S
   8     6.1     9.9  20:35     1.6  00:40      93     1026.5       4.4     14.0      38.6  21:10      S-SO
   9     8.9    12.6  23:55     6.2  03:30      88     1024.3       5.2     18.7      51.5  14:20        SW
  10    12.9    15.1  04:40     7.1  23:55      88     1015.6       4.4     23.4      48.3  12:30      W-SW
  11     6.0     7.2  14:55     4.4  09:05      74     1020.3       0.0     18.0      40.2  13:35         W
  12     7.4     9.1  21:30     6.1  00:05      73     1022.4       0.0     19.8      35.4  02:30        SW
  13     9.7    14.4  15:15     4.6  03:55      59     1013.2       0.6     15.2      33.8  12:45         S
  14     6.6     9.8  00:00     2.9  21:05      85     1013.5       3.4     14.8      45.1  13:45        SW
  15     7.9    10.7  13:30     3.3  00:30      77     1008.1       0.0      9.8      20.9  07:00         S
  16     6.6    10.2  00:40     5.1  23:40      91     1006.7      13.8      4.2      24.1  03:45        SW
  17     4.5     5.8  14:40     1.4  23:25      95     1014.1       2.0      1.4       8.0  00:05      W-NW
  18     1.0     3.7  14:20    -1.6  23:25      94     1016.3       0.0      3.6      11.3  13:40      S-SW
  19    -0.9     0.9  23:30    -2.1  06:40      97     1011.8       0.0      1.5       6.4  01:45        SW
  20     0.9     2.2  15:00    -0.3  23:55      94     1011.6       0.8      2.1       9.7  12:20        NO
  21     1.4     3.7  15:25    -1.2  05:35      88     1011.0       0.0      3.8      14.5  15:15      O-NO
  22     2.3     3.0  00:55     1.8  10:35      85     1013.6       0.0      9.1      17.7  13:10      N-NO
  23     2.2     3.6  15:15    -0.4  23:45      87     1022.2       0.0      6.1      12.9  05:40      N-NO
  24     0.0     2.4  13:55    -2.8  04:10      92     1022.2       1.4      3.2      16.1  15:10        SW
  25     1.4     3.6  14:35    -1.5  06:30      95     1028.7       0.2      1.7       6.4  02:30      N-NO
  26     1.7     2.6  12:55     0.9  06:30      97     1023.4       8.8      7.1      20.9  10:30         S
  27     3.4     5.8  12:15     0.6  08:20      92     1021.6       1.0      8.4      29.0  14:30         W
  28     4.0     5.7  18:50     2.7  07:05      91     1012.5       2.6     13.6      40.2  22:50        SW
  29     3.3     4.6  11:55     1.4  05:40      92      990.7       3.6     14.3      35.4  12:00        SW
  30     2.3     4.2  00:00    -0.3  23:50      91      977.4       1.2     12.0      37.0  06:35        SW
  31     1.9     4.3  15:30    -0.4  00:05      92      983.6       0.6      4.5      14.5  15:10         S
--------------------------------------------------------------------------------------------------------------
Avg:     3.6    15.1     10    -3.7      6      90     1016.9      78.0      8.3      51.5      9        SW


Distribution WD Values         4582
Distribution WD N-NO        4.823%
Distribution WD NO          2.772%
Distribution WD NO-O        3.055%
Distribution WD O           1.179%
Distribution WD O-SO        1.484%
Distribution WD SO          3.492%
Distribution WD SO-S        8.402%
Distribution WD S          13.160%
Distribution WD S-SW       10.258%
Distribution WD SW         25.251%
Distribution WD SW-W       11.021%
Distribution WD W          10.803%
Distribution WD W-NW        0.546%
Distribution WD NW          0.175%
Distribution WD NW-N        0.349%
Distribution WD N           3.230%

Rain days >0.0 l/m Month     20
Rain days >2.0 l/m Month     11
Rain days >20.0 l/m Month    0


Ice days    max <  0C      1
Cold days   min <= 0C     12
Cool days   max < 10C     26
Summer days max >=25C      0
Hot days    max >=30C      0

Last year same Month: Ice days    max <  0C      0
Last year same Month: Cold days   min <= 0C      4
Last year same Month: Cool days   max < 10C     24
Last year same Month: Summer days max >=25C      0
Last year same Month: Hot days    max >=30C      0

 1999-2020  Werner Krenn - Wetterstation Bedien- und Auswertesoftware - V2.99.8.8