MONTHLY CLIMATOLOGICAL SUMMARY for November   2014

CITY: Mannheim-Seckenheim    ELEV: 96 m  LAT: 49 28' 7"   LONG: 8 33' 26" 

    TEMPERATURE (C), BAROMETER (hPa), RAIN  (l/m), WIND SPEED (km/h)

        MEAN            TEMPERATURE                                              WIND                   DOM
 DAY    TEMP    HIGH   TIME     LOW   TIME     HUM       Baro      Rain    SPEED      HIGH   TIME       DIR
--------------------------------------------------------------------------------------------------------------
   1    10.4    13.5  14:25     8.2  23:50      96     1021.7       0.2      1.7       9.7  12:40        SW
   2    11.1    16.4  14:35     6.0  07:25      93     1016.1       0.2      3.4      16.1  12:30      S-SO
   3    13.9    15.6  15:45    12.4  07:15      85     1005.1       1.4      8.2      33.8  16:10      S-SO
   4    13.0    15.6  14:20    10.7  23:50      85      995.3       1.2      2.9      14.5  21:25         W
   5     9.4    10.7  00:05     8.2  22:55      95     1002.0       5.4      5.4      14.5  01:10         W
   6     7.3    10.4  14:40     3.7  22:30      94     1011.6       0.2      3.5      17.7  12:50         S
   7     6.6     9.3  15:45     2.6  01:50      93     1009.6       0.4      5.5      17.7  22:45         S
   8     8.9    14.4  13:45     6.1  23:05      90     1012.0       0.2      4.8      17.7  11:45      S-SO
   9     7.3    11.7  14:35     3.0  07:45      93     1008.9       0.2      1.1       6.4  00:30         S
  10     8.9    11.3  14:10     7.4  00:00      94     1011.5       0.2      3.2      14.5  11:00      S-SO
  11     7.5    10.7  14:25     4.5  07:15      94     1007.0       0.0      1.0      11.3  13:10      N-NW
  12     8.6    10.2  14:55     6.3  00:00      95     1004.8       3.8      1.0       8.0  16:30      O-NO
  13    10.5    12.1  15:10     9.2  00:00      95     1011.6       4.6      1.2      12.9  21:45         O
  14    10.5    13.5  13:40     7.3  21:00      88     1008.2       0.0      4.6      17.7  07:25         O
  15    10.0    12.8  13:00     8.0  06:45      93     1002.3       8.0      4.4      16.1  23:45         W
  16     9.8    11.2  14:30     8.7  07:35      95     1001.1      10.2      6.1      17.7  12:25        SW
  17     9.7    11.8  12:35     7.7  03:15      90     1004.4       1.2      2.5      12.9  17:50      O-NO
  18     8.9     9.9  14:25     8.0  23:55      92     1007.2       5.4      3.4      11.3  20:35         W
  19     8.1     9.8  14:30     5.5  23:55      95     1018.4       1.0      1.6       9.7  00:10        NW
  20     5.9     8.9  14:20     3.5  06:00      94     1025.0       0.0      1.7       9.7  15:10        NO
  21     5.1     9.2  15:00     2.0  07:05      92     1021.7       0.2      0.9       8.0  00:35        NO
  22     6.5    11.1  14:10     4.0  02:35      93     1020.4       0.0      0.9       8.0  14:35        NO
  23     4.9     6.2  14:40     3.4  02:10      97     1020.6       0.2      1.5       8.0  12:45      N-NO
  24     7.2     9.1  16:05     4.7  06:50      97     1022.4       0.0      3.4      12.9  23:00      N-NO
  25     6.9     8.8  14:40     3.4  08:20      89     1022.5       0.0      6.3      16.1  18:40      O-NO
  26     6.8     7.6  13:40     5.9  03:30      85     1015.8       0.0      2.1      11.3  05:10         O
  27     7.1     8.7  14:35     4.5  23:55      87     1009.5       0.0      2.1       9.7  12:30      O-NO
  28     4.5     6.9  13:25     2.2  05:20      90     1010.3       0.0      3.9      14.5  19:20      O-NO
  29     4.7     5.1  13:50     4.2  08:45      87     1014.3       0.0      6.2      14.5  03:10      O-NO
  30     4.3     4.6  00:00     4.0  22:00      90     1012.2       0.0      4.0      11.3  04:40      O-NO
--------------------------------------------------------------------------------------------------------------
Avg:     8.1    16.4      2     2.0     21      92     1011.8      44.2      3.3      33.8      3      O-NO


Distribution WD Values         2151
Distribution WD N-NO        4.463%
Distribution WD NO          8.787%
Distribution WD NO-O       15.900%
Distribution WD O           9.530%
Distribution WD O-SO        6.788%
Distribution WD SO          6.090%
Distribution WD SO-S        9.763%
Distribution WD S           9.856%
Distribution WD S-SW        6.276%
Distribution WD SW          7.113%
Distribution WD SW-W        2.185%
Distribution WD W           6.230%
Distribution WD W-NW        2.510%
Distribution WD NW          1.488%
Distribution WD NW-N        1.534%
Distribution WD N           1.488%

Rain days >0.0 l/m Month     19
Rain days >2.0 l/m Month     6
Rain days >20.0 l/m Month    0


Ice days    max <  0C      0
Cold days   min <= 0C      0
Cool days   max < 10C     13
Summer days max >=25C      0
Hot days    max >=30C      0

Last year same Month: Ice days    max <  0C      0
Last year same Month: Cold days   min <= 0C      5
Last year same Month: Cool days   max < 10C     21
Last year same Month: Summer days max >=25C      0
Last year same Month: Hot days    max >=30C      0

 1999-2020  Werner Krenn - Wetterstation Bedien- und Auswertesoftware - V2.99.8.8