MONTHLY CLIMATOLOGICAL SUMMARY for September  2014

CITY: Mannheim-Seckenheim    ELEV: 96 m  LAT: 49 28' 7"   LONG: 8 33' 26" 

    TEMPERATURE (C), BAROMETER (hPa), RAIN  (l/m), WIND SPEED (km/h)

        MEAN            TEMPERATURE                                              WIND                   DOM
 DAY    TEMP    HIGH   TIME     LOW   TIME     HUM       Baro      Rain    SPEED      HIGH   TIME       DIR
--------------------------------------------------------------------------------------------------------------
   1    15.4    18.8  15:20    11.3  06:15      83     1018.7       0.2      3.0      12.9  15:50      N-NW
   2    16.4    20.8  13:45    12.4  06:55      83     1019.7       0.0      5.1      16.1  18:45        NO
   3    16.4    18.1  11:45    13.6  07:30      83     1019.4       0.0      9.5      20.9  13:10        NO
   4    18.2    20.8  17:25    15.3  04:25      82     1016.3       0.0      6.6      17.7  12:45        NO
   5    19.8    25.4  16:35    15.5  07:05      83     1013.1       0.0      2.3      11.3  18:05        NO
   6    19.9    26.7  16:10    14.8  06:15      82     1011.4       0.0      2.0       9.7  12:20      O-NO
   7    20.2    25.1  16:10    16.2  06:05      80     1012.4       0.0      3.8      12.9  15:40      N-NO
   8    20.2    25.6  15:45    16.4  06:30      78     1014.5       0.0      5.5      19.3  18:10      N-NO
   9    18.2    23.2  16:25    14.6  06:55      76     1016.6       0.0      8.3      17.7  11:20      N-NO
  10    15.7    20.3  15:15    12.6  03:35      75     1016.4       0.0     10.3      24.1  15:55      N-NO
  11    14.5    19.3  16:10    10.5  05:55      81     1015.4       0.0      8.1      19.3  16:20      N-NO
  12    13.8    15.8  23:35    12.1  07:00      93     1016.5       5.4      9.4      20.9  18:10      N-NO
  13    17.2    19.9  15:55    15.7  04:35      87     1019.4       0.2      7.8      16.1  01:15      N-NO
  14    17.9    22.6  15:55    14.7  23:55      84     1017.7       0.0      6.2      17.7  17:35        NO
  15    17.2    21.8  14:30    12.8  06:30      85     1014.9       0.0      3.0      11.3  11:15         O
  16    17.9    25.6  15:05    12.3  07:20      82     1013.5       0.0      2.5      12.9  16:00        NO
  17    18.6    26.6  16:10    12.3  07:15      79     1011.2       0.0      3.1      12.9  13:35         O
  18    20.3    26.1  14:30    16.0  08:00      82     1010.1       0.2      3.5      14.5  18:45      O-NO
  19    20.1    25.7  15:30    16.2  04:30      86     1011.5       1.6      4.9      17.7  04:45        SW
  20    19.8    25.7  16:15    16.8  07:15      86     1013.3       2.8      4.8      20.9  22:10        SW
  21    16.7    20.4  14:35    13.4  23:45      92     1014.1      20.4      5.3      25.7  01:10        NW
  22    11.9    16.3  15:40     8.2  23:45      86     1018.6       2.6      6.8      38.6  15:55         W
  23    10.3    16.2  15:55     6.4  06:05      86     1020.2       0.2      2.4      11.3  12:10      O-NO
  24    11.5    16.2  17:45     7.2  03:00      86     1013.5       0.0      3.4      12.9  11:55        SW
  25    13.9    18.4  15:30    10.7  07:35      84     1018.3       0.0      3.8      14.5  02:30         W
  26    15.6    20.9  15:50    10.9  08:05      78     1023.7       0.0      5.2      17.7  14:35         W
  27    17.1    22.2  16:20    12.6  23:45      82     1025.9       0.0      2.4      11.3  15:15      O-NO
  28    15.8    23.0  15:30    10.3  07:35      86     1023.6       0.0      3.0      12.9  11:40        SW
  29    18.7    25.7  16:00    13.2  05:15      82     1022.7       0.2      4.0      12.9  09:20        SW
  30    18.4    21.3  17:00    15.4  23:59      85     1023.8       0.4      2.2      19.3  01:00        SW
--------------------------------------------------------------------------------------------------------------
Avg:    16.9    26.7      6     6.4     23      83     1016.9      34.2      4.9      38.6     22        NO


Distribution WD Values         3456
Distribution WD N-NO       19.676%
Distribution WD NO         21.962%
Distribution WD NO-O        7.263%
Distribution WD O           2.778%
Distribution WD O-SO        1.620%
Distribution WD SO          1.042%
Distribution WD SO-S        1.968%
Distribution WD S           2.488%
Distribution WD S-SW        3.270%
Distribution WD SW          7.350%
Distribution WD SW-W        2.112%
Distribution WD W           5.006%
Distribution WD W-NW        1.534%
Distribution WD NW          3.009%
Distribution WD NW-N        4.861%
Distribution WD N          14.063%

Rain days >0.0 l/m Month     11
Rain days >2.0 l/m Month     4
Rain days >20.0 l/m Month    1


Ice days    max <  0C      0
Cold days   min <= 0C      0
Cool days   max < 10C      0
Summer days max >=25C     10
Hot days    max >=30C      0

Last year same Month: Ice days    max <  0C      0
Last year same Month: Cold days   min <= 0C      0
Last year same Month: Cool days   max < 10C      0
Last year same Month: Summer days max >=25C      5
Last year same Month: Hot days    max >=30C      2

 1999-2020  Werner Krenn - Wetterstation Bedien- und Auswertesoftware - V2.99.8.8