MONTHLY CLIMATOLOGICAL SUMMARY for August     2014

CITY: Mannheim-Seckenheim    ELEV: 96 m  LAT: 49 28' 7"   LONG: 8 33' 26" 

    TEMPERATURE (C), BAROMETER (hPa), RAIN  (l/m), WIND SPEED (km/h)

        MEAN            TEMPERATURE                                              WIND                   DOM
 DAY    TEMP    HIGH   TIME     LOW   TIME     HUM       Baro      Rain    SPEED      HIGH   TIME       DIR
--------------------------------------------------------------------------------------------------------------
   1    22.1    28.3  16:20    16.0  06:05      68     1009.9       0.0      4.9      17.7  16:55         O
   2    21.5    26.2  17:55    16.2  06:05      77     1006.6       1.4      3.8      17.7  14:20        SW
   3    21.5    26.2  15:40    18.5  06:20      82     1009.8       1.4      4.7      20.9  17:25        SW
   4    20.7    26.7  15:35    16.8  23:15      81     1014.0       1.0      5.7      37.0  18:50        SW
   5    18.9    23.8  16:40    14.9  05:20      82     1017.6       0.2      3.9      14.5  14:35         W
   6    20.4    26.8  16:25    14.4  05:25      72     1015.8       0.0      5.2      20.9  21:15        SW
   7    20.7    26.0  17:15    16.8  06:15      75     1013.5       2.2      3.7      11.3  04:10        SW
   8    21.8    28.1  15:20    15.3  06:15      76     1011.2       0.2      3.5      22.5  14:15      O-SO
   9    22.6    26.4  16:30    18.6  23:40      67     1009.9       0.0     12.2      32.2  10:25        SW
  10    21.2    27.7  13:35    16.5  06:45      83     1007.8       9.4      6.6      57.9  19:10        SW
  11    19.9    24.5  15:35    15.7  06:40      71     1012.2       0.0     10.0      33.8  17:20        SW
  12    19.4    24.7  16:15    15.2  06:15      66     1012.3       0.2     10.7      27.4  16:30        SW
  13    16.5    19.8  12:00    13.6  06:50      85     1005.6       4.6      4.9      24.1  19:50        SW
  14    16.7    21.8  16:40    14.1  05:00      84     1011.2       4.0      9.2      29.0  16:45        SW
  15    15.7    18.2  18:05    13.9  22:25      89     1012.4       7.2      8.1      24.1  11:45        SW
  16    16.0    20.7  15:10    13.8  06:45      85     1017.9       7.2      6.6      30.6  15:25         W
  17    17.9    22.1  16:55    14.1  06:10      74     1014.1       0.0     11.1      27.4  13:20        SW
  18    15.9    17.7  00:00    12.4  23:30      80     1009.2       1.8     11.7      29.0  10:05        SW
  19    16.3    21.9  17:40    11.6  06:10      75     1011.4       0.0      9.5      30.6  19:35        SW
  20    14.8    20.2  16:45     9.7  05:05      72     1015.5       0.0      2.9      14.5  17:10        SW
  21    15.8    21.8  16:45    10.8  05:45      69     1015.9       0.0      5.4      20.9  17:10         W
  22    15.8    22.2  14:55    10.0  05:10      67     1014.0       0.0      6.3      19.3  11:40        SW
  23    15.3    18.7  13:40    12.4  23:50      80     1013.6       2.6      6.1      35.4  18:30        SW
  24    13.4    19.7  14:00     9.3  06:55      84     1018.0       5.2      4.3      17.7  12:10        SW
  25    15.0    19.9  15:15    11.3  00:00      79     1014.8       1.6      5.6      19.3  13:35      S-SW
  26    16.7    22.1  13:45    13.1  03:20      89     1005.1      15.4      8.6      22.5  10:05        SW
  27    17.1    21.4  16:30    13.9  23:55      84     1013.0       2.2      6.0      16.1  15:05         W
  28    18.4    24.8  15:25    11.9  05:10      80     1015.8       0.0      4.9      19.3  16:55        SW
  29    20.2    25.6  16:10    16.2  07:05      78     1014.9       0.0      5.0      14.5  17:45        SW
  30    19.4    24.7  14:00    14.5  07:25      76     1016.8       0.6      5.3      20.9  16:35        SW
  31    16.2    20.3  15:45    13.7  22:40      91     1014.0      18.6      5.1      32.2  16:45      W-SW
--------------------------------------------------------------------------------------------------------------
Avg:    18.2    28.3      1     9.3     24      78     1012.7      87.0      6.5      57.9     10        SW


Distribution WD Values         4162
Distribution WD N-NO        1.922%
Distribution WD NO          2.619%
Distribution WD NO-O        1.778%
Distribution WD O           1.802%
Distribution WD O-SO        1.826%
Distribution WD SO          2.691%
Distribution WD SO-S        4.181%
Distribution WD S           6.920%
Distribution WD S-SW       13.599%
Distribution WD SW         36.185%
Distribution WD SW-W        8.001%
Distribution WD W          14.224%
Distribution WD W-NW        1.249%
Distribution WD NW          1.153%
Distribution WD NW-N        0.697%
Distribution WD N           1.153%

Rain days >0.0 l/m Month     20
Rain days >2.0 l/m Month     11
Rain days >20.0 l/m Month    0


Ice days    max <  0C      0
Cold days   min <= 0C      0
Cool days   max < 10C      0
Summer days max >=25C     10
Hot days    max >=30C      0

Last year same Month: Ice days    max <  0C      0
Last year same Month: Cold days   min <= 0C      0
Last year same Month: Cool days   max < 10C      0
Last year same Month: Summer days max >=25C     18
Last year same Month: Hot days    max >=30C      6

 1999-2020  Werner Krenn - Wetterstation Bedien- und Auswertesoftware - V2.99.8.8