MONTHLY CLIMATOLOGICAL SUMMARY for Juni       2014

CITY: Mannheim-Seckenheim    ELEV: 96 m  LAT: 49 28' 7"   LONG: 8 33' 26" 

    TEMPERATURE (C), BAROMETER (hPa), RAIN  (l/m), WIND SPEED (km/h)

        MEAN            TEMPERATURE                                              WIND                   DOM
 DAY    TEMP    HIGH   TIME     LOW   TIME     HUM       Baro      Rain    SPEED      HIGH   TIME       DIR
--------------------------------------------------------------------------------------------------------------
   1    15.9    22.4  15:40    10.9  03:45      68     1018.0       0.6      4.5      16.1  19:40        NO
   2    17.4    23.8  14:55    12.5  05:40      67     1016.5       1.8      6.5      25.7  15:00        NO
   3    17.6    23.7  13:20    12.9  06:55      71     1013.4      10.0      6.6      27.4  19:50         O
   4    16.1    23.4  14:10    10.9  05:20      85     1007.8       4.2      6.4      20.9  23:20        SW
   5    16.1    21.3  15:50    10.1  05:30      64     1013.3       0.0      9.9      24.1  00:35        SW
   6    19.1    28.6  17:35     9.0  05:50      59     1014.9       0.0      4.2      16.1  13:20        SW
   7    23.1    31.9  15:50    13.8  04:55      61     1014.0       0.0      3.7      32.2  14:25        SW
   8    26.1    34.7  16:15    16.7  05:10      59     1015.2       0.0      5.8      22.5  17:40        SW
   9    27.2    36.4  16:15    18.9  05:05      58     1014.0       0.0      3.7      14.5  15:25         O
  10    26.3    33.8  16:10    20.4  05:50      62     1015.0       0.0      5.1      24.1  10:05         W
  11    24.8    28.9  14:10    20.3  06:00      67     1020.5       0.0     11.1      22.5  15:30      N-NO
  12    22.8    27.6  17:10    17.7  06:00      66     1022.4       0.0     10.8      22.5  16:30        NO
  13    21.1    26.4  16:40    15.3  05:35      57     1018.9       0.0     12.1      30.6  14:25      N-NO
  14    17.8    21.6  15:10    14.6  04:15      62     1017.3       0.0     10.8      27.4  12:40        NO
  15    18.3    23.9  15:55    12.2  06:05      57     1018.7       0.0     13.0      27.4  11:50        NO
  16    18.3    23.8  14:05    12.6  05:30      60     1017.9       0.0     11.2      25.7  20:25      N-NO
  17    18.1    22.7  15:00    13.3  05:15      64     1017.8       0.0     11.3      24.1  19:50        NO
  18    20.4    26.6  15:55    13.0  05:45      55     1017.4       0.0     10.3      22.5  17:25      N-NO
  19    19.0    23.2  15:55    13.8  05:35      62     1016.8       0.0     13.2      25.7  21:45      N-NO
  20    17.0    20.1  17:05    14.5  06:55      66     1016.8       0.2     11.4      22.5  10:15      N-NO
  21    17.2    22.9  17:05    10.7  05:20      60     1017.1       0.0      6.7      20.9  20:35      N-NO
  22    18.6    24.9  17:10    10.5  05:50      58     1017.8       0.0      7.6      22.5  20:05      N-NO
  23    19.2    25.1  16:15    12.4  05:40      55     1018.4       0.0      9.9      24.1  17:45        NO
  24    20.3    26.3  17:45    12.9  05:45      53     1015.0       0.0      9.7      19.3  10:20        NO
  25    17.8    21.8  16:50    13.5  05:40      58     1011.7       0.0     13.0      29.0  09:20      N-NO
  26    17.4    23.6  16:05     9.7  05:20      56     1013.5       0.0      6.7      20.9  13:25        NO
  27    20.1    27.6  16:10    11.6  04:20      55     1013.4       0.0      5.7      20.9  19:25        SW
  28    19.0    21.9  18:30    15.1  04:45      83     1010.5      15.2      6.3      20.9  23:35         S
  29    17.5    19.8  14:35    15.8  11:00      85     1007.3       3.0      8.6      25.7  13:30         W
  30    17.6    21.9  16:20    14.5  05:35      69     1013.9       0.0      7.9      22.5  13:25         W
--------------------------------------------------------------------------------------------------------------
Avg:    19.6    36.4      9     9.0      6      63     1015.5      35.0      8.5      32.2      7        NO


Distribution WD Values         5633
Distribution WD N-NO       20.983%
Distribution WD NO         24.108%
Distribution WD NO-O        5.823%
Distribution WD O           2.077%
Distribution WD O-SO        1.456%
Distribution WD SO          1.509%
Distribution WD SO-S        1.882%
Distribution WD S           2.468%
Distribution WD S-SW        2.982%
Distribution WD SW          7.527%
Distribution WD SW-W        3.036%
Distribution WD W           5.752%
Distribution WD W-NW        1.775%
Distribution WD NW          2.166%
Distribution WD NW-N        3.124%
Distribution WD N          13.332%

Rain days >0.0 l/m Month     7
Rain days >2.0 l/m Month     4
Rain days >20.0 l/m Month    0


Ice days    max <  0C      0
Cold days   min <= 0C      0
Cool days   max < 10C      0
Summer days max >=25C     12
Hot days    max >=30C      4

Last year same Month: Ice days    max <  0C      0
Last year same Month: Cold days   min <= 0C      0
Last year same Month: Cool days   max < 10C      0
Last year same Month: Summer days max >=25C     10
Last year same Month: Hot days    max >=30C      3

 1999-2020  Werner Krenn - Wetterstation Bedien- und Auswertesoftware - V2.99.8.8