MONTHLY CLIMATOLOGICAL SUMMARY for Mai        2014

CITY: Mannheim-Seckenheim    ELEV: 96 m  LAT: 49 28' 7"   LONG: 8 33' 26" 

    TEMPERATURE (C), BAROMETER (hPa), RAIN  (l/m), WIND SPEED (km/h)

        MEAN            TEMPERATURE                                              WIND                   DOM
 DAY    TEMP    HIGH   TIME     LOW   TIME     HUM       Baro      Rain    SPEED      HIGH   TIME       DIR
--------------------------------------------------------------------------------------------------------------
   1    13.6    17.8  15:55    12.2  06:40      93     1010.1       7.6      3.3      17.7  17:00      S-SW
   2    13.8    17.8  15:50    10.9  23:55      87     1011.6       5.6      8.5      27.4  17:00        NO
   3     9.6    12.5  17:20     5.9  23:50      73     1020.5       0.0     11.7      22.5  09:35        NO
   4    10.4    17.1  16:25     3.6  06:15      68     1021.2       0.0      5.1      16.1  16:20         W
   5    13.1    20.1  15:50     6.3  06:10      63     1016.1       0.0      4.1      16.1  13:10         O
   6    15.5    21.3  15:20     8.0  04:40      65     1011.0       0.0      8.4      25.7  17:30        SW
   7    15.4    19.6  15:35    13.2  06:20      74     1011.6       4.8     13.4      32.2  15:05        SW
   8    14.6    19.6  15:30     9.7  06:00      80     1013.9      12.0     11.6      35.4  14:40        SW
   9    16.0    20.9  13:35    13.1  00:00      79     1013.1       2.6     16.7      33.8  18:40        SW
  10    14.3    18.8  12:50    11.0  06:20      79     1012.4       3.8      7.5      22.5  23:55      S-SW
  11    12.4    15.7  13:15     9.7  22:25      77     1007.6       1.6     16.5      45.1  11:55        SW
  12    11.5    16.6  15:30     7.7  03:15      77     1011.5       7.2     13.3      35.4  11:55        SW
  13    12.0    16.7  16:50     8.7  05:20      75     1015.2       0.2     10.4      25.7  16:00      S-SW
  14    12.8    17.3  16:35     8.0  06:35      65     1025.2       0.0     11.1      22.5  12:45      N-NO
  15    11.3    14.6  16:15     7.7  05:50      70     1030.7       0.0     11.6      25.7  09:50        NO
  16    14.5    20.3  17:35     8.4  06:05      64     1027.2       0.0     13.4      24.1  09:50        NO
  17    15.3    20.8  16:55     9.7  06:05      61     1019.8       0.0      9.8      24.1  11:30        NO
  18    15.9    21.8  14:45     9.3  05:15      68     1012.9       0.0      4.5      17.7  12:40        NO
  19    18.1    26.6  16:25    10.5  05:20      66     1007.7       0.0      5.3      25.7  15:50        SW
  20    20.7    28.7  16:20    11.8  04:55      59     1010.1       0.0      4.9      19.3  14:25         O
  21    22.2    30.0  17:05    13.7  05:50      55     1009.7       0.0      6.1      20.9  16:15         O
  22    21.7    28.1  17:05    16.0  23:55      58     1007.5       1.2      8.5      41.8  18:30         W
  23    17.1    22.0  17:55    13.9  08:25      76     1009.8       5.8      6.6      17.7  14:30      S-SW
  24    15.6    20.0  15:50    11.9  23:55      75     1014.5       0.4      7.7      27.4  03:45        SW
  25    17.3    24.4  16:40     9.2  05:20      64     1017.7       0.0      6.3      17.7  15:05        NO
  26    17.6    21.2  13:40    14.1  06:20      78     1012.9       3.0      4.8      24.1  04:35      O-NO
  27    16.8    20.3  13:35    15.0  05:05      81     1009.7       0.8      8.6      22.5  13:00        SW
  28    16.5    20.8  15:05    13.1  05:25      72     1010.9       0.0      7.5      22.5  11:15        SW
  29    15.6    19.4  11:55    12.6  05:45      79     1013.5       0.0      6.7      22.5  12:25        NO
  30    12.8    15.5  14:00     9.6  23:35      72     1019.6       0.2      7.8      17.7  15:25      O-NO
  31    15.2    22.6  16:10     7.7  03:25      63     1020.0       0.0      6.1      16.1  11:45        NO
--------------------------------------------------------------------------------------------------------------
Avg:    15.1    30.0     21     3.6      4      71     1014.7      56.8      8.6      45.1     11        SW


Distribution WD Values         5802
Distribution WD N-NO       11.651%
Distribution WD NO         15.098%
Distribution WD NO-O        6.549%
Distribution WD O           3.895%
Distribution WD O-SO        2.344%
Distribution WD SO          1.396%
Distribution WD SO-S        1.999%
Distribution WD S           3.637%
Distribution WD S-SW        7.325%
Distribution WD SW         17.839%
Distribution WD SW-W        7.377%
Distribution WD W           9.704%
Distribution WD W-NW        1.568%
Distribution WD NW          1.689%
Distribution WD NW-N        1.534%
Distribution WD N           6.394%

Rain days >0.0 l/m Month     15
Rain days >2.0 l/m Month     9
Rain days >20.0 l/m Month    0


Ice days    max <  0C      0
Cold days   min <= 0C      0
Cool days   max < 10C      0
Summer days max >=25C      4
Hot days    max >=30C      1

Last year same Month: Ice days    max <  0C      0
Last year same Month: Cold days   min <= 0C      0
Last year same Month: Cool days   max < 10C      0
Last year same Month: Summer days max >=25C      0
Last year same Month: Hot days    max >=30C      0

 1999-2020  Werner Krenn - Wetterstation Bedien- und Auswertesoftware - V2.99.8.8