MONTHLY CLIMATOLOGICAL SUMMARY for Mrz       2014

CITY: Mannheim-Seckenheim    ELEV: 96 m  LAT: 49 28' 7"   LONG: 8 33' 26" 

    TEMPERATURE (C), BAROMETER (hPa), RAIN  (l/m), WIND SPEED (km/h)

        MEAN            TEMPERATURE                                              WIND                   DOM
 DAY    TEMP    HIGH   TIME     LOW   TIME     HUM       Baro      Rain    SPEED      HIGH   TIME       DIR
--------------------------------------------------------------------------------------------------------------
   1     6.6     9.6  13:55     3.6  03:05      84     1001.5       0.4      2.0       9.7  10:30        SW
   2     6.0     9.6  15:45     3.9  07:05      80     1002.8       0.0      2.7      14.5  01:10         O
   3     6.0    11.1  15:20     3.1  23:55      82      993.7       0.0      5.2      20.9  15:35        SW
   4     6.2    12.4  15:10     1.9  03:05      80     1002.1       0.0      3.1      14.5  15:25      N-NO
   5     7.2    12.3  15:40     3.3  01:55      76     1017.1       0.0      5.9      19.3  15:35      N-NO
   6     6.3    12.7  15:00     0.8  06:55      79     1027.6       0.0      3.0      12.9  12:30        NO
   7     6.9    14.7  15:45     0.9  06:45      77     1025.9       0.0      2.1      11.3  14:20      S-SO
   8     8.5    16.7  15:50     1.7  07:30      73     1030.3       0.0      3.1      14.5  12:55      O-SO
   9    10.8    19.6  15:55     2.8  06:55      60     1028.7       0.0      3.4      17.7  02:05         O
  10    10.4    18.3  15:55     4.2  07:15      61     1023.4       0.0      4.8      22.5  16:35        NO
  11    11.0    19.1  14:50     3.7  06:55      54     1026.1       0.0      6.9      25.7  16:35        NO
  12    11.7    19.1  16:05     4.9  06:10      56     1028.9       0.0      5.4      17.7  00:50        NO
  13    10.1    19.2  15:20     3.2  06:45      65     1026.9       0.0      2.1      12.9  14:35        NO
  14     9.5    18.2  16:30     2.6  06:45      68     1024.1       0.0      2.1       9.7  14:05      W-SW
  15     8.9    10.6  15:05     5.7  06:55      75     1020.5       0.2     12.1      32.2  12:35         W
  16    11.3    16.4  15:25     7.7  23:55      75     1019.9       0.0     11.0      24.1  03:35        SW
  17    10.9    17.8  16:15     5.6  06:55      79     1019.8       0.0      4.8      17.7  12:15         W
  18    10.1    15.4  14:10     5.2  04:35      78     1016.1       0.2      7.0      33.8  19:55         W
  19    12.2    16.5  16:30     8.7  22:55      67     1022.9       0.0     13.4      27.4  00:40      W-SW
  20    13.4    22.6  15:20     4.1  06:35      61     1017.6       0.0      6.5      22.5  12:45         S
  21    15.3    20.6  12:10    10.9  23:50      58     1010.4       0.2     15.5      40.2  10:55         S
  22     9.9    11.6  16:50     7.4  23:50      89     1005.5      10.0      6.5      27.4  19:00        SW
  23     7.6    11.1  15:15     4.6  23:20      76     1006.5       0.0      5.8      22.5  15:05         W
  24     5.6    10.1  14:05     2.7  03:30      81     1011.4       0.0      3.8      17.7  15:30         N
  25     5.9    10.1  15:05     2.2  05:10      78     1009.8       0.0      5.2      17.7  15:10        NO
  26     6.8    12.4  15:35     0.4  06:30      66     1011.0       0.0      5.5      22.5  16:30        NO
  27     9.7    16.8  15:35     3.1  03:40      60     1010.0       0.0      5.6      17.7  16:05        NO
  28    12.7    19.6  15:10     5.0  05:40      57     1014.2       0.0      8.6      25.7  20:05      O-NO
  29    13.5    21.3  15:25     5.2  06:30      57     1017.5       0.0      4.8      14.5  00:00      O-NO
  30    12.7    21.5  16:40     5.3  07:10      64     1014.9       0.0      2.8      11.3  13:25        SW
  31    13.0    21.3  17:20     7.1  07:10      66     1013.1       0.0      2.1       9.7  16:00        NO
--------------------------------------------------------------------------------------------------------------
Avg:     9.6    22.6     20     0.4     26      70     1016.1      11.0      5.6      40.2     21         W


Distribution WD Values         3748
Distribution WD N-NO        5.470%
Distribution WD NO         12.433%
Distribution WD NO-O       10.005%
Distribution WD O           5.176%
Distribution WD O-SO        3.415%
Distribution WD SO          1.868%
Distribution WD SO-S        3.042%
Distribution WD S           5.710%
Distribution WD S-SW        4.402%
Distribution WD SW         11.286%
Distribution WD SW-W       10.486%
Distribution WD W          16.542%
Distribution WD W-NW        2.721%
Distribution WD NW          1.708%
Distribution WD NW-N        1.654%
Distribution WD N           4.082%

Rain days >0.0 l/m Month     5
Rain days >2.0 l/m Month     1
Rain days >20.0 l/m Month    0


Ice days    max <  0C      0
Cold days   min <= 0C      0
Cool days   max < 10C      2
Summer days max >=25C      0
Hot days    max >=30C      0

Last year same Month: Ice days    max <  0C      0
Last year same Month: Cold days   min <= 0C     15
Last year same Month: Cool days   max < 10C     23
Last year same Month: Summer days max >=25C      0
Last year same Month: Hot days    max >=30C      0

 1999-2020  Werner Krenn - Wetterstation Bedien- und Auswertesoftware - V2.99.8.8