MONTHLY CLIMATOLOGICAL SUMMARY for Januar     2014

CITY: Mannheim-Seckenheim    ELEV: 96 m  LAT: 49 28' 7"   LONG: 8 33' 26" 

    TEMPERATURE (C), BAROMETER (hPa), RAIN  (l/m), WIND SPEED (km/h)

        MEAN            TEMPERATURE                                              WIND                   DOM
 DAY    TEMP    HIGH   TIME     LOW   TIME     HUM       Baro      Rain    SPEED      HIGH   TIME       DIR
--------------------------------------------------------------------------------------------------------------
   1     6.5     9.3  14:35     3.2  01:00      81     1011.8       0.2      7.9      22.5  22:40        SO
   2     8.0    10.0  13:30     5.9  23:55      87     1005.7       3.2      9.1      24.1  13:45         S
   3     8.2    11.1  22:15     5.4  06:45      88     1009.8       0.2      9.4      27.4  13:00         S
   4     7.4     9.9  00:00     5.2  07:35      90     1005.9       1.6      3.9      16.1  00:00      S-SO
   5     6.2     8.4  14:20     3.5  23:05      88     1008.1       1.2      7.6      24.1  14:15        SW
   6     7.0    10.2  14:05     2.8  03:00      81     1011.9       0.6      6.5      20.9  07:20      S-SO
   7    10.2    13.4  14:50     7.8  05:50      83     1015.7       1.4      4.9      14.5  00:20      S-SO
   8    10.3    14.0  14:05     7.8  19:15      90     1019.0       1.8      4.4      20.9  13:35      S-SO
   9    10.5    14.1  15:00     8.3  04:30      82     1012.0       0.2     12.1      45.1  19:35      W-SW
  10     6.5     9.3  14:05     2.4  23:50      84     1017.7       0.0      5.9      19.3  01:20      W-SW
  11     3.1     6.6  20:35     0.1  05:15      95     1018.6       0.4      2.6      14.5  20:50         W
  12     1.4     6.0  15:05    -1.1  08:50      91     1023.2       0.2      1.2      11.3  23:55         W
  13     3.6     5.7  20:10    -0.1  00:00      96     1014.1       5.4      4.7      16.1  07:20      O-SO
  14     5.5     6.7  13:40     3.5  22:35      96     1007.4       0.4      1.8       8.0  19:30        SW
  15     4.9     6.8  14:35     2.3  09:20      87     1010.6       0.4      7.4      17.7  05:45         S
  16     6.7     9.3  14:00     4.9  01:25      91     1004.0       3.6      4.8      20.9  22:40      S-SO
  17     6.9    10.2  15:00     4.3  22:15      86     1003.3       0.0      6.0      20.9  13:45      S-SO
  18     3.5     6.9  15:20     1.2  23:35      91     1002.5       0.0      1.9       9.7  13:00        NO
  19     3.0     6.3  13:20     1.0  01:45      93      999.6       0.0      2.4      12.9  13:35        NO
  20     4.0     5.3  14:55     1.6  00:00      95     1002.8       0.2      3.2       9.7  06:05        NO
  21     4.2     4.7  00:00     3.8  08:30      93     1010.6       1.0      2.7      11.3  07:35         N
  22     4.9     5.9  14:15     4.1  00:00      95     1012.6       0.0      0.7       9.7  18:30        NO
  23     4.7     6.0  12:30     3.7  19:15      94     1013.9       2.2      5.0      16.1  13:05         S
  24     4.4     5.1  02:25     3.8  06:15      91     1013.9       3.6     10.2      27.4  05:00         W
  25     3.1     4.3  15:05     0.9  08:35      92     1017.1       0.2      3.7      22.5  23:25        NO
  26     5.2     7.1  13:55     2.4  00:35      79     1007.2       3.6     14.5      33.8  04:30         W
  27     4.7     6.7  14:30     3.1  08:10      86      997.7       0.8      9.5      22.5  15:10        SW
  28     4.4     8.3  14:55     1.7  08:45      81     1000.0       0.0      6.7      17.7  19:35      O-SO
  29     1.9     4.4  12:50     0.0  02:45      81     1000.7       0.0      7.9      25.7  13:45         O
  30     1.6     5.0  15:50    -1.3  08:20      81     1006.0       0.0      2.6       8.0  02:55        NO
  31     1.5     5.2  14:15    -1.6  08:35      84     1008.4       0.0      2.8      12.9  12:15        SO
--------------------------------------------------------------------------------------------------------------
Avg:     5.3    14.1      9    -1.6     31      88     1009.4      32.4      5.6      45.1      9      S-SO


Distribution WD Values         3742
Distribution WD N-NO        1.657%
Distribution WD NO          3.447%
Distribution WD NO-O        1.817%
Distribution WD O           6.574%
Distribution WD O-SO        7.643%
Distribution WD SO         10.235%
Distribution WD SO-S       15.126%
Distribution WD S          14.805%
Distribution WD S-SW        8.177%
Distribution WD SW         12.186%
Distribution WD SW-W        6.013%
Distribution WD W           9.273%
Distribution WD W-NW        0.588%
Distribution WD NW          0.294%
Distribution WD NW-N        0.615%
Distribution WD N           1.550%

Rain days >0.0 l/m Month     22
Rain days >2.0 l/m Month     6
Rain days >20.0 l/m Month    0


Ice days    max <  0C      0
Cold days   min <= 0C      4
Cool days   max < 10C     24
Summer days max >=25C      0
Hot days    max >=30C      0

Last year same Month: Ice days    max <  0C      3
Last year same Month: Cold days   min <= 0C     14
Last year same Month: Cool days   max < 10C     29
Last year same Month: Summer days max >=25C      0
Last year same Month: Hot days    max >=30C      0

 1999-2020  Werner Krenn - Wetterstation Bedien- und Auswertesoftware - V2.99.8.8