MONTHLY CLIMATOLOGICAL SUMMARY for Dezember   2013

CITY: Mannheim-Seckenheim    ELEV: 96 m  LAT: 49 28' 7"   LONG: 8 33' 26" 

    TEMPERATURE (C), BAROMETER (hPa), RAIN  (l/m), WIND SPEED (km/h)

        MEAN            TEMPERATURE                                              WIND                   DOM
 DAY    TEMP    HIGH   TIME     LOW   TIME     HUM       Baro      Rain    SPEED      HIGH   TIME       DIR
--------------------------------------------------------------------------------------------------------------
   1     4.4     6.6  13:20     2.3  03:00      93     1028.7       0.0      1.2       9.7  07:05         N
   2     6.2     9.0  14:05     2.2  23:50      82     1030.9       0.2      6.8      25.7  12:25      O-NO
   3     0.8     4.3  13:35    -1.3  07:40      92     1029.2       0.0      3.7      16.1  14:20        SW
   4     2.5     4.2  15:45     0.8  07:35      92     1027.6       1.2      6.0      17.7  15:35        SW
   5     5.2     7.3  19:55     3.5  07:50      89     1023.0       1.0     13.6      45.1  18:05      W-SW
   6     4.7     5.9  00:00     3.7  23:15      69     1020.9       0.0     23.2      38.6  14:45         W
   7     3.9     5.1  21:35     2.9  08:20      85     1026.9       1.0      8.0      29.0  00:00         W
   8     5.9     8.0  15:30     4.6  07:10      90     1027.3       0.0      5.5      17.7  16:15        SW
   9     5.3     9.3  13:40     1.9  23:40      86     1030.6       0.0      3.8      14.5  14:45         S
  10     3.0     7.5  14:55    -0.2  07:35      92     1034.5       0.0      1.4       8.0  09:25      N-NO
  11     4.2     5.7  13:05     1.1  01:40      94     1034.1       0.2      1.3       8.0  12:40         O
  12     3.7     5.1  00:00     2.4  23:55      91     1031.0       0.0      3.5      11.3  10:05        SW
  13     1.1     2.5  00:05     0.1  09:15      96     1026.9       0.0      5.0      12.9  10:25        SW
  14     2.1     4.9  16:15    -0.1  04:50      97     1029.1       5.4      5.5      17.7  03:30      S-SO
  15     3.6     7.4  14:10     1.3  02:05      90     1031.4       0.2      6.4      17.7  12:35        SO
  16     3.8     8.2  13:55     1.6  07:10      82     1028.9       0.0      4.9      16.1  13:15      S-SO
  17     2.8     8.7  13:35    -0.2  06:45      84     1026.1       0.0      2.4      11.3  07:55        SW
  18     4.6     8.9  14:00    -0.3  00:25      80     1021.0       0.0      4.9      12.9  05:35        SO
  19     7.1     9.1  13:00     5.0  00:00      89     1010.4       6.2      8.0      24.1  10:10         S
  20     4.8     7.7  13:50     1.8  23:35      94     1024.2       0.0      2.0      12.9  14:50         W
  21     2.1     5.0  23:55     0.8  07:15      95     1029.9       0.4      6.9      16.1  23:35        SO
  22     9.2    11.2  12:50     5.0  00:00      85     1020.6       0.6     13.2      32.2  16:30        SW
  23     9.4    11.7  14:10     7.8  05:50      86     1016.4       2.4     10.0      27.4  03:10         S
  24    11.2    13.9  21:00     7.5  04:00      62     1000.1       0.0     10.3      22.5  06:55      S-SO
  25     9.0    13.0  00:00     6.3  23:30      88      992.7      15.2      5.2      22.5  06:40        SW
  26     6.6     7.3  14:00     5.7  23:50      95      996.3       6.6      4.3      14.5  12:55      W-NW
  27     5.9     7.8  14:40     2.9  08:25      84     1005.7       0.0      9.4      19.3  10:20         S
  28     8.1     9.3  10:45     7.3  07:40      87     1003.0       5.0     11.0      25.7  23:50         S
  29     6.4     7.7  13:10     3.9  23:55      87     1017.6       1.2      9.7      27.4  00:45        SW
  30     3.2     6.6  15:15     0.7  04:35      89     1026.0       0.2      3.9      16.1  12:50      S-SO
  31     3.2     5.9  14:10     0.4  09:45      85     1018.4       0.0      3.2      11.3  12:15      S-SO
--------------------------------------------------------------------------------------------------------------
Avg:     5.0    13.9     24    -1.3      3      87     1021.6      47.0      6.6      45.1      5        SW


Distribution WD Values         4145
Distribution WD N-NO        0.265%
Distribution WD NO          1.665%
Distribution WD NO-O        2.316%
Distribution WD O           2.606%
Distribution WD O-SO        4.873%
Distribution WD SO          9.723%
Distribution WD SO-S       14.306%
Distribution WD S          15.923%
Distribution WD S-SW        9.964%
Distribution WD SW         19.952%
Distribution WD SW-W        6.345%
Distribution WD W           9.988%
Distribution WD W-NW        1.134%
Distribution WD NW          0.362%
Distribution WD NW-N        0.048%
Distribution WD N           0.531%

Rain days >0.0 l/m Month     16
Rain days >2.0 l/m Month     6
Rain days >20.0 l/m Month    0


Ice days    max <  0C      0
Cold days   min <= 0C      5
Cool days   max < 10C     27
Summer days max >=25C      0
Hot days    max >=30C      0

Last year same Month: Ice days    max <  0C      2
Last year same Month: Cold days   min <= 0C      9
Last year same Month: Cool days   max < 10C     26
Last year same Month: Summer days max >=25C      0
Last year same Month: Hot days    max >=30C      0

 1999-2020  Werner Krenn - Wetterstation Bedien- und Auswertesoftware - V2.99.8.8