MONTHLY CLIMATOLOGICAL SUMMARY for November   2013

CITY: Mannheim-Seckenheim    ELEV: 96 m  LAT: 49 28' 7"   LONG: 8 33' 26" 

    TEMPERATURE (C), BAROMETER (hPa), RAIN  (l/m), WIND SPEED (km/h)

        MEAN            TEMPERATURE                                              WIND                   DOM
 DAY    TEMP    HIGH   TIME     LOW   TIME     HUM       Baro      Rain    SPEED      HIGH   TIME       DIR
--------------------------------------------------------------------------------------------------------------
   1     8.2    11.4  13:35     5.4  04:20      89     1018.1       0.6      5.4      14.5  08:05      S-SO
   2    12.6    16.0  15:20     8.7  02:00      93     1005.9       4.0     12.2      32.2  12:10        SW
   3    10.7    13.1  02:45     7.9  22:20      82     1006.1       1.8     15.3      35.4  13:00        SW
   4    10.3    13.7  14:00     7.4  01:20      84      994.6       2.8     17.3      38.6  10:35        SW
   5     7.0    10.4  13:20     3.8  04:45      84      999.1       2.2     10.3      29.0  17:00        SW
   6    11.3    14.2  23:30     8.9  00:00      88     1003.9       0.8     11.4      35.4  21:15        SW
   7    14.5    15.8  15:15    13.6  00:50      88     1009.9       1.4     15.0      29.0  03:20        SW
   8    13.1    15.2  03:30    11.3  08:00      92     1008.2       5.0      8.6      25.7  20:45        SW
   9    10.4    12.6  00:00     7.6  18:30      77     1011.0       0.2     10.7      30.6  04:00        SW
  10     7.5     9.1  01:55     4.8  23:55      88     1008.6       7.2     10.5      22.5  13:00        SW
  11     5.4     9.3  14:55     2.4  23:15      90     1028.5       0.0      1.6      11.3  11:25      O-NO
  12     4.1     8.2  13:50    -0.1  07:10      90     1026.7       0.4      2.5      12.9  11:40      S-SW
  13     6.1     9.1  14:15     2.8  23:50      92     1029.4       0.8      2.4      11.3  15:35      O-NO
  14     4.7     6.8  14:20     1.8  01:10      92     1021.5       0.0      2.4      16.1  01:50        NO
  15     5.9     7.6  13:10     4.6  01:55      81     1024.6       0.0      9.3      25.7  13:35        NO
  16     6.2     7.3  13:25     5.6  20:25      83     1028.9       0.0      8.5      17.7  06:25        NO
  17     6.2     7.1  12:50     5.6  03:20      88     1022.4       0.0      7.3      16.1  08:55        NO
  18     6.2     8.9  14:20     3.1  21:25      87     1011.7       0.0      3.3      16.1  09:45         S
  19     4.9     6.3  18:40     3.3  05:15      95     1005.5      10.4      4.6      16.1  19:55      N-NO
  20     5.6     6.8  13:40     4.0  23:55      91     1004.1       5.2      8.0      22.5  10:55      N-NO
  21     4.7     6.2  12:45     3.7  07:00      90      999.0       0.2      6.4      17.7  19:15        NO
  22     4.7     5.8  13:30     3.7  00:00      90     1004.9       4.4     12.4      25.7  12:15      N-NO
  23     6.3     8.6  14:30     4.8  02:25      87     1013.1       0.2     10.9      19.3  12:10      N-NO
  24     6.5     8.4  13:55     1.9  23:45      81     1019.2       0.6     13.9      32.2  10:05      N-NO
  25     1.4     5.0  14:05    -2.1  08:55      84     1028.4       1.2      4.2      16.1  14:30      N-NO
  26     0.3     3.4  14:25    -2.1  23:55      89     1033.0       0.2      4.5      12.9  11:15      N-NO
  27    -1.8     1.1  15:05    -3.6  05:30      93     1034.0       0.2      2.5      11.3  13:05        NO
  28     0.7     2.2  13:45    -1.8  00:00      94     1032.3       0.4      3.5       9.7  10:55      S-SO
  29     3.5     5.6  21:20     1.8  00:00      94     1024.0       4.2      8.9      35.4  19:15        SW
  30     3.9     5.8  14:20     0.8  07:25      94     1019.6       0.4      2.5       9.7  04:20        SW
--------------------------------------------------------------------------------------------------------------
Avg:     6.4    16.0      2    -3.6     27      88     1015.9      54.8      7.9      38.6      4        SW


Distribution WD Values         4961
Distribution WD N-NO       15.360%
Distribution WD NO         17.496%
Distribution WD NO-O        2.439%
Distribution WD O           0.968%
Distribution WD O-SO        1.189%
Distribution WD SO          2.943%
Distribution WD SO-S        5.846%
Distribution WD S           6.329%
Distribution WD S-SW        7.216%
Distribution WD SW         19.935%
Distribution WD SW-W        4.193%
Distribution WD W           2.963%
Distribution WD W-NW        1.109%
Distribution WD NW          1.814%
Distribution WD NW-N        1.734%
Distribution WD N           8.466%

Rain days >0.0 l/m Month     24
Rain days >2.0 l/m Month     9
Rain days >20.0 l/m Month    0


Ice days    max <  0C      0
Cold days   min <= 0C      5
Cool days   max < 10C     21
Summer days max >=25C      0
Hot days    max >=30C      0

Last year same Month: Ice days    max <  0C      0
Last year same Month: Cold days   min <= 0C      1
Last year same Month: Cool days   max < 10C     18
Last year same Month: Summer days max >=25C      0
Last year same Month: Hot days    max >=30C      0

 1999-2020  Werner Krenn - Wetterstation Bedien- und Auswertesoftware - V2.99.8.8