MONTHLY CLIMATOLOGICAL SUMMARY for Juli       2013

CITY: Mannheim-Seckenheim    ELEV: 96 m  LAT: 49 28' 7"   LONG: 8 33' 26" 

    TEMPERATURE (C), BAROMETER (hPa), RAIN  (l/m), WIND SPEED (km/h)

        MEAN            TEMPERATURE                                              WIND                   DOM
 DAY    TEMP    HIGH   TIME     LOW   TIME     HUM       Baro      Rain    SPEED      HIGH   TIME       DIR
--------------------------------------------------------------------------------------------------------------
   1    19.0    26.0  16:05    11.2  05:35      68     1017.4       0.0      5.5      17.7  13:40        SW
   2    20.8    27.1  17:25    14.2  05:25      70     1013.7       0.0      4.4      17.7  13:25        SW
   3    19.1    20.9  01:25    17.1  10:55      84     1010.4       7.6      7.6      24.1  13:35        SW
   4    19.6    23.5  17:05    15.9  04:30      83     1019.1       0.0      4.3      22.5  13:10         W
   5    20.3    25.1  17:15    14.5  05:25      76     1025.8       0.0      5.0      14.5  12:20      N-NO
   6    22.8    28.5  16:05    17.1  04:30      68     1025.9       0.0      8.7      20.9  13:20        NO
   7    24.1    29.0  16:55    18.8  06:30      59     1025.7       0.0     12.2      24.1  01:00        NO
   8    23.6    29.2  16:10    16.9  06:25      55     1025.5       0.0     11.7      27.4  16:15        NO
   9    24.1    29.0  17:35    18.8  06:10      57     1021.0       0.0      9.1      22.5  11:20        NO
  10    23.3    28.6  17:00    18.0  06:40      63     1016.3       0.0     10.5      24.1  19:55      N-NO
  11    18.9    23.6  16:30    14.0  06:35      62     1017.8       0.0     11.7      24.1  13:20        NO
  12    19.5    25.6  16:00    13.2  05:50      62     1019.0       0.0      7.7      17.7  09:30        NO
  13    20.5    26.9  16:35    14.1  05:50      62     1019.1       0.0      8.8      19.3  16:25      N-NO
  14    21.5    27.4  16:15    14.8  05:55      62     1020.1       0.0      9.4      17.7  21:05         N
  15    21.1    26.7  17:35    15.2  05:50      63     1020.7       0.0      8.3      20.9  13:35      N-NO
  16    22.7    29.5  16:15    15.0  06:10      60     1020.4       0.0      5.3      16.1  19:40        NO
  17    23.6    29.1  14:05    16.7  06:05      58     1019.5       0.0      7.0      19.3  14:10        NO
  18    25.6    30.8  15:55    21.0  06:50      52     1019.1       0.0     11.5      25.7  14:25        NO
  19    25.3    30.7  16:20    19.1  06:45      54     1018.1       0.0     11.9      25.7  13:15        NO
  20    24.5    30.3  16:20    17.8  06:20      59     1017.2       0.0     10.6      22.5  17:05        NO
  21    26.1    32.2  16:55    18.8  06:10      51     1017.0       0.0      6.8      22.5  00:55      O-NO
  22    26.4    33.8  16:30    18.7  05:10      53     1014.5       0.0      4.5      16.1  11:55      O-NO
  23    25.0    31.8  18:00    19.4  05:45      63     1011.6       0.8      5.4      25.7  21:40        NO
  24    23.6    26.6  16:35    20.8  04:00      76     1012.9       0.4      6.6      19.3  12:15        SW
  25    24.3    30.7  13:40    18.9  06:25      76     1014.2       0.8      5.2      30.6  15:00        SW
  26    26.2    33.8  16:35    19.7  06:15      68     1012.5       0.0      4.7      19.3  16:40         O
  27    28.5    36.4  15:40    20.7  06:25      60     1007.4       0.0      6.2      25.7  15:45        SW
  28    24.1    28.4  15:20    19.9  23:20      78     1010.1       3.8      6.9      29.0  16:50         W
  29    20.8    23.7  15:20    18.7  05:20      84     1014.5       0.4      7.2      20.9  18:00        SW
  30    21.9    27.1  16:30    17.6  06:25      68     1018.4       0.4     13.5      32.2  14:25        SW
  31    23.1    27.1  16:55    19.3  23:50      65     1017.9       0.0     12.0      27.4  09:45        SW
--------------------------------------------------------------------------------------------------------------
Avg:    22.9    36.4     27    11.2      1      65     1017.5      14.2      8.1      32.2     30        NO


Distribution WD Values         5970
Distribution WD N-NO       13.065%
Distribution WD NO         26.985%
Distribution WD NO-O        9.028%
Distribution WD O           3.015%
Distribution WD O-SO        1.642%
Distribution WD SO          1.072%
Distribution WD SO-S        2.747%
Distribution WD S           2.797%
Distribution WD S-SW        3.903%
Distribution WD SW         10.017%
Distribution WD SW-W        4.070%
Distribution WD W           6.231%
Distribution WD W-NW        1.558%
Distribution WD NW          1.457%
Distribution WD NW-N        3.132%
Distribution WD N           9.280%

Rain days >0.0 l/m Month     7
Rain days >2.0 l/m Month     2
Rain days >20.0 l/m Month    0


Ice days    max <  0C      0
Cold days   min <= 0C      0
Cool days   max < 10C      0
Summer days max >=25C     27
Hot days    max >=30C      9

Last year same Month: Ice days    max <  0C      0
Last year same Month: Cold days   min <= 0C      0
Last year same Month: Cool days   max < 10C      0
Last year same Month: Summer days max >=25C     13
Last year same Month: Hot days    max >=30C      4

 1999-2020  Werner Krenn - Wetterstation Bedien- und Auswertesoftware - V2.99.8.8