MONTHLY CLIMATOLOGICAL SUMMARY for Juni       2013

CITY: Mannheim-Seckenheim    ELEV: 96 m  LAT: 49 28' 7"   LONG: 8 33' 26" 

    TEMPERATURE (C), BAROMETER (hPa), RAIN  (l/m), WIND SPEED (km/h)

        MEAN            TEMPERATURE                                              WIND                   DOM
 DAY    TEMP    HIGH   TIME     LOW   TIME     HUM       Baro      Rain    SPEED      HIGH   TIME       DIR
--------------------------------------------------------------------------------------------------------------
   1    13.9    15.7  16:30    12.3  09:30      88     1011.1      16.2     15.1      33.8  17:00        NW
   2    14.4    18.9  15:30    10.3  06:10      63     1019.4       0.0     18.0      29.0  17:30         N
   3    13.8    17.6  17:35    10.6  05:55      59     1023.3       0.0     10.5      22.5  13:35      N-NO
   4    16.4    21.9  16:40    11.4  06:55      61     1019.3       0.0     10.4      20.9  17:55        NO
   5    18.1    25.3  17:15    10.1  05:30      67     1016.1       0.0      4.6      16.1  17:15        NO
   6    19.7    26.3  17:20    12.5  04:10      57     1017.3       0.0      5.6      19.3  14:00        NO
   7    20.7    26.8  15:15    13.4  05:50      63     1017.3       0.0      5.4      17.7  13:10        NO
   8    20.9    27.6  15:00    15.1  05:10      70     1013.0       0.0      6.0      20.9  20:05        NO
   9    18.3    22.0  17:25    15.2  05:15      82     1007.8      19.2      5.7      16.1  20:05         N
  10    15.3    17.8  17:35    13.6  04:15      91     1009.3       3.0      6.7      14.5  13:40      W-NW
  11    17.2    23.3  16:40    12.6  02:15      77     1015.7       0.8      4.0      19.3  16:35         W
  12    19.0    24.2  16:00    13.8  05:00      75     1017.9       0.0      5.3      16.1  12:05      S-SW
  13    21.6    28.8  16:10    14.7  23:55      73     1015.2      15.8      9.4      48.3  20:45        SW
  14    16.0    20.4  15:15    11.0  04:45      75     1019.1       3.4      6.4      20.9  00:10      W-SW
  15    18.2    24.4  15:35    11.9  03:55      72     1014.0       0.0      8.4      25.7  15:45        SW
  16    20.2    26.1  16:30    13.3  06:00      61     1014.9       0.0      5.5      16.1  12:50        SW
  17    24.6    34.2  17:05    16.5  05:25      66     1010.9       0.0      4.6      14.5  12:20        NO
  18    28.1    34.9  16:25    21.6  05:40      65     1012.0       0.0      6.2      20.9  17:35        NO
  19    29.5    36.2  16:05    22.0  05:00      57     1008.7       0.0      5.6      14.5  00:05        SW
  20    24.1    27.6  17:05    16.7  22:25      76     1009.8      17.0      9.4      61.2  22:00         W
  21    19.5    24.6  15:15    15.7  05:35      76     1013.8       0.6     11.9      29.0  14:55        SW
  22    19.8    24.3  15:45    14.1  05:45      71     1015.3       0.0      9.7      24.1  11:35        SW
  23    18.4    21.2  17:05    15.3  08:45      66     1014.0       1.2     16.9      32.2  16:20        SW
  24    15.4    18.3  11:25    13.9  21:40      80     1018.8      12.2      7.8      19.3  00:10        SW
  25    14.4    18.8  15:10    12.2  08:50      81     1023.7       6.6      8.0      27.4  17:00         W
  26    13.9    17.7  16:10     8.8  05:20      69     1026.8       0.0      7.3      24.1  09:45         N
  27    13.7    16.7  18:15    11.9  05:35      85     1022.7       3.2      5.8      19.3  15:00        SW
  28    15.3    19.5  14:25    10.7  02:40      75     1019.9       0.0      5.8      17.7  20:40         W
  29    16.5    21.5  18:00    13.3  06:50      80     1017.6      10.6     12.2      30.6  17:10         S
  30    15.5    21.5  17:55     9.4  05:40      72     1022.2       0.0      4.1      14.5  14:20         W
--------------------------------------------------------------------------------------------------------------
Avg:    18.4    36.2     19     8.8     26      72     1016.2     109.8      8.1      61.2     20        SW


Distribution WD Values         5400
Distribution WD N-NO        9.537%
Distribution WD NO         12.130%
Distribution WD NO-O        4.815%
Distribution WD O           2.667%
Distribution WD O-SO        1.537%
Distribution WD SO          1.519%
Distribution WD SO-S        2.963%
Distribution WD S           4.926%
Distribution WD S-SW        6.296%
Distribution WD SW         13.648%
Distribution WD SW-W        5.870%
Distribution WD W          10.296%
Distribution WD W-NW        4.167%
Distribution WD NW          5.093%
Distribution WD NW-N        4.963%
Distribution WD N           9.574%

Rain days >0.0 l/m Month     13
Rain days >2.0 l/m Month     10
Rain days >20.0 l/m Month    0


Ice days    max <  0C      0
Cold days   min <= 0C      0
Cool days   max < 10C      0
Summer days max >=25C     10
Hot days    max >=30C      3

Last year same Month: Ice days    max <  0C      0
Last year same Month: Cold days   min <= 0C      0
Last year same Month: Cool days   max < 10C      0
Last year same Month: Summer days max >=25C     10
Last year same Month: Hot days    max >=30C      3

 1999-2020  Werner Krenn - Wetterstation Bedien- und Auswertesoftware - V2.99.8.8